000
CXUS53 KICT 020353
CLMICT

CLIMATE REPORT
NATIONAL WEATHER SERVICE WICHITA KS
944 PM CST THU JAN 1 2015

...................................

...THE WICHITA MID CONTINENT KS CLIMATE SUMMARY FOR THE MONTH OF DECEMBER 2014...

CLIMATE NORMAL PERIOD 1981 TO 2010
CLIMATE RECORD PERIOD 1888 TO 2014

WEATHER         OBSERVED          NORMAL  DEPART  LAST YEAR`S
                 VALUE   DATE(S)  VALUE   FROM    VALUE  DATE(S)
                                          NORMAL
................................................................
TEMPERATURE (F)
RECORD
 HIGH              83   12/24/1955
 LOW              -16   12/22/1989
HIGHEST            60   12/08                         67  12/18
LOWEST              7   12/31                          4  12/23
                                                          12/22
AVG. MAXIMUM     45.2              43.5     1.7     42.3
AVG. MINIMUM     31.1              24.1     7.0     18.1
MEAN             38.2              33.8     4.4     30.2
DAYS MAX >= 90      0               0.0     0.0        0
DAYS MAX <= 32      2               5.0    -3.0        9
DAYS MIN <= 32     17              25.0    -8.0       30
DAYS MIN <= 0       0               0.6    -0.6        0

PRECIPITATION (INCHES)
RECORD
 MAXIMUM         4.71   1984
 MINIMUM         0.02   1950
TOTALS           1.29              1.20    0.09     0.60
DAILY AVG.       0.04              0.04    0.00     0.02
DAYS >= .01        10               5.7     4.3        3
DAYS >= .10         4               2.6     1.4        1
DAYS >= .50         0               0.8    -0.8        1
DAYS >= 1.00        0               0.2    -0.2        0
GREATEST
 24 HR. TOTAL    0.57   12/04 TO 12/05

SNOWFALL (INCHES)
RECORDS
 TOTAL           16.3   1918
                        0
                        0
TOTALS            4.2               4.2     0.0      3.4
SINCE 7/1         6.0               5.6     0.4      3.4
SNOWDEPTH AVG.      0                MM      MM        0
DAYS >= 1.0         2               1.3     0.7        1
GREATEST
 SNOW DEPTH         3   12/18                          3  12/24
                                                          12/23
                                                          12/22
 24 HR TOTAL      2.0   12/17 TO 12/17               3.1

DEGREE_DAYS
HEATING TOTAL     825               967    -142     1070
 SINCE 7/1       1705              1843    -138     1955
COOLING TOTAL       0                 0       0        0
 SINCE 1/1       1849              1686     163     1778
.................................................................

WIND (MPH)
AVERAGE WIND SPEED              10.7
HIGHEST WIND SPEED/DIRECTION    38/190    DATE  12/25
HIGHEST GUST SPEED/DIRECTION    47/200    DATE  12/25

SKY COVER
POSSIBLE SUNSHINE (PERCENT)    0
AVERAGE SKY COVER           0.70
NUMBER OF DAYS FAIR            5
NUMBER OF DAYS PC             10
NUMBER OF DAYS CLOUDY         16

AVERAGE RH (PERCENT)     71

WEATHER CONDITIONS. NUMBER OF DAYS WITH
THUNDERSTORM              0     MIXED PRECIP               0
HEAVY RAIN                1     RAIN                       2
LIGHT RAIN               11     FREEZING RAIN              0
LT FREEZING RAIN          1     HAIL                       0
HEAVY SNOW                1     SNOW                       3
LIGHT SNOW                6     SLEET                      1
FOG                      14     FOG W/VIS <= 1/4 MILE      8
HAZE                      8

-  INDICATES NEGATIVE NUMBERS.
R  INDICATES RECORD WAS SET OR TIED.
MM INDICATES DATA IS MISSING.
T  INDICATES TRACE AMOUNT.

&&

...DECEMBER CLIMATE SUMMARY...

AFTER A RELATIVELY COLD AND VERY DRY NOVEMBER...DECEMBER PROVED
TO BE QUITE A BIT WARMER THAN AVERAGE ACROSS THE KANSAS
REGION...WITH OVERALL NEAR TO ABOVE NORMAL PRECIPITATION. BELOW
ARE A SAMPLING OF DECEMBER CLIMATE HIGHLIGHTS FOR WICHITA...SALINA
AND CHANUTE.

WICHITA:
THE AVERAGE MONTHLY TEMPERATURE (AVERAGE OF EACH DAILY HIGH AND
LOW) WAS 38.2 DEGREES...4.4 DEGREES WARMER THAN NORMAL...AND TIED
FOR THE 21ST WARMEST DECEMBER SINCE 1888. RECORD WARM LOW
TEMPERATURES OF 46...49 AND 51 DEGREES WERE SET ON THE 12TH...13TH
AND 14TH...RESPECTIVELY. PRECIPITATION ACCUMULATED 1.29
INCHES...WHICH WAS 0.09 INCHES WETTER THAN NORMAL. SNOW
ACCUMULATED 4.2 INCHES...WHICH WAS RIGHT AT NORMAL. THE GREATEST
STORM TOTAL ACCUMULATION WAS 2.7 INCHES FROM THE 17TH TO THE 18TH.

SALINA:
THE AVERAGE MONTHLY TEMPERATURE WAS 35.9 DEGREES...3.6 DEGREES
WARMER THAN NORMAL...AND TIED FOR THE 14TH WARMEST DECEMBER SINCE
1948. RECORD WARM LOW TEMPERATURES OF 49...48 AND 35 DEGREES WERE
SET ON THE 13TH...14TH AND 21ST...RESPECTIVELY. PRECIPITATION
ACCUMULATED 1.90 INCHES...WHICH WAS 0.96 INCHES WETTER THAN
NORMAL...AND THE 10TH WETTEST SINCE 1948. UNFORTUNATELY...OFFICIAL
SNOW MEASUREMENTS ARE UNAVAILABLE FOR SALINA.

CHANUTE:
THE AVERAGE MONTHLY TEMPERATURE WAS 37.7 DEGREES...3.0 DEGREES
WARMER THAN NORMAL...AND TIED FOR THE 33RD WARMEST DECEMBER SINCE
1898. RECORD WARM LOW TEMPERATURES OF 49 AND 53 DEGREES WERE SET
ON THE 13TH AND 14TH...RESPECTIVELY. PRECIPITATION ACCUMULATED
2.37 INCHES...WHICH WAS 0.62 INCHES WETTER THAN NORMAL...AND THE
26TH WETTEST SINCE 1898. UNFORTUNATELY...OFFICIAL SNOW
MEASUREMENTS ARE UNAVAILABLE FOR CHANUTE.

$$
