918
CXUS53 KICT 031230 AAA
CLMICT

CLIMATE REPORT...UPDATE TO INCLUDE NARRATIVE
NATIONAL WEATHER SERVICE WICHITA KS
630 AM CST TUE NOV 3 2015

...................................

...THE WICHITA EISENHOWER NATIONAL CLIMATE SUMMARY FOR THE MONTH OF OCTOBER 2015...

CLIMATE NORMAL PERIOD 1981 TO 2010
CLIMATE RECORD PERIOD 1888 TO 2015

WEATHER         OBSERVED          NORMAL  DEPART  LAST YEAR`S
                 VALUE   DATE(S)  VALUE   FROM    VALUE  DATE(S)
                                          NORMAL
................................................................
TEMPERATURE (F)
RECORD
 HIGH              97   10/01/2006
 LOW               14   10/30/1917
HIGHEST            90   10/11                         91  10/25
                                                          10/07
                                                          10/01
LOWEST             38   10/29                         30  10/31
                        10/25
AVG. MAXIMUM     74.6              69.7     4.9     75.8
AVG. MINIMUM     51.0              46.9     4.1     49.5
MEAN             62.8              58.3     4.5     62.7
DAYS MAX >= 90      1               0.4     0.6        4
DAYS MAX <= 32      0               0.0     0.0        0
DAYS MIN <= 32      0               1.2    -1.2        1
DAYS MIN <= 0       0               0.0     0.0        0

PRECIPITATION (INCHES)
RECORD
 MAXIMUM         9.42   1998
 MINIMUM         0.00   1958
                        1952
TOTALS           1.08              2.78   -1.70     1.41
DAILY AVG.       0.03              0.09   -0.06     0.05
DAYS >= .01         4               7.0    -3.0        6
DAYS >= .10         3               4.1    -1.1        4
DAYS >= .50         0               1.8    -1.8        1
DAYS >= 1.00        0               0.8    -0.8        0
GREATEST
 24 HR. TOTAL    0.62   10/08 TO 10/09

SNOWFALL (INCHES)
RECORDS
 TOTAL            2.5   5
                        0

TOTALS            0.0               0.1    -0.1      0.0

SINCE 7/1         0.0               0.1    -0.1      0.0
SNOWDEPTH AVG.      0                MM      MM        0
DAYS >= 1.0         0               0.0     0.0        0
GREATEST
 SNOW DEPTH         0   MM                             0  MM
 24 HR TOTAL      0.0   10/29 TO 10/29               0.0

DEGREE_DAYS
HEATING TOTAL     125               243    -118      142
 SINCE 7/1        125               286    -161      163
COOLING TOTAL      64                35      29       78
 SINCE 1/1       1905              1684     221     1849
.................................................................

WIND (MPH)
AVERAGE WIND SPEED              9.6
HIGHEST WIND SPEED/DIRECTION    33/190    DATE  10/19
HIGHEST GUST SPEED/DIRECTION    44/180    DATE  10/19

SKY COVER
POSSIBLE SUNSHINE (PERCENT)   MM
AVERAGE SKY COVER           0.50
NUMBER OF DAYS FAIR            7
NUMBER OF DAYS PC             20
NUMBER OF DAYS CLOUDY          4

AVERAGE RH (PERCENT)     54

WEATHER CONDITIONS. NUMBER OF DAYS WITH
THUNDERSTORM              0     MIXED PRECIP               0
HEAVY RAIN                1     RAIN                       3
LIGHT RAIN               10     FREEZING RAIN              0
LT FREEZING RAIN          0     HAIL                       0
HEAVY SNOW                0     SNOW                       0
LIGHT SNOW                0     SLEET                      0
FOG                       6     FOG W/VIS <= 1/4 MILE      0
HAZE                      5

-  INDICATES NEGATIVE NUMBERS.
R  INDICATES RECORD WAS SET OR TIED.
MM INDICATES DATA IS MISSING.
T  INDICATES TRACE AMOUNT.

&&

*CENTRAL KANSAS EXPERIENCES FIRST FREEZE OF THE SEASON*
*EXCEPTIONALLY WARM WEATHER DOMINATED REST OF OCTOBER*

AFTER EXCEPTIONALLY WARM WEATHER DOMINATED KANSAS FOR MOST OF
OCTOBER THE AUTUMN CHILL FINALLY ARRIVED ON THE 25TH WHEN A CANADIAN
AIRMASS SPREAD SOUTH AND SOUTHEAST ACROSS THE GREAT PLAINS. THIS SET
THE STAGE FOR THE FIRST FREEZE OF THE SEASON THAT OCCURRED ON THE
MORNING OF THE 29TH WHEN TEMPERATURES ACROSS CENTRAL KANSAS SETTLED
INTO THE 25 TO 30 DEGREE RANGE. THIS ENDED THE GROWING SEASON ACROSS
CENTRAL KANSAS. DURING THESE PERIODS FROST CREPT ACROSS SOUTH-
CENTRAL KANSAS NORTH OF HIGHWAY 400.

UNTIL THE CANADIAN AIRMASS ARRIVED...THIS OCTOBER SEEMED MORE LIKE
SPRING IN MOST CASES. THERE WAS A PARTICULARLY WARM STRETCH FROM THE
19TH TO THE 23RD WHEN DAILY AVERAGE TEMPERATURES WERE AN AMAZING 15
DEGREES ABOVE NORMAL IN MANY AREAS...BUT PRIOR TO THE HOT STREAK
THERE WERE A FEW INSTANCES WHEN & WHERE THE ATMOSPHERE REALLY TURNED
UP THE HEAT. THE HOTTEST DAY WAS THE 11TH...WHEN MOST OF CENTRAL AND
SOUTH-CENTRAL KANSAS BAKED IN 90-DEGREE HEAT.

ON THE 11TH...RUSSELL WAS TORCHED BY A HIGH OF 93. SURPRISINGLY THIS
WASN`T A RECORD FOR THE DATE BUT IT WAS CLOSE. RUSSELL`S RECORD HIGH
FOR OCTOBER IS 95 SET IN 1989. SALINA SOARED TO 92 WHILE WICHITA HIT
90.

RAINFALL WAS SCARCE...ALTHOUGH THERE WERE 2 PERIODS WHEN SIGNIFICANT
RAINFALLS OCCURRED.

THE FIRST OCCURRED ON THE 8TH AND 9TH...WHEN PARTS OF CENTRAL...
SOUTH-CENTRAL AND SOUTHEAST KANSAS RECEIVED 1 TO 2 INCHES. ON THE
30TH...WIDESPREAD MODERATE RAINS SOAKED MOST AREAS WITH 0.50 TO 1
INCH AMOUNTS. FORTUNATELY THERE WERE NO DROUGHT RAMIFICATIONS.

ALL-IN-ALL OCTOBER WAS QUIET. LET`S SEE WHAT NOVEMBER HAS IN STORE
FOR US.

$$

ES
