000
CXUS53 KICT 011839
CLMICT


CLIMATE REPORT
NATIONAL WEATHER SERVICE WICHITA KS
1236 PM CST SUN MAR 1 2015

...................................

...THE WICHITA EISENHOWER NATIONAL CLIMATE SUMMARY FOR THE MONTH OF FEBRUARY 2015...

CLIMATE NORMAL PERIOD 1981 TO 2010
CLIMATE RECORD PERIOD 1888 TO 2015

WEATHER         OBSERVED          NORMAL  DEPART  LAST YEAR`S
                 VALUE   DATE(S)  VALUE   FROM    VALUE  DATE(S)
                                          NORMAL
................................................................
TEMPERATURE (F)
RECORD
 HIGH              87   02/22/1996
 LOW              -22   02/12/1899
HIGHEST            74   02/08                         71  02/18
LOWEST              7   02/02                          3  02/05
AVG. MAXIMUM     44.5              48.2    -3.7     41.9
AVG. MINIMUM     20.0              26.1    -6.1     20.2
MEAN             32.2              37.2    -5.0     31.0
DAYS MAX >= 90      0               0.0     0.0        0
DAYS MAX <= 32      6               3.6     2.4        9
DAYS MIN <= 32     26              19.9     6.1       23
DAYS MIN <= 0       0               0.5    -0.5        0

PRECIPITATION (INCHES)
RECORD
 MAXIMUM         4.61   1915
 MINIMUM         0.00   2006
                        1930
                        1923
TOTALS           0.54              1.18   -0.64     0.86
DAILY AVG.       0.02              0.04   -0.02     0.03
DAYS >= .01        10               5.4     4.6        6
DAYS >= .10         1               3.0    -2.0        2
DAYS >= .50         0               0.7    -0.7        1
DAYS >= 1.00        0               0.1    -0.1        0
GREATEST
 24 HR. TOTAL    0.69   01/31 TO 02/01

SNOWFALL (INCHES)
RECORDS
 TOTAL           21.2   2013
TOTALS            6.9               3.2     3.7     13.1
SINCE 7/1        16.9              12.4     4.5     19.5
SNOWDEPTH AVG.      0                MM      MM        2
DAYS >= 1.0         2               1.0     1.0        2
GREATEST
 SNOW DEPTH         2   02/22                          9  02/04
 24 HR TOTAL      3.7   MM                           8.7

DEGREE_DAYS
HEATING TOTAL     911               780     131      945
 SINCE 7/1       3565              3640     -75     3919
COOLING TOTAL       0                 0       0        0
 SINCE 1/1          0                 0       0        0
.................................................................

WIND (MPH)
AVERAGE WIND SPEED              11.5
HIGHEST WIND SPEED/DIRECTION    38/330    DATE  02/01
HIGHEST GUST SPEED/DIRECTION    50/010    DATE  02/25

SKY COVER
POSSIBLE SUNSHINE (PERCENT)   MM
AVERAGE SKY COVER           0.50
NUMBER OF DAYS FAIR           10
NUMBER OF DAYS PC             11
NUMBER OF DAYS CLOUDY          7

AVERAGE RH (PERCENT)     61

WEATHER CONDITIONS. NUMBER OF DAYS WITH
THUNDERSTORM              0     MIXED PRECIP               0
HEAVY RAIN                0     RAIN                       1
LIGHT RAIN                3     FREEZING RAIN              0
LT FREEZING RAIN          0     HAIL                       0
HEAVY SNOW                1     SNOW                       2
LIGHT SNOW               11     SLEET                      0
FOG                      12     FOG W/VIS <= 1/4 MILE      1
HAZE                      8

-  INDICATES NEGATIVE NUMBERS.
R  INDICATES RECORD WAS SET OR TIED.
MM INDICATES DATA IS MISSING.
T  INDICATES TRACE AMOUNT.

$$
