000
CXUS53 KICT 011020
CLMICT

CLIMATE REPORT
NATIONAL WEATHER SERVICE WICHITA KS
520 AM CDT MON AUG 1 2016

...................................

...THE WICHITA EISENHOWER NATIONAL CLIMATE SUMMARY FOR THE MONTH OF JULY 2016...

CLIMATE NORMAL PERIOD 1981 TO 2010
CLIMATE RECORD PERIOD 1888 TO 2016

WEATHER         OBSERVED          NORMAL  DEPART  LAST YEAR`S
                 VALUE   DATE(S)  VALUE   FROM    VALUE  DATE(S)
                                          NORMAL
................................................................
TEMPERATURE (F)
RECORD
 HIGH             113   07/14/1954
 LOW               51   07/13/1975
                        07/05/1972
HIGHEST           105   07/23                        100  07/28
                        07/22                             07/24
                                                          07/18
LOWEST             67   07/15                         63  07/08
                        07/02                             07/07
AVG. MAXIMUM     94.5              92.3     2.2     91.6
AVG. MINIMUM     72.8              69.8     3.0     72.7
MEAN             83.6              81.1     2.5     82.2
DAYS MAX >= 90     26              20.0     6.0       21
DAYS MAX <= 32      0               0.0     0.0        0
DAYS MIN <= 32      0               0.0     0.0        0
DAYS MIN <= 0       0               0.0     0.0        0

PRECIPITATION (INCHES)
RECORD
 MAXIMUM        13.37   1950
 MINIMUM         0.05   1975
TOTALS           9.67              3.32    6.35     7.40
DAILY AVG.       0.31              0.11    0.20     0.24
DAYS >= .01        11               7.3     3.7        9
DAYS >= .10         7               5.0     2.0        8
DAYS >= .50         4               2.2     1.8        5
DAYS >= 1.00        3               1.0     2.0        2
GREATEST
 24 HR. TOTAL    7.10   07/02 TO 07/03

SNOWFALL (INCHES)
RECORDS
 TOTAL            0.0   0
                        0
                        0
TOTALS            0.0               0.0     0.0      0.0
SINCE 7/1         0.0               0.0     0.0      0.0
SNOWDEPTH AVG.      0                MM      MM        0
DAYS >= 1.0         0               0.0     0.0        0
GREATEST
 SNOW DEPTH         0   MM                             0  MM
 24 HR TOTAL      0.0   07/31 TO 07/31               0.0

DEGREE_DAYS
HEATING TOTAL       0                 0       0        0
 SINCE 7/1          0                 0       0        0
COOLING TOTAL     588               497      91      543
 SINCE 1/1       1204               962     242     1115
.................................................................

WIND (MPH)
AVERAGE WIND SPEED              10.7
HIGHEST WIND SPEED/DIRECTION    62/330    DATE  07/14
HIGHEST GUST SPEED/DIRECTION    80/330    DATE  07/14

SKY COVER
POSSIBLE SUNSHINE (PERCENT)    0
AVERAGE SKY COVER           0.40
NUMBER OF DAYS FAIR            9
NUMBER OF DAYS PC             19
NUMBER OF DAYS CLOUDY          3

AVERAGE RH (PERCENT)     64

WEATHER CONDITIONS. NUMBER OF DAYS WITH
THUNDERSTORM              0     MIXED PRECIP               0
HEAVY RAIN                5     RAIN                       5
LIGHT RAIN               12     FREEZING RAIN              0
LT FREEZING RAIN          0     HAIL                       0
HEAVY SNOW                0     SNOW                       0
LIGHT SNOW                0     SLEET                      0
FOG                      11     FOG W/VIS <= 1/4 MILE      1
HAZE                      2

-  INDICATES NEGATIVE NUMBERS.
R  INDICATES RECORD WAS SET OR TIED.
MM INDICATES DATA IS MISSING.
T  INDICATES TRACE AMOUNT.

$$
