000
CXUS53 KICT 011226
CLMICT


CLIMATE REPORT
NATIONAL WEATHER SERVICE WICHITA KS
723 AM CDT WED NOV 1 2017

...................................

...THE WICHITA EISENHOWER NATIONAL CLIMATE SUMMARY FOR THE MONTH OF OCTOBER 2017...

CLIMATE NORMAL PERIOD 1981 TO 2010
CLIMATE RECORD PERIOD 1888 TO 2017

WEATHER         OBSERVED          NORMAL  DEPART  LAST YEAR`S
                 VALUE   DATE(S)  VALUE   FROM    VALUE  DATE(S)
                                          NORMAL
................................................................
TEMPERATURE (F)
RECORD
 HIGH              97   10/01/2006
 LOW               14   10/30/1917
HIGHEST            88   10/14                         91  10/17
LOWEST             25   10/28                         36  10/21
AVG. MAXIMUM     72.1              69.7     2.4     77.4
AVG. MINIMUM     47.9              46.9     1.0     53.0
MEAN             60.0              58.3     1.7     65.2
DAYS MAX >= 90      0               0.4    -0.4        2
DAYS MAX <= 32      0               0.0     0.0        0
DAYS MIN <= 32      4               1.2     2.8        0
DAYS MIN <= 0       0               0.0     0.0        0

PRECIPITATION (INCHES)
RECORD
 MAXIMUM         9.42   1998
 MINIMUM         0.00   1958
                        1952
TOTALS           3.60              2.78    0.82     2.04
DAILY AVG.       0.12              0.09    0.03     0.07
DAYS >= .01         6               7.0    -1.0        5
DAYS >= .10         6               4.1     1.9        4
DAYS >= .50         2               1.8     0.2        1
DAYS >= 1.00        1               0.8     0.2        0
GREATEST
 24 HR. TOTAL    1.97   10/04 TO 10/04

SNOWFALL (INCHES)
RECORDS
 TOTAL            2.5   5
                        0
                        0
TOTALS            0.0               0.1    -0.1      0.0
SINCE 7/1         0.0               0.1    -0.1      0.0
SNOWDEPTH AVG.      0                MM      MM        0
DAYS >= 1.0         0               0.0     0.0        0
GREATEST
 SNOW DEPTH         0   MM                             0  MM
 24 HR TOTAL      0.0   10/31 TO 10/31               0.0

DEGREE_DAYS
HEATING TOTAL     218               243     -25       76
 SINCE 7/1        224               286     -62       90
COOLING TOTAL      68                35      33       91
 SINCE 1/1       1783              1684      99     2043
.................................................................

WIND (MPH)
AVERAGE WIND SPEED              13.1
HIGHEST WIND SPEED/DIRECTION    43/340    DATE  10/14
HIGHEST GUST SPEED/DIRECTION    50/340    DATE  10/14

SKY COVER
POSSIBLE SUNSHINE (PERCENT)   MM
AVERAGE SKY COVER           0.40
NUMBER OF DAYS FAIR           19
NUMBER OF DAYS PC              7
NUMBER OF DAYS CLOUDY          5

AVERAGE RH (PERCENT)     65

WEATHER CONDITIONS. NUMBER OF DAYS WITH
THUNDERSTORM              0     MIXED PRECIP               0
HEAVY RAIN                3     RAIN                       4
LIGHT RAIN                8     FREEZING RAIN              0
LT FREEZING RAIN          0     HAIL                       0
HEAVY SNOW                0     SNOW                       0
LIGHT SNOW                0     SLEET                      0
FOG                       8     FOG W/VIS <= 1/4 MILE      0
HAZE                      2

-  INDICATES NEGATIVE NUMBERS.
R  INDICATES RECORD WAS SET OR TIED.
MM INDICATES DATA IS MISSING.
T  INDICATES TRACE AMOUNT.

$$
