000
CXUS54 KFWD 010731
CF6ILE
PRELIMINARY LOCAL CLIMATOLOGICAL DATA (WS FORM: F-6)
STATION: KILLEEN SKYLARK
MONTH: MAY
YEAR: 2021
LATITUDE: 31 4 N
LONGITUDE: 97 41 W
TEMPERATURE IN F: :PCPN: SNOW: WIND :SUNSHINE: SKY :PK WND
================================================================================
1 2 3 4 5 6A 6B 7 8 9 10 11 12 13 14 15 16 17 18
12Z AVG MX 2MIN
DY MAX MIN AVG DEP HDD CDD WTR SNW DPTH SPD SPD DIR MIN PSBL S-S WX SPD DR
================================================================================
1 74 63 69 0 0 4 0.01 M M 7.1 15 160 M M 8 13 18 130
2 88 59 74 5 0 9 0.00 M M 9.8 16 190 M M 2 1 22 190
3 91 67 79 9 0 14 0.04 M M 12.1 20 150 M M 2 13 41 320
4 77 60 69 -1 0 4 0.01 M M 11.7 20 360 M M 0 26 340
5 78 51 65 -5 0 0 0.00 M M 6.9 16 20 M M 0 16 90
6 85 54 70 0 0 5 0.00 M M 5.2 10 70 M M 0 M M
7 83 56 70 -1 0 5 0.00 M M 8.4 20 160 M M 0 23 160
8 M M M M M M M M M M M M M M M M M
9 M M M M M M M M M M M M M M M M M
10 74 59 67 -4 0 2 0.00 M M 11.3 16 10 M M 10 1 22 30
11 64 58 61 -11 4 0 0.11 M M 7.6 21 20 M M 10 13 29 300
12 66 56 61 -11 4 0 0.03 M M 11.2 16 360 M M 10 21 350
13 74 58 66 -6 0 1 0.00 M M 6.1 9 50 M M 9 1 17 70
14 81 54 68 -4 0 3 0.00 M M 6.7 13 120 M M 3 20 120
15 82 65 74 1 0 9 0.00 M M 10.8 18 150 M M 5 23 150
16 79 68 74 1 0 9 0.17 M M 11.8 20 140 M M 7 13 26 140
17 83 64 74 1 0 9 0.02 M M 9.3 23 80 M M 6 138 32 160
18 71 64 68 -6 0 3 0.02 M M 8.6 22 330 M M 8 138 31 320
19 71 62 67 -7 0 2 0.00 M M 5.7 9 160 M M 5 M M
20 83 60 72 -2 0 7 0.00 M M 3.9 9 110 M M 3 M M
21 85 69 77 3 0 12 0.00 M M 9.4 14 110 M M 6 20 110
22 79 71 75 0 0 10 0.04 M M 11.9 16 140 M M 8 1 23 140
23 72 68 70 -5 0 5 0.07 M M 9.4 15 140 M M 10 1 23 140
24 79 68 74 -1 0 9 0.03 M M 9.1 14 140 M M 7 1 21 140
25 85 69 77 1 0 12 0.01 M M 11.0 17 130 M M 7 22 130
26 88 66 77 1 0 12 0.00 M M 9.5 22 280 M M 5 1 36 280
27 89 73 81 5 0 16 0.01 M M 10.8 15 170 M M 4 22 180
28 85 65 75 -1 0 10 T M M 9.9 23 80 M M 5 13 40 110
29 85 63 74 -3 0 9 0.00 M M 5.0 9 90 M M 2 M M
30 82 70 76 -1 0 11 0.00 M M 8.9 15 70 M M 7 20 110
31 85 66 76 -1 0 11 M M M 10.6 17 330 M M 8 13 30 320
================================================================================
SM 2318 1826 8 203 0.57 M 259.6 M 157
================================================================================
AV 79.9 63.0 9.0 FASTST M M 5 MAX(MPH)
MISC ----> # 23 80 41 320
================================================================================
NOTES:
# LAST OF SEVERAL OCCURRENCES
COLUMN 17 PEAK WIND IN M.P.H.
PRELIMINARY LOCAL CLIMATOLOGICAL DATA (WS FORM: F-6) , PAGE 2
STATION: KILLEEN SKYLARK
MONTH: MAY
YEAR: 2021
LATITUDE: 31 4 N
LONGITUDE: 97 41 W
[TEMPERATURE DATA] [PRECIPITATION DATA] SYMBOLS USED IN COLUMN 16
AVERAGE MONTHLY: 71.4 TOTAL FOR MONTH: 0.57 1 = FOG OR MIST
DPTR FM NORMAL: -1.7 DPTR FM NORMAL: -3.45 2 = FOG REDUCING VISIBILITY
HIGHEST: 91 ON 3 GRTST 24HR 0.17 ON 16-16 TO 1/4 MILE OR LESS
LOWEST: 51 ON 5 3 = THUNDER
SNOW, ICE PELLETS, HAIL 4 = ICE PELLETS
TOTAL MONTH: M 5 = HAIL
GRTST 24HR M ON M 6 = FREEZING RAIN OR DRIZZLE
GRTST DEPTH: M ON M 7 = DUSTSTORM OR SANDSTORM:
VSBY 1/2 MILE OR LESS
8 = SMOKE OR HAZE
[NO. OF DAYS WITH] [WEATHER - DAYS WITH] 9 = BLOWING SNOW
X = TORNADO
MAX 32 OR BELOW: 0 0.01 INCH OR MORE: 13
MAX 90 OR ABOVE: 1 0.10 INCH OR MORE: 2
MIN 32 OR BELOW: 0 0.50 INCH OR MORE: 0
MIN 0 OR BELOW: 0 1.00 INCH OR MORE: 0
[HDD (BASE 65) ]
TOTAL THIS MO. 8 CLEAR (SCALE 0-3) 8
DPTR FM NORMAL -2 PTCLDY (SCALE 4-7) 12
TOTAL FM JUL 1 1446 CLOUDY (SCALE 8-10) 11
DPTR FM NORMAL -718
[CDD (BASE 65) ]
TOTAL THIS MO. 203
DPTR FM NORMAL -58 [PRESSURE DATA]
TOTAL FM JAN 1 348 HIGHEST SLP M ON M
DPTR FM NORMAL -42 LOWEST SLP M ON M
[REMARKS]
#FINAL-05-21#