000
CXUS52 KILM 011100
CF6ILM
PRELIMINARY LOCAL CLIMATOLOGICAL DATA (WS FORM: F-6)
STATION: WILMINGTON NORTH CAROLINA
MONTH: FEBRUARY
YEAR: 2023
LATITUDE: 34 16 N
LONGITUDE: 77 55 W
TEMPERATURE IN F: :PCPN: SNOW: WIND :SUNSHINE: SKY :PK WND
================================================================================
1 2 3 4 5 6A 6B 7 8 9 10 11 12 13 14 15 16 17 18
12Z AVG MX 2MIN
DY MAX MIN AVG DEP HDD CDD WTR SNW DPTH SPD SPD DIR MIN PSBL S-S WX SPD DR
================================================================================
1 66 45 56 9 9 0 T 0.0 0 9.3 21 340 M M 10 12 25 330
2 45 40 43 -4 22 0 0.28 0.0 0 6.3 15 10 M M 10 1 18 10
3 52 35 44 -4 21 0 0.19 0.0 0 8.6 21 340 M M 5 1 26 300
4 42 26 34 -14 31 0 0.00 0.0 0 6.7 16 40 M M 0 20 110
5 61 32 47 -1 18 0 0.23 0.0 0 4.8 12 290 M M 9 12 16 60
6 64 39 52 4 13 0 0.00 0.0 0 9.2 23 320 M M 3 12 31 320
7 67 35 51 3 14 0 0.00 0.0 0 3.5 12 220 M M 0 1 16 230
8 75 41 58 10 7 0 0.00 0.0 0 4.1 16 270 M M 0 1 19 270
9 76 45 61 13 4 0 0.00 0.0 0 6.3 21 190 M M 5 12 27 200
10 80 58 69 21 0 4 0.07 0.0 0 8.4 16 360 M M 4 8 22 220
11 58 43 51 2 14 0 1.00 0.0 0 10.8 21 40 M M 10 1 26 20
12 63 43 53 4 12 0 1.19 0.0 0 12.0 31 280 M M 10 1 42 280
13 66 44 55 6 10 0 0.00 0.0 0 11.6 24 280 M M 3 1 30 280
14 68 38 53 4 12 0 0.00 0.0 0 4.5 16 110 M M 0 1 21 110
15 77 45 61 12 4 0 0.00 0.0 0 7.8 22 220 M M 1 1 29 220
16 79 52 66 16 0 1 0.01 0.0 0 9.0 23 200 M M 6 1 28 210
17 77 50 64 14 1 0 0.05 0.0 0 16.0 33 220 M M 6 1 47 220
18 56 35 46 -4 19 0 0.00 0.0 0 7.7 22 330 M M 0 29 330
19 61 33 47 -3 18 0 0.00 0.0 0 2.9 12 120 M M 5 14 120
20 75 49 62 12 3 0 0.00 0.0 0 10.1 20 250 M M 0 1 25 240
21 79 60 70 20 0 5 0.00 0.0 0 11.7 21 270 M M 0 26 270
22 83 54 69 18 0 4 0.00 0.0 0 9.1 23 200 M M 1 18 30 230
23 86 67 77 26 0 12 0.00 0.0 0 13.3 28 240 M M 1 34 240
24 85 57 71 20 0 6 T 0.0 0 10.6 21 310 M M 2 25 320
25 62 50 56 5 9 0 0.08 0.0 0 7.8 17 90 M M 10 1 24 110
26 63 47 55 4 10 0 0.00 0.0 0 5.2 13 30 M M 4 15 40
27 70 54 62 10 3 0 0.00 0.0 0 8.6 30 220 M M 6 1 42 230
28 85 55 70 18 0 5 0.00 0.0 0 10.4 25 230 M M 0 34 220
================================================================================
SM 1921 1272 254 37 3.10 0.0 236.3 M 111
================================================================================
AV 68.6 45.4 8.4 FASTST M M 4 MAX(MPH)
MISC ----> 33 220 47 220
================================================================================
NOTES:
# LAST OF SEVERAL OCCURRENCES
COLUMN 17 PEAK WIND IN M.P.H.
PRELIMINARY LOCAL CLIMATOLOGICAL DATA (WS FORM: F-6) , PAGE 2
STATION: WILMINGTON NORTH CAROLINA
MONTH: FEBRUARY
YEAR: 2023
LATITUDE: 34 16 N
LONGITUDE: 77 55 W
[TEMPERATURE DATA] [PRECIPITATION DATA] SYMBOLS USED IN COLUMN 16
AVERAGE MONTHLY: 57.0 TOTAL FOR MONTH: 3.10 1 = FOG OR MIST
DPTR FM NORMAL: 7.7 DPTR FM NORMAL: -0.37 2 = FOG REDUCING VISIBILITY
HIGHEST: 86 ON 23 GRTST 24HR 1.87 ON 11-12 TO 1/4 MILE OR LESS
LOWEST: 26 ON 4 3 = THUNDER
SNOW, ICE PELLETS, HAIL 4 = ICE PELLETS
TOTAL MONTH: 0.0 INCH 5 = HAIL
GRTST 24HR 0.0 6 = FREEZING RAIN OR DRIZZLE
GRTST DEPTH: 0 7 = DUSTSTORM OR SANDSTORM:
VSBY 1/2 MILE OR LESS
8 = SMOKE OR HAZE
[NO. OF DAYS WITH] [WEATHER - DAYS WITH] 9 = BLOWING SNOW
X = TORNADO
MAX 32 OR BELOW: 0 0.01 INCH OR MORE: 9
MAX 90 OR ABOVE: 0 0.10 INCH OR MORE: 5
MIN 32 OR BELOW: 2 0.50 INCH OR MORE: 2
MIN 0 OR BELOW: 0 1.00 INCH OR MORE: 2
[HDD (BASE 65) ]
TOTAL THIS MO. 254 CLEAR (SCALE 0-3) 14
DPTR FM NORMAL -189 PTCLDY (SCALE 4-7) 8
TOTAL FM JUL 1 1360 CLOUDY (SCALE 8-10) 6
DPTR FM NORMAL -506
[CDD (BASE 65) ]
TOTAL THIS MO. 37
DPTR FM NORMAL 32 [PRESSURE DATA]
TOTAL FM JAN 1 41 HIGHEST SLP 30.69 ON 4
DPTR FM NORMAL 38 LOWEST SLP 29.56 ON 12
[REMARKS]
#FINAL-02-23#