916
CXUS52 KILM 031149
CF6ILM
PRELIMINARY LOCAL CLIMATOLOGICAL DATA (WS FORM: F-6)
STATION: WILMINGTON NORTH CAROLINA
MONTH: SEPTEMBER
YEAR: 2020
LATITUDE: 34 16 N
LONGITUDE: 77 55 W
TEMPERATURE IN F: :PCPN: SNOW: WIND :SUNSHINE: SKY :PK WND
================================================================================
1 2 3 4 5 6A 6B 7 8 9 10 11 12 13 14 15 16 17 18
12Z AVG MX 2MIN
DY MAX MIN AVG DEP HDD CDD WTR SNW DPTH SPD SPD DIR MIN PSBL S-S WX SPD DR
================================================================================
1 91 75 83 5 0 18 0.00 0.0 0 3.4 14 170 M M 2 1 17 160
2 95 77 86 8 0 21 T 0.0 0 5.8 14 200 M M 1 3 18 210
3 96 81 89 11 0 24 0.00 0.0 0 9.2 17 240 M M 1 1 21 220
4 97 79 88 10 0 23 0.00 0.0 0 6.9 13 230 M M 1 17 230
5 90 72 81 4 0 16 T 0.0 0 7.2 17 360 M M 2 1 21 10
6 87 71 79 2 0 14 0.00 0.0 0 7.8 13 10 M M 8 17 20
7 85 67 76 -1 0 11 0.00 0.0 0 5.6 14 350 M M 1 20 350
8 79 70 75 -2 0 10 0.36 0.0 0 7.5 16 60 M M 5 1 20 50
9 89 74 82 6 0 17 0.09 0.0 0 8.4 15 50 M M 6 1 19 50
10 87 77 82 6 0 17 0.00 0.0 0 4.8 12 120 M M 6 18 15 360
11 87 75 81 5 0 16 2.42 0.0 0 3.3 22 220 M M 4 123 26 220
12 82 72 77 1 0 12 0.10 0.0 0 9.2 17 50 M M 8 1 23 50
13 89 70 80 4 0 15 0.01 0.0 0 7.3 15 40 M M 7 13 18 30
14 90 74 82 7 0 17 0.02 0.0 0 8.0 17 30 M M 4 1 23 20
15 83 68 76 1 0 11 0.00 0.0 0 11.8 18 20 M M 2 25 20
16 80 67 74 -1 0 9 1.08 0.0 0 9.3 20 140 M M 7 1238 24 120
17 81 69 75 1 0 10 4.16 0.0 0 6.3 33 290 M M 8 13 42 280
18 82 69 76 2 0 11 0.15 0.0 0 9.9 20 360 M M 9 18 27 10
19 69 59 64 -10 1 0 0.00 0.0 0 14.0 24 30 M M 1 32 30
20 77 56 67 -7 0 2 0.00 0.0 0 14.9 25 40 M M 2 32 40
21 73 54 64 -9 1 0 0.00 0.0 0 13.4 26 30 M M 2 36 10
22 73 51 62 -11 3 0 0.00 0.0 0 6.4 14 360 M M 0 18 10
23 76 50 63 -10 2 0 0.00 0.0 0 3.2 12 290 M M 0 1 14 290
24 80 57 69 -3 0 4 0.00 0.0 0 1.8 10 120 M M 3 14 120
25 82 67 75 3 0 10 0.47 0.0 0 4.3 15 170 M M 7 1 19 170
26 88 71 80 8 0 15 0.00 0.0 0 5.8 13 350 M M 7 12 15 350
27 81 66 74 3 0 9 T 0.0 0 1.9 8 340 M M 7 12 12 340
28 81 67 74 3 0 9 T 0.0 0 2.6 9 130 M M 3 1 14 140
29 85 67 76 5 0 11 1.16 0.0 0 8.4 24 260 M M 7 138 34 180
30 76 58 67 -3 0 2 T 0.0 0 7.2 17 260 M M 2 22 290
================================================================================
SM 2511 2030 7 334 10.02 0.0 215.6 M 123
================================================================================
AV 83.7 67.7 7.2 FASTST M M 4 MAX(MPH)
MISC ----> 33 290 42 280
================================================================================
NOTES:
# LAST OF SEVERAL OCCURRENCES
COLUMN 17 PEAK WIND IN M.P.H.
PRELIMINARY LOCAL CLIMATOLOGICAL DATA (WS FORM: F-6) , PAGE 2
STATION: WILMINGTON NORTH CAROLINA
MONTH: SEPTEMBER
YEAR: 2020
LATITUDE: 34 16 N
LONGITUDE: 77 55 W
[TEMPERATURE DATA] [PRECIPITATION DATA] SYMBOLS USED IN COLUMN 16
AVERAGE MONTHLY: 75.7 TOTAL FOR MONTH: 10.02 1 = FOG OR MIST
DPTR FM NORMAL: 1.1 DPTR FM NORMAL: 2.18 2 = FOG REDUCING VISIBILITY
HIGHEST: 97 ON 4 GRTST 24HR 4.27 ON 17-18 TO 1/4 MILE OR LESS
LOWEST: 50 ON 23 3 = THUNDER
SNOW, ICE PELLETS, HAIL 4 = ICE PELLETS
TOTAL MONTH: 0.0 INCH 5 = HAIL
GRTST 24HR 0.0 6 = FREEZING RAIN OR DRIZZLE
GRTST DEPTH: 0 7 = DUSTSTORM OR SANDSTORM:
VSBY 1/2 MILE OR LESS
8 = SMOKE OR HAZE
[NO. OF DAYS WITH] [WEATHER - DAYS WITH] 9 = BLOWING SNOW
X = TORNADO
MAX 32 OR BELOW: 0 0.01 INCH OR MORE: 11
MAX 90 OR ABOVE: 6 0.10 INCH OR MORE: 8
MIN 32 OR BELOW: 0 0.50 INCH OR MORE: 4
MIN 0 OR BELOW: 0 1.00 INCH OR MORE: 4
[HDD (BASE 65) ]
TOTAL THIS MO. 7 CLEAR (SCALE 0-3) 14
DPTR FM NORMAL 2 PTCLDY (SCALE 4-7) 14
TOTAL FM JUL 1 7 CLOUDY (SCALE 8-10) 2
DPTR FM NORMAL 4
[CDD (BASE 65) ]
TOTAL THIS MO. 334
DPTR FM NORMAL 40 [PRESSURE DATA]
TOTAL FM JAN 1 2124 HIGHEST SLP 30.37 ON 21
DPTR FM NORMAL 207 LOWEST SLP 29.69 ON 29
[REMARKS]
#FINAL-09-20#