000
CXUS54 KFWD 010830
CF6INJ
PRELIMINARY LOCAL CLIMATOLOGICAL DATA (WS FORM: F-6)
STATION: HILLSBORO
MONTH: JANUARY
YEAR: 2023
LATITUDE: 32 0 N
LONGITUDE: 97 6 W
TEMPERATURE IN F: :PCPN: SNOW: WIND :SUNSHINE: SKY :PK WND
================================================================================
1 2 3 4 5 6A 6B 7 8 9 10 11 12 13 14 15 16 17 18
12Z AVG MX 2MIN
DY MAX MIN AVG DEP HDD CDD WTR SNW DPTH SPD SPD DIR MIN PSBL S-S WX SPD DR
================================================================================
1 76 49 63 17 2 0 0.00 M M 9.1 16 170 M M 0 1 18 180
2 80 61 71 25 0 6 0.00 M M 13.9 22 190 M M 7 1 31 180
3 69 43 56 10 9 0 0.00 M M 4.0 15 260 M M 2 20 280
4 63 34 49 3 16 0 0.00 M M 4.4 14 290 M M 0 18 290
5 63 32 48 2 17 0 0.00 M M 3.3 9 100 M M 0 8 M M
6 70 46 58 12 7 0 0.00 M M 11.2 22 180 M M 2 28 170
7 65 49 57 11 8 0 0.00 M M 8.6 15 350 M M 4 2 17 340
8 64 36 50 4 15 0 0.00 M M 5.7 12 340 M M 0 M M
9 69 36 53 6 12 0 0.00 M M 7.3 15 170 M M 0 21 180
10 81 48 65 18 0 0 0.00 M M 9.9 15 190 M M 1 1 22 200
11 80 52 66 19 0 1 0.00 M M 8.6 21 170 M M 0 30 220
12 65 34 50 3 15 0 0.00 M M 17.3 26 320 M M 0 37 320
13 59 30 45 -2 20 0 0.00 M M 4.4 13 340 M M 0 17 340
14 62 32 47 0 18 0 0.00 M M 9.7 20 160 M M 0 24 160
15 72 47 60 13 5 0 0.00 M M 17.8 28 190 M M 0 39 190
16 76 53 65 18 0 0 0.00 M M 10.2 20 180 M M 1 25 180
17 79 48 64 17 1 0 0.00 M M 5.5 15 130 M M 0 17 200
18 73 49 61 14 4 0 0.00 M M 11.3 25 250 M M 5 1 31 250
19 62 40 51 4 14 0 0.00 M M 9.2 16 330 M M 0 21 290
20 59 44 52 5 13 0 0.00 M M 9.2 13 120 M M 6 20 80
21 62 40 51 4 14 0 0.00 M M 4.6 9 130 M M 6 M M
22 55 32 44 -3 21 0 0.00 M M 8.7 17 320 M M 0 25 320
23 55 27 41 -6 24 0 0.00 M M 6.5 14 70 M M 4 16 90
24 47 37 42 -5 23 0 1.36 M M 11.5 20 320 M M 10 28 320
25 45 33 39 -9 26 0 0.00 M M 10.2 18 300 M M 8 22 300
26 54 29 42 -6 23 0 0.00 M M 3.8 14 320 M M 0 20 320
27 60 31 46 -2 19 0 0.00 M M 8.2 20 190 M M 0 24 210
28 64 47 56 8 9 0 M M M 10.3 15 170 M M 9 1 21 200
29 62 32 47 -1 18 0 0.03 M M 10.3 24 340 M M 9 12 31 340
30 32 28 30 -18 35 0 0.01 M M 14.8 18 360 M M 10 16 25 340
31 32 27 30 -18 35 0 0.09 M M 12.6 18 360 M M 10 146 24 360
================================================================================
SM 1955 1226 423 7 1.49 M 281.7 M 94
================================================================================
AV 63.1 39.5 9.1 FASTST M M 3 MAX(MPH)
MISC ----> 28 190 39 190
================================================================================
NOTES:
# LAST OF SEVERAL OCCURRENCES
COLUMN 17 PEAK WIND IN M.P.H.
PRELIMINARY LOCAL CLIMATOLOGICAL DATA (WS FORM: F-6) , PAGE 2
STATION: HILLSBORO
MONTH: JANUARY
YEAR: 2023
LATITUDE: 32 0 N
LONGITUDE: 97 6 W
[TEMPERATURE DATA] [PRECIPITATION DATA] SYMBOLS USED IN COLUMN 16
AVERAGE MONTHLY: 51.3 TOTAL FOR MONTH: 1.49 1 = FOG OR MIST
DPTR FM NORMAL: 4.3 DPTR FM NORMAL: -0.90 2 = FOG REDUCING VISIBILITY
HIGHEST: 81 ON 10 GRTST 24HR 1.36 ON 24-24 TO 1/4 MILE OR LESS
LOWEST: 27 ON 31,23 3 = THUNDER
SNOW, ICE PELLETS, HAIL 4 = ICE PELLETS
TOTAL MONTH: M 5 = HAIL
GRTST 24HR M ON M 6 = FREEZING RAIN OR DRIZZLE
GRTST DEPTH: M ON M 7 = DUSTSTORM OR SANDSTORM:
VSBY 1/2 MILE OR LESS
8 = SMOKE OR HAZE
[NO. OF DAYS WITH] [WEATHER - DAYS WITH] 9 = BLOWING SNOW
X = TORNADO
MAX 32 OR BELOW: 2 0.01 INCH OR MORE: 4
MAX 90 OR ABOVE: 0 0.10 INCH OR MORE: 1
MIN 32 OR BELOW: 10 0.50 INCH OR MORE: 1
MIN 0 OR BELOW: 0 1.00 INCH OR MORE: 1
[HDD (BASE 65) ]
TOTAL THIS MO. 423 CLEAR (SCALE 0-3) 19
DPTR FM NORMAL -137 PTCLDY (SCALE 4-7) 7
TOTAL FM JUL 1 1263 CLOUDY (SCALE 8-10) 5
DPTR FM NORMAL -184
[CDD (BASE 65) ]
TOTAL THIS MO. 7
DPTR FM NORMAL 5 [PRESSURE DATA]
TOTAL FM JAN 1 7 HIGHEST SLP M ON M
DPTR FM NORMAL 5 LOWEST SLP M ON M
[REMARKS]
#FINAL-01-23#