000
CXUS53 KDLH 240627
CF6INL
PRELIMINARY LOCAL CLIMATOLOGICAL DATA (WS FORM: F-6)
STATION: INTERNATIONAL FALLS
MONTH: APRIL
YEAR: 2024
LATITUDE: 48 34 N
LONGITUDE: 93 23 W
TEMPERATURE IN F: :PCPN: SNOW: WIND :SUNSHINE: SKY :PK WND
================================================================================
1 2 3 4 5 6A 6B 7 8 9 10 11 12 13 14 15 16 17 18
12Z AVG MX 2MIN
DY MAX MIN AVG DEP HDD CDD WTR SNW DPTH SPD SPD DIR MIN PSBL S-S WX SPD DR
================================================================================
1 45 12 29 -3 36 0 0.00 0.0 5 3.6 10 210 M M 0 16 200
2 42 27 35 3 30 0 0.00 0.0 3 5.5 12 350 M M 7 16 350
3 45 29 37 5 28 0 0.00 0.0 2 11.7 22 10 M M 0 32 360
4 50 27 39 6 26 0 0.00 0.0 1 7.6 16 30 M M 0 22 20
5 51 23 37 4 28 0 0.00 0.0 1 5.9 15 100 M M 0 22 100
6 55 24 40 6 25 0 0.00 0.0 T 11.6 24 130 M M 0 32 130
7 58 33 46 12 19 0 T 0.0 T 13.5 25 110 M M 1 34 110
8 43 37 40 5 25 0 0.06 0.0 T 5.8 16 130 M M 10 12 21 100
9 50 32 41 6 24 0 0.07 0.0 0 5.2 13 280 M M 10 1 20 280
10 60 28 44 8 21 0 T 0.0 0 2.8 18 100 M M 5 12 24 100
11 57 28 43 7 22 0 T 0.0 0 8.5 18 330 M M 5 26 320
12 53 26 40 3 25 0 0.00 0.0 0 9.2 20 320 M M 6 26 320
13 62 24 43 6 22 0 0.01 0.0 0 4.8 18 260 M M 6 29 240
14 63 30 47 9 18 0 T 0.0 0 9.6 22 310 M M 2 30 310
15 59 23 41 3 24 0 T 0.0 0 4.2 12 50 M M 0 17 40
16 55 40 48 10 17 0 0.07 0.0 0 15.7 28 110 M M 6 40 110
17 43 33 38 -1 27 0 0.20 0.0 0 5.0 20 100 M M 9 12 31 90
18 38 31 35 -4 30 0 T M M 9.2 21 240 M M 8 1 36 230
19 35 28 32 -8 33 0 0.01 M M 12.1 22 300 M M 10 31 290
20 45 26 36 -4 29 0 T T T 10.9 22 300 M M 4 31 300
21 60 29 45 5 20 0 0.00 0.0 0 6.6 17 300 M M 0 26 260
22 67 36 52 11 13 0 0.09 M M 5.9 23 310 M M 3 1 35 320
23 51 30 41 0 24 0 T 0.0 0 8.5 18 360 M M 4 27 20
================================================================================
SM 1187 656 566 0 0.51 T 183.4 M 96
================================================================================
AV 51.6 28.5 8.0 FASTST M M 4 MAX(MPH)
MISC ----> 28 110 40 110
================================================================================
NOTES:
# LAST OF SEVERAL OCCURRENCES
COLUMN 17 PEAK WIND IN M.P.H.
PRELIMINARY LOCAL CLIMATOLOGICAL DATA (WS FORM: F-6) , PAGE 2
STATION: INTERNATIONAL FALLS
MONTH: APRIL
YEAR: 2024
LATITUDE: 48 34 N
LONGITUDE: 93 23 W
[TEMPERATURE DATA] [PRECIPITATION DATA] SYMBOLS USED IN COLUMN 16
AVERAGE MONTHLY: 40.1 TOTAL FOR MONTH: 0.51 1 = FOG OR MIST
DPTR FM NORMAL: 3.5 DPTR FM NORMAL: -0.68 2 = FOG REDUCING VISIBILITY
HIGHEST: 67 ON 22 GRTST 24HR 0.26 ON 16-17 TO 1/4 MILE OR LESS
LOWEST: 12 ON 1 3 = THUNDER
SNOW, ICE PELLETS, HAIL 4 = ICE PELLETS
TOTAL MONTH: T 5 = HAIL
GRTST 24HR T ON 20-20 6 = FREEZING RAIN OR DRIZZLE
GRTST DEPTH: 8 ON M 7 = DUSTSTORM OR SANDSTORM:
VSBY 1/2 MILE OR LESS
8 = SMOKE OR HAZE
[NO. OF DAYS WITH] [WEATHER - DAYS WITH] 9 = BLOWING SNOW
X = TORNADO
MAX 32 OR BELOW: 0 0.01 INCH OR MORE: 7
MAX 90 OR ABOVE: 0 0.10 INCH OR MORE: 1
MIN 32 OR BELOW: 18 0.50 INCH OR MORE: 0
MIN 0 OR BELOW: 0 1.00 INCH OR MORE: 0
[HDD (BASE 65) ]
TOTAL THIS MO. 566 CLEAR (SCALE 0-3) 9
DPTR FM NORMAL -88 PTCLDY (SCALE 4-7) 10
TOTAL FM JUL 1 7458 CLOUDY (SCALE 8-10) 4
DPTR FM NORMAL -1972
[CDD (BASE 65) ]
TOTAL THIS MO. 0
DPTR FM NORMAL 0 [PRESSURE DATA]
TOTAL FM JAN 1 0 HIGHEST SLP M ON M
DPTR FM NORMAL 0 LOWEST SLP 29.50 ON 23
[REMARKS]