000
CXUS53 KDLH 181233
CF6INL
PRELIMINARY LOCAL CLIMATOLOGICAL DATA (WS FORM: F-6)
STATION: INTERNATIONAL FALLS
MONTH: SEPTEMBER
YEAR: 2020
LATITUDE: 48 34 N
LONGITUDE: 93 23 W
TEMPERATURE IN F: :PCPN: SNOW: WIND :SUNSHINE: SKY :PK WND
================================================================================
1 2 3 4 5 6A 6B 7 8 9 10 11 12 13 14 15 16 17 18
12Z AVG MX 2MIN
DY MAX MIN AVG DEP HDD CDD WTR SNW DPTH SPD SPD DIR MIN PSBL S-S WX SPD DR
================================================================================
1 66 39 53 -7 12 0 0.45 0.0 M 5.9 16 290 M M 5 138 32 190
2 70 50 60 1 5 0 0.11 0.0 0 7.2 18 280 M M 4 13 27 300
3 61 46 54 -5 11 0 0.11 0.0 0 12.7 30 310 M M 9 13 45 280
4 66 41 54 -4 11 0 0.00 0.0 0 7.8 17 310 M M 1 28 290
5 71 35 53 -5 12 0 0.00 0.0 0 3.6 14 290 M M 2 20 250
6 72 49 61 3 4 0 T 0.0 0 13.8 28 300 M M 5 43 300
7 54 37 46 -11 19 0 0.00 0.0 0 10.0 25 330 M M 6 36 320
8 55 32 44 -13 21 0 0.05 0.0 0 3.5 14 340 M M 5 18 21 320
9 57 28 43 -13 22 0 T 0.0 0 2.0 9 280 M M 4 1 14 200
10 68 28 48 -8 17 0 0.00 0.0 0 5.7 17 230 M M 0 27 230
11 69 34 52 -4 13 0 0.00 0.0 0 3.4 14 140 M M 2 21 200
12 61 45 53 -2 12 0 0.15 0.0 0 3.8 10 270 M M 7 1 15 250
13 64 35 50 -5 15 0 T 0.0 0 6.4 17 320 M M 6 12 23 290
14 62 30 46 -8 19 0 0.00 0.0 0 5.8 15 140 M M 2 1 20 140
15 67 52 60 6 5 0 0.00 0.0 0 4.2 12 280 M M 6 8 17 270
16 56 27 42 -11 23 0 0.01 0.0 0 8.2 24 330 M M 2 29 330
17 55 23 39 -14 26 0 0.00 0.0 0 2.0 10 330 M M 0 16 340
18 60 20 40 -13 25 0 0.00 0.0 0 2.7 12 230 M M 2 20 200
19 75 47 61 9 4 0 0.00 0.0 0 6.3 13 230 M M 3 20 200
20 72 48 60 8 5 0 T 0.0 0 8.1 17 160 M M 1 35 170
21 77 56 67 16 0 2 0.00 0.0 0 10.4 26 230 M M 1 8 44 230
22 79 38 59 8 6 0 0.00 0.0 0 2.6 12 290 M M 0 17 280
23 69 43 56 6 9 0 0.00 0.0 0 6.0 14 30 M M 1 8 21 30
24 69 50 60 10 5 0 0.00 0.0 0 7.2 13 120 M M 5 20 180
25 66 52 59 9 6 0 0.56 0.0 0 4.7 16 140 M M 6 1 23 140
26 73 52 63 14 2 0 0.02 0.0 0 6.4 17 210 M M 5 12 31 200
27 60 48 54 5 11 0 T 0.0 0 9.0 21 300 M M 7 33 300
28 52 44 48 0 17 0 0.07 0.0 0 8.8 17 330 M M 10 18 24 330
29 64 36 50 2 15 0 0.03 0.0 0 5.8 28 270 M M 7 44 260
30 57 42 50 3 15 0 0.25 0.0 0 9.1 28 300 M M 8 138 39 300
================================================================================
SM 1947 1207 367 2 1.81 0.0 193.1 M 122
================================================================================
AV 64.9 40.2 6.4 FASTST M M 4 MAX(MPH)
MISC ----> 30 310 45 280
================================================================================
NOTES:
# LAST OF SEVERAL OCCURRENCES
COLUMN 17 PEAK WIND IN M.P.H.
PRELIMINARY LOCAL CLIMATOLOGICAL DATA (WS FORM: F-6) , PAGE 2
STATION: INTERNATIONAL FALLS
MONTH: SEPTEMBER
YEAR: 2020
LATITUDE: 48 34 N
LONGITUDE: 93 23 W
[TEMPERATURE DATA] [PRECIPITATION DATA] SYMBOLS USED IN COLUMN 16
AVERAGE MONTHLY: 52.6 TOTAL FOR MONTH: 1.81 1 = FOG OR MIST
DPTR FM NORMAL: -1.0 DPTR FM NORMAL: -1.18 2 = FOG REDUCING VISIBILITY
HIGHEST: 79 ON 22 GRTST 24HR 0.56 ON 25-25 TO 1/4 MILE OR LESS
LOWEST: 20 ON 18 3 = THUNDER
SNOW, ICE PELLETS, HAIL 4 = ICE PELLETS
TOTAL MONTH: 0.0 INCH 5 = HAIL
GRTST 24HR 0.0 6 = FREEZING RAIN OR DRIZZLE
GRTST DEPTH: 0 7 = DUSTSTORM OR SANDSTORM:
VSBY 1/2 MILE OR LESS
8 = SMOKE OR HAZE
[NO. OF DAYS WITH] [WEATHER - DAYS WITH] 9 = BLOWING SNOW
X = TORNADO
MAX 32 OR BELOW: 0 0.01 INCH OR MORE: 11
MAX 90 OR ABOVE: 0 0.10 INCH OR MORE: 6
MIN 32 OR BELOW: 7 0.50 INCH OR MORE: 1
MIN 0 OR BELOW: 0 1.00 INCH OR MORE: 0
[HDD (BASE 65) ]
TOTAL THIS MO. 367 CLEAR (SCALE 0-3) 13
DPTR FM NORMAL 14 PTCLDY (SCALE 4-7) 14
TOTAL FM JUL 1 456 CLOUDY (SCALE 8-10) 3
DPTR FM NORMAL -78
[CDD (BASE 65) ]
TOTAL THIS MO. 2
DPTR FM NORMAL -9 [PRESSURE DATA]
TOTAL FM JAN 1 249 HIGHEST SLP 30.47 ON 18
DPTR FM NORMAL 57 LOWEST SLP 29.26 ON 3
[REMARKS]
#FINAL-09-20#