000
CXUS56 KFGZ 090244
CF6INW
PRELIMINARY LOCAL CLIMATOLOGICAL DATA (WS FORM: F-6)
STATION: WINSLOW AZ AIRPORT
MONTH: DECEMBER
YEAR: 2023
LATITUDE: 35 1 N
LONGITUDE: 110 44 W
TEMPERATURE IN F: :PCPN: SNOW: WIND :SUNSHINE: SKY :PK WND
================================================================================
1 2 3 4 5 6A 6B 7 8 9 10 11 12 13 14 15 16 17 18
12Z AVG MX 2MIN
DY MAX MIN AVG DEP HDD CDD WTR SNW DPTH SPD SPD DIR MIN PSBL S-S WX SPD DR
================================================================================
1 52 30 41 3 24 0 T M M 9.5 24 270 M M 6 30 270
2 51 26 39 1 26 0 0.00 M M 6.1 15 240 M M 0 20 250
3 60 27 44 6 21 0 0.00 M M 6.3 15 330 M M 0 20 230
4 58 28 43 6 22 0 0.00 M M 3.7 10 270 M M 0 14 340
5 57 23 40 3 25 0 0.00 M M 2.3 9 240 M M 0 9 240
6 58 22 40 3 25 0 0.00 M M 2.9 12 120 M M 0 13 120
7 68 31 50 14 15 0 0.00 M M 8.6 21 280 M M 0 28 200
8 58 25 42 6 23 0 0.00 M M 9.1 23 330 M M 0 31 340
9 44 18 31 -5 34 0 0.00 M M 4.6 12 300 M M 0 15 10
10 48 13 31 -5 34 0 0.00 M M 3.9 7 240 M M 0 11 110
11 47 15 31 -5 34 0 0.00 M M 1.5 7 220 M M 0 9 320
12 48 27 38 3 27 0 0.00 M M 4.0 9 300 M M 0 12 300
13 51 16 34 -1 31 0 0.00 M M 4.9 20 300 M M 1 23 290
14 52 23 38 3 27 0 0.00 M M 5.8 12 340 M M 1 20 360
15 52 17 35 0 30 0 0.00 M M 1.9 8 240 M M 0 10 140
16 51 18 35 0 30 0 0.00 M M 2.1 7 240 M M 0 8 240
17 52 13 33 -1 32 0 0.00 M M 3.0 7 250 M M 0 9 20
18 49 20 35 1 30 0 0.00 M M 3.5 10 130 M M 0 14 130
19 51 36 44 10 21 0 T M M 3.1 16 80 M M 7 20 90
20 55 34 45 11 20 0 0.16 M M 7.1 18 180 M M 8 12 23 180
21 52 32 42 8 23 0 0.00 M M 3.5 10 300 M M 5 12 14 310
22 45 29 37 3 28 0 0.17 M M 3.7 12 110 M M 7 12 M M
23 49 32 41 7 24 0 0.01 M M 3.4 12 240 M M 4 13 260
24 47 26 37 3 28 0 0.00 M M 4.1 10 320 M M 1 14 310
25 45 19 32 -2 33 0 0.00 M M 2.4 9 280 M M 0 11 280
26 45 15 30 -4 35 0 0.00 M M 4.5 13 310 M M 0 17 310
27 45 13 29 -5 36 0 0.00 M M 2.8 9 280 M M 0 10 10
28 48 23 36 2 29 0 0.00 M M 3.5 8 130 M M 0 10 20
29 48 15 32 -2 33 0 0.00 M M 2.6 9 130 M M 0 11 130
30 49 22 36 2 29 0 0.00 M M 4.2 10 110 M M 0 12 130
31 50 18 34 0 31 0 0.00 M M 3.1 9 250 M M 1 13 10
================================================================================
SM 1585 706 860 0 0.34 M 131.7 M 41
================================================================================
AV 51.1 22.8 4.2 FASTST M M 1 MAX(MPH)
MISC ----> 24 270 31 340
================================================================================
NOTES:
# LAST OF SEVERAL OCCURRENCES
COLUMN 17 PEAK WIND IN M.P.H.
PRELIMINARY LOCAL CLIMATOLOGICAL DATA (WS FORM: F-6) , PAGE 2
STATION: WINSLOW AZ AIRPORT
MONTH: DECEMBER
YEAR: 2023
LATITUDE: 35 1 N
LONGITUDE: 110 44 W
[TEMPERATURE DATA] [PRECIPITATION DATA] SYMBOLS USED IN COLUMN 16
AVERAGE MONTHLY: 37.0 TOTAL FOR MONTH: 0.34 1 = FOG OR MIST
DPTR FM NORMAL: 1.8 DPTR FM NORMAL: -0.16 2 = FOG REDUCING VISIBILITY
HIGHEST: 68 ON 7 GRTST 24HR 0.17 ON 22-22 TO 1/4 MILE OR LESS
LOWEST: 13 ON 27,17 3 = THUNDER
SNOW, ICE PELLETS, HAIL 4 = ICE PELLETS
TOTAL MONTH: M 5 = HAIL
GRTST 24HR M ON M 6 = FREEZING RAIN OR DRIZZLE
GRTST DEPTH: M ON M 7 = DUSTSTORM OR SANDSTORM:
VSBY 1/2 MILE OR LESS
8 = SMOKE OR HAZE
[NO. OF DAYS WITH] [WEATHER - DAYS WITH] 9 = BLOWING SNOW
X = TORNADO
MAX 32 OR BELOW: 0 0.01 INCH OR MORE: 3
MAX 90 OR ABOVE: 0 0.10 INCH OR MORE: 2
MIN 32 OR BELOW: 29 0.50 INCH OR MORE: 0
MIN 0 OR BELOW: 0 1.00 INCH OR MORE: 0
[HDD (BASE 65) ]
TOTAL THIS MO. 860 CLEAR (SCALE 0-3) 25
DPTR FM NORMAL -64 PTCLDY (SCALE 4-7) 6
TOTAL FM JUL 1 1593 CLOUDY (SCALE 8-10) 0
DPTR FM NORMAL -221
[CDD (BASE 65) ]
TOTAL THIS MO. 0
DPTR FM NORMAL 0 [PRESSURE DATA]
TOTAL FM JAN 1 1400 HIGHEST SLP 30.63 ON 10
DPTR FM NORMAL 71 LOWEST SLP 29.82 ON 1
[REMARKS]
#FINAL-12-23#