000
CXUS53 KDVN 011420
CLMIOW
CLIMATE REPORT
NATIONAL WEATHER SERVICE QUAD CITIES IA IL
845 AM CST THU FEB 01 2024
...................................
...THE IOWA CITY IA CLIMATE SUMMARY FOR THE MONTH OF JANUARY 2024...
CLIMATE NORMAL PERIOD 1991 TO 2020
CLIMATE RECORD PERIOD 9999 TO 9999
WEATHER OBSERVED NORMAL DEPART LAST YEAR`S
VALUE DATE(S) VALUE FROM VALUE
NORMAL
..............................................................
TEMPERATURE (F)
HIGHEST 48 01/31 31 17
LOWEST -20 01/15 14 -34
AVG. MAXIMUM 28.7 30.9 -2.2
AVG. MINIMUM 16.6 14.6 2.0
MEAN 22.7 22.8 -0.1
DAYS MAX >= 90 0
DAYS MAX <= 32 14
DAYS MIN <= 32 27
DAYS MIN <= 0 8
PRECIPITATION (INCHES)
TOTALS 1.83 1.04 0.79
DAILY AVG. 0.06 0.03 0.03
DAYS >= .01 10
DAYS >= .10 6
DAYS >= .50 1
DAYS >= 1.00 0
GREATEST
24 HR. TOTAL 0.76 01/08 TO 01/09
DEGREE DAYS
HEATING TOTAL 1304 1310 -6
SINCE 7/1 3270 3681 -411
COOLING TOTAL 0 0 0
SINCE 1/1 0 0 0
..............................................................
WIND (MPH)
AVERAGE WIND SPEED 8.2
HIGHEST WIND SPEED/DIRECTION 31/320 DATE 01/12
HIGHEST GUST SPEED/DIRECTION 41/320 DATE 01/12
41/300 01/13
SKY COVER
POSSIBLE SUNSHINE (PERCENT) MM
AVERAGE SKY COVER 0.68
NUMBER OF DAYS FAIR 6
NUMBER OF DAYS PC 8
NUMBER OF DAYS CLOUDY 17
AVERAGE RH (PERCENT) 82
WEATHER CONDITIONS. NUMBER OF DAYS WITH
THUNDERSTORM 0 HAIL 0
SLEET 0 FOG 18
FOG W/VIS <= 1/4 MILE 7 HAZE 4
- INDICATES NEGATIVE NUMBERS.
R INDICATES RECORD WAS SET OR TIED.
MM INDICATES DATA IS MISSING.
T INDICATES TRACE AMOUNT.
$$
NOTE: SUPPLEMENTAL CLIMATE DATA WAS USED FROM A NEARBY
CLIMATOLOGICALLY REPRESENTATIVE STATION.
PARAMETER DATE(S)
--------- ----
WTR 9, 10, 12, 13, 18