581
CXUS53 KDVN 011242
CLSIOW
CLIMATE REPORT
NATIONAL WEATHER SERVICE QUAD CITIES IA IL
622 AM CST SUN MAR 1 2020
...................................
...THE IOWA CITY IA CLIMATE SUMMARY FOR THE SEASON, FROM
12/1/2019 TO 2/29/2020...
CLIMATE NORMAL PERIOD 1981 TO 2010
CLIMATE RECORD PERIOD 9999 TO 9999
WEATHER OBSERVED NORMAL DEPART
VALUE DATE(S) VALUE FROM
NORMAL
................................................
TEMPERATURE (F)
HIGHEST 62 12/25 40 22
LOWEST -8 02/14 14 -22
AVG. MAXIMUM 38.1 32.4 5.7
AVG. MINIMUM 21.7 16.6 5.1
MEAN 29.9 24.5 5.4
DAYS MAX >= 90 0
DAYS MAX <= 32 24
DAYS MIN <= 32 79
DAYS MIN <= 0 4
PRECIPITATION (INCHES)
TOTALS 3.29 3.68 -0.39
DAILY AVG. 0.04 0.04 0.00
DAYS >= .01 21
DAYS >= .10 6
DAYS >= .50 3
DAYS >= 1.00 1
GREATEST
24 HR. TOTAL 1.22 12/28 TO 12/29
DEGREE_DAYS
HEATING TOTAL 3174 3644 -470
SINCE 7/1 4560 4984 -424
COOLING TOTAL 0 0 0
SINCE 1/1 0 0 0
.................................................
WIND (MPH)
AVERAGE WIND SPEED 8.3
HIGHEST WIND SPEED/DIRECTION 36/280 DATE 01/18
HIGHEST GUST SPEED/DIRECTION 51/280 DATE 01/18
SKY COVER
AVERAGE SKY COVER 0.50
NUMBER OF DAYS FAIR 32
NUMBER OF DAYS PC 31
NUMBER OF DAYS CLOUDY 28
AVERAGE RH (PERCENT) 72
WEATHER CONDITIONS. NUMBER OF DAYS WITH
THUNDERSTORM 0 HAIL 0
SLEET 0 FOG 43
FOG W/VIS <= 1/4 MILE 7 HAZE 31
- INDICATES NEGATIVE NUMBERS.
R INDICATES RECORD WAS SET OR TIED.
MM INDICATES DATA IS MISSING.
T INDICATES TRACE AMOUNT.
$$
GROSS