000
CXUS51 KCTP 010800
CF6IPT
PRELIMINARY LOCAL CLIMATOLOGICAL DATA (WS FORM: F-6)
STATION: WILLIAMSPORT PA
MONTH: JULY
YEAR: 2022
LATITUDE: 41 15 N
LONGITUDE: 76 55 W
TEMPERATURE IN F: :PCPN: SNOW: WIND :SUNSHINE: SKY :PK WND
================================================================================
1 2 3 4 5 6A 6B 7 8 9 10 11 12 13 14 15 16 17 18
12Z AVG MX 2MIN
DY MAX MIN AVG DEP HDD CDD WTR SNW DPTH SPD SPD DIR MIN PSBL S-S WX SPD DR
================================================================================
1 92 59 76 3 0 11 0.01 0.0 0 6.7 22 190 M M 1 3 29 210
2 91 68 80 7 0 15 0.13 0.0 0 4.0 14 300 M M 5 1 19 260
3 88 59 74 1 0 9 0.00 0.0 0 4.3 15 330 M M 0 21 320
4 88 53 71 -2 0 6 0.00 0.0 0 4.4 13 260 M M 0 16 250
5 81 66 74 1 0 9 T 0.0 0 4.3 16 200 M M 6 28 200
6 87 69 78 4 0 13 0.00 0.0 0 5.8 15 20 M M 3 18 22 30
7 87 68 78 4 0 13 0.00 0.0 0 3.4 15 180 M M 7 18 170
8 90 69 80 6 0 15 T 0.0 0 4.1 10 20 M M 4 17 10
9 88 62 75 1 0 10 0.00 0.0 0 5.7 16 20 M M 2 20 20
10 86 53 70 -4 0 5 0.00 0.0 0 3.2 9 130 M M 0 13 100
11 90 54 72 -2 0 7 0.00 0.0 0 7.9 22 180 M M 2 30 170
12 92 69 81 7 0 16 T 0.0 0 7.3 22 220 M M 3 3 29 240
13 91 62 77 3 0 12 0.01 0.0 0 5.0 14 240 M M 2 20 270
14 88 63 76 2 0 11 0.00 0.0 0 3.2 12 230 M M 4 16 230
15 88 59 74 0 0 9 0.00 0.0 0 3.5 12 320 M M 3 17 340
16 85 60 73 -1 0 8 0.00 0.0 0 4.9 23 160 M M 3 29 160
17 86 63 75 1 0 10 0.03 0.0 0 3.9 17 170 M M 3 3 23 160
18 86 69 78 4 0 13 0.55 0.0 0 7.4 38 250 M M 7 12 49 260
19 94 66 80 6 0 15 0.00 0.0 0 8.1 18 240 M M 1 1 25 240
20 94 68 81 7 0 16 0.00 0.0 0 6.2 16 160 M M 1 23 200
21 94 74 84 10 0 19 0.00 0.0 0 9.3 20 240 M M 3 26 260
22 94 65 80 6 0 15 0.01 0.0 0 3.6 28 250 M M 1 3 37 250
23 97 67 82 8 0 17 0.00 0.0 0 4.3 23 250 M M 3 18 31 250
24 98 66 82 8 0 17 0.73 0.0 0 4.5 26 310 M M 1 138 37 290
25 91 67 79 5 0 14 0.64 0.0 0 7.1 21 250 M M 4 13 26 260
26 83 59 71 -3 0 6 0.00 0.0 0 3.5 15 270 M M 1 19 280
27 82 59 71 -3 0 6 0.00 0.0 0 2.3 10 250 M M 6 13 250
28 88 70 79 5 0 14 T 0.0 0 4.5 20 230 M M 6 26 240
29 85 68 77 3 0 12 0.00 0.0 0 4.7 15 260 M M 4 20 170
30 89 61 75 1 0 10 0.00 0.0 0 6.7 16 290 M M 2 23 260
31 82 58 70 -4 0 5 T 0.0 0 2.6 9 180 M M 3 14 210
================================================================================
SM 2755 1973 0 358 2.11 0.0 156.4 M 91
================================================================================
AV 88.9 63.6 5.0 FASTST M M 3 MAX(MPH)
MISC ----> 38 250 49 260
================================================================================
NOTES:
# LAST OF SEVERAL OCCURRENCES
COLUMN 17 PEAK WIND IN M.P.H.
PRELIMINARY LOCAL CLIMATOLOGICAL DATA (WS FORM: F-6) , PAGE 2
STATION: WILLIAMSPORT PA
MONTH: JULY
YEAR: 2022
LATITUDE: 41 15 N
LONGITUDE: 76 55 W
[TEMPERATURE DATA] [PRECIPITATION DATA] SYMBOLS USED IN COLUMN 16
AVERAGE MONTHLY: 76.3 TOTAL FOR MONTH: 2.11 1 = FOG OR MIST
DPTR FM NORMAL: 2.6 DPTR FM NORMAL: -2.53 2 = FOG REDUCING VISIBILITY
HIGHEST: 98 ON 24 GRTST 24HR 1.37 ON 24-25 TO 1/4 MILE OR LESS
LOWEST: 53 ON 10, 4 3 = THUNDER
SNOW, ICE PELLETS, HAIL 4 = ICE PELLETS
TOTAL MONTH: 0.0 INCH 5 = HAIL
GRTST 24HR 0.0 6 = FREEZING RAIN OR DRIZZLE
GRTST DEPTH: 0 7 = DUSTSTORM OR SANDSTORM:
VSBY 1/2 MILE OR LESS
8 = SMOKE OR HAZE
[NO. OF DAYS WITH] [WEATHER - DAYS WITH] 9 = BLOWING SNOW
X = TORNADO
MAX 32 OR BELOW: 0 0.01 INCH OR MORE: 8
MAX 90 OR ABOVE: 13 0.10 INCH OR MORE: 4
MIN 32 OR BELOW: 0 0.50 INCH OR MORE: 3
MIN 0 OR BELOW: 0 1.00 INCH OR MORE: 0
[HDD (BASE 65) ]
TOTAL THIS MO. 0 CLEAR (SCALE 0-3) 20
DPTR FM NORMAL -2 PTCLDY (SCALE 4-7) 11
TOTAL FM JUL 1 0 CLOUDY (SCALE 8-10) 0
DPTR FM NORMAL 0
[CDD (BASE 65) ]
TOTAL THIS MO. 358
DPTR FM NORMAL 85 [PRESSURE DATA]
TOTAL FM JAN 1 585 HIGHEST SLP 30.21 ON 31
DPTR FM NORMAL 98 LOWEST SLP 29.58 ON 21
[REMARKS]
#FINAL-07-22#