000
CXUS53 KEAX 010736
CF6IRK
PRELIMINARY LOCAL CLIMATOLOGICAL DATA (WS FORM: F-6)
STATION: KIRKSVILLE MO
MONTH: SEPTEMBER
YEAR: 2021
LATITUDE: 40 5 N
LONGITUDE: 92 33 W
TEMPERATURE IN F: :PCPN: SNOW: WIND :SUNSHINE: SKY :PK WND
================================================================================
1 2 3 4 5 6A 6B 7 8 9 10 11 12 13 14 15 16 17 18
12Z AVG MX 2MIN
DY MAX MIN AVG DEP HDD CDD WTR SNW DPTH SPD SPD DIR MIN PSBL S-S WX SPD DR
================================================================================
1 81 64 73 3 0 8 0.00 M M 8.3 14 70 M M 3 1 23 40
2 78 59 69 -1 0 4 0.00 M M 8.9 15 120 M M 0 8 22 100
3 76 65 71 1 0 6 0.12 M M 8.1 17 150 M M 8 1 23 150
4 74 58 66 -4 0 1 0.00 M M 5.0 12 340 M M 8 12 16 320
5 81 57 69 0 0 4 0.00 M M 5.8 13 240 M M 2 12 19 250
6 86 63 75 6 0 10 0.00 M M 6.9 14 250 M M 0 20 260
7 88 63 76 8 0 11 0.00 M M 9.6 18 280 M M 1 26 270
8 80 54 67 -1 0 2 0.00 M M 7.8 21 350 M M 0 31 330
9 79 52 66 -2 0 1 0.00 M M 4.1 9 350 M M 0 8 14 360
10 84 56 70 2 0 5 0.00 M M 7.5 15 150 M M 2 1 19 180
11 87 65 76 9 0 11 0.00 M M 9.2 18 210 M M 0 26 230
12 86 70 78 11 0 13 0.00 M M 10.1 17 220 M M 0 28 220
13 87 63 75 9 0 10 0.00 M M 9.7 22 180 M M 0 33 170
14 85 58 72 6 0 7 0.00 M M 8.0 18 280 M M 1 1 28 260
15 80 55 68 2 0 3 0.00 M M 5.5 12 60 M M 0 1 15 130
16 87 53 70 5 0 5 0.00 M M 7.6 16 120 M M 0 22 130
17 89 58 74 9 0 9 0.00 M M 6.9 15 20 M M 1 138 20 20
18 88 61 75 10 0 10 0.00 M M 5.0 10 50 M M 0 14 20
19 89 62 76 12 0 11 0.00 M M 8.4 20 140 M M 1 27 120
20 90 62 76 12 0 11 0.26 M M 10.5 21 310 M M 5 13 31 310
21 72 56 64 0 1 0 T M M 9.8 22 350 M M 2 29 360
22 71 47 59 -4 6 0 0.00 M M 6.5 15 360 M M 1 20 20
23 74 42 58 -5 7 0 0.00 M M 2.9 12 290 M M 0 18 14 320
24 81 51 66 4 0 1 0.05 M M 9.4 25 240 M M 2 8 45 220
25 74 46 60 -2 5 0 0.00 M M 6.6 14 250 M M 0 8 23 300
26 89 53 71 9 0 6 0.00 M M 13.0 23 200 M M 0 36 210
27 89 64 77 16 0 12 0.00 M M 10.0 21 230 M M 0 33 240
28 89 53 71 10 0 6 0.00 M M 3.3 12 190 M M 0 18 17 200
29 86 56 71 10 0 6 0.00 M M 6.2 18 150 M M 1 25 150
30 87 61 74 14 0 9 0.37 M M 6.1 35 150 M M 3 13 48 150
================================================================================
SM 2487 1727 19 182 0.80 M 226.7 M 41
================================================================================
AV 82.9 57.6 7.6 FASTST M M 1 MAX(MPH)
MISC ----> 35 150 48 150
================================================================================
NOTES:
# LAST OF SEVERAL OCCURRENCES
COLUMN 17 PEAK WIND IN M.P.H.
PRELIMINARY LOCAL CLIMATOLOGICAL DATA (WS FORM: F-6) , PAGE 2
STATION: KIRKSVILLE MO
MONTH: SEPTEMBER
YEAR: 2021
LATITUDE: 40 5 N
LONGITUDE: 92 33 W
[TEMPERATURE DATA] [PRECIPITATION DATA] SYMBOLS USED IN COLUMN 16
AVERAGE MONTHLY: 70.2 TOTAL FOR MONTH: 0.80 1 = FOG OR MIST
DPTR FM NORMAL: 4.7 DPTR FM NORMAL: -2.85 2 = FOG REDUCING VISIBILITY
HIGHEST: 90 ON 20 GRTST 24HR 0.37 ON 30-30 TO 1/4 MILE OR LESS
LOWEST: 42 ON 23 3 = THUNDER
SNOW, ICE PELLETS, HAIL 4 = ICE PELLETS
TOTAL MONTH: M 5 = HAIL
GRTST 24HR M ON M 6 = FREEZING RAIN OR DRIZZLE
GRTST DEPTH: M ON M 7 = DUSTSTORM OR SANDSTORM:
VSBY 1/2 MILE OR LESS
8 = SMOKE OR HAZE
[NO. OF DAYS WITH] [WEATHER - DAYS WITH] 9 = BLOWING SNOW
X = TORNADO
MAX 32 OR BELOW: 0 0.01 INCH OR MORE: 4
MAX 90 OR ABOVE: 1 0.10 INCH OR MORE: 3
MIN 32 OR BELOW: 0 0.50 INCH OR MORE: 0
MIN 0 OR BELOW: 0 1.00 INCH OR MORE: 0
[HDD (BASE 65) ]
TOTAL THIS MO. 19 CLEAR (SCALE 0-3) 26
DPTR FM NORMAL -72 PTCLDY (SCALE 4-7) 3
TOTAL FM JUL 1 19 CLOUDY (SCALE 8-10) 1
DPTR FM NORMAL -80
[CDD (BASE 65) ]
TOTAL THIS MO. 182
DPTR FM NORMAL 76 [PRESSURE DATA]
TOTAL FM JAN 1 1197 HIGHEST SLP M ON M
DPTR FM NORMAL 207 LOWEST SLP 29.73 ON 20
[REMARKS]
#FINAL-09-21#