000
CXUS51 KOKX 011010
CF6ISP
PRELIMINARY LOCAL CLIMATOLOGICAL DATA (WS FORM: F-6)
STATION: ISLIP NY
MONTH: NOVEMBER
YEAR: 2022
LATITUDE: 40 47 N
LONGITUDE: 73 6 W
TEMPERATURE IN F: :PCPN: SNOW: WIND :SUNSHINE: SKY :PK WND
================================================================================
1 2 3 4 5 6A 6B 7 8 9 10 11 12 13 14 15 16 17 18
12Z AVG MX 2MIN
DY MAX MIN AVG DEP HDD CDD WTR SNW DPTH SPD SPD DIR MIN PSBL S-S WX SPD DR
================================================================================
1 68 55 62 12 3 0 0.21 0.0 0 6.2 13 230 M M 8 1 17 230
2 71 47 59 9 6 0 0.00 0.0 0 6.8 20 20 M M 1 24 30
3 66 43 55 5 10 0 0.00 0.0 0 3.4 9 160 M M 0 13 200
4 72 45 59 10 6 0 0.00 0.0 0 4.7 14 200 M M 7 12 19 220
5 74 62 68 19 0 3 T 0.0 0 9.7 15 180 M M 7 22 190
6 74 65 70 21 0 5 0.00 0.0 0 11.7 17 200 M M 6 23 200
7 80 53 67 19 0 2 0.00 0.0 0 12.2 22 350 M M 4 28 350
8 58 46 52 4 13 0 0.00 0.0 0 13.6 23 10 M M 1 31 20
9 56 37 47 -1 18 0 0.00 0.0 0 5.4 21 20 M M 2 25 20
10 65 39 52 5 13 0 0.00 0.0 0 5.5 12 240 M M 2 1 M M
11 69 49 59 12 6 0 0.48 0.0 0 10.4 23 190 M M 9 12 33 160
12 72 55 64 17 1 0 0.04 0.0 0 11.8 29 190 M M 7 1 39 190
13 59 41 50 4 15 0 0.14 0.0 0 12.4 22 300 M M 7 1 29 300
14 48 33 41 -5 24 0 0.00 0.0 0 8.1 18 330 M M 2 23 330
15 47 29 38 -8 27 0 0.34 0.0 0 7.5 20 40 M M 8 29 40
16 52 40 46 1 19 0 0.21 0.0 0 13.5 24 290 M M 8 1 30 290
17 48 36 42 -3 23 0 0.00 0.0 0 11.8 23 280 M M 4 29 270
18 45 30 38 -7 27 0 0.00 0.0 0 10.9 31 240 M M 3 38 240
19 41 27 34 -10 31 0 0.00 0.0 0 6.7 20 230 M M 2 23 220
20 39 27 33 -11 32 0 0.00 0.0 0 15.7 29 300 M M 3 41 300
21 42 22 32 -12 33 0 0.00 0.0 0 12.8 23 240 M M 2 32 230
22 51 30 41 -3 24 0 0.00 0.0 0 6.9 17 250 M M 1 22 250
23 56 30 43 0 22 0 0.00 0.0 0 5.1 15 320 M M 0 20 320
24 54 29 42 -1 23 0 0.00 0.0 0 3.9 13 220 M M 5 16 200
25 55 37 46 3 19 0 0.02 0.0 0 10.6 25 310 M M 6 35 320
26 55 36 46 4 19 0 0.00 0.0 0 9.5 23 330 M M 2 30 300
27 60 38 49 7 16 0 0.54 0.0 0 9.2 26 190 M M 7 1 38 170
28 56 40 48 6 17 0 0.00 0.0 0 12.2 23 310 M M 3 29 310
29 46 31 39 -3 26 0 0.00 0.0 0 4.0 12 330 M M 5 15 340
30 58 35 47 6 18 0 0.52 0.0 0 13.8 30 190 M M 9 1 45 190
================================================================================
SM 1737 1187 491 10 2.50 0.0 276.0 M 131
================================================================================
AV 57.9 39.6 9.2 FASTST M M 4 MAX(MPH)
MISC ----> 31 240 45 190
================================================================================
NOTES:
# LAST OF SEVERAL OCCURRENCES
COLUMN 17 PEAK WIND IN M.P.H.
PRELIMINARY LOCAL CLIMATOLOGICAL DATA (WS FORM: F-6) , PAGE 2
STATION: ISLIP NY
MONTH: NOVEMBER
YEAR: 2022
LATITUDE: 40 47 N
LONGITUDE: 73 6 W
[TEMPERATURE DATA] [PRECIPITATION DATA] SYMBOLS USED IN COLUMN 16
AVERAGE MONTHLY: 48.7 TOTAL FOR MONTH: 2.50 1 = FOG OR MIST
DPTR FM NORMAL: 3.1 DPTR FM NORMAL: -0.91 2 = FOG REDUCING VISIBILITY
HIGHEST: 80 ON 7 GRTST 24HR 0.55 ON 15-16 TO 1/4 MILE OR LESS
LOWEST: 22 ON 21 3 = THUNDER
SNOW, ICE PELLETS, HAIL 4 = ICE PELLETS
TOTAL MONTH: 0.0 INCH 5 = HAIL
GRTST 24HR 0.0 6 = FREEZING RAIN OR DRIZZLE
GRTST DEPTH: 0 7 = DUSTSTORM OR SANDSTORM:
VSBY 1/2 MILE OR LESS
8 = SMOKE OR HAZE
[NO. OF DAYS WITH] [WEATHER - DAYS WITH] 9 = BLOWING SNOW
X = TORNADO
MAX 32 OR BELOW: 0 0.01 INCH OR MORE: 9
MAX 90 OR ABOVE: 0 0.10 INCH OR MORE: 7
MIN 32 OR BELOW: 9 0.50 INCH OR MORE: 2
MIN 0 OR BELOW: 0 1.00 INCH OR MORE: 0
[HDD (BASE 65) ]
TOTAL THIS MO. 491 CLEAR (SCALE 0-3) 14
DPTR FM NORMAL -91 PTCLDY (SCALE 4-7) 13
TOTAL FM JUL 1 792 CLOUDY (SCALE 8-10) 3
DPTR FM NORMAL -147
[CDD (BASE 65) ]
TOTAL THIS MO. 10
DPTR FM NORMAL 10 [PRESSURE DATA]
TOTAL FM JAN 1 1136 HIGHEST SLP M ON M
DPTR FM NORMAL 251 LOWEST SLP 29.34 ON 27
[REMARKS]
#FINAL-11-22#