000
CXUS53 KGRB 161305
CF6ISW
PRELIMINARY LOCAL CLIMATOLOGICAL DATA (WS FORM: F-6)
STATION: WISCONSIN RAPIDS ASOS
MONTH: MAY
YEAR: 2021
LATITUDE: 44 22 N
LONGITUDE: 89 50 W
TEMPERATURE IN F: :PCPN: SNOW: WIND :SUNSHINE: SKY :PK WND
================================================================================
1 2 3 4 5 6A 6B 7 8 9 10 11 12 13 14 15 16 17 18
12Z AVG MX 2MIN
DY MAX MIN AVG DEP HDD CDD WTR SNW DPTH SPD SPD DIR MIN PSBL S-S WX SPD DR
================================================================================
1 87 44 66 15 0 1 T 0.0 0 11.2 24 230 M M 2 36 200
2 82 53 68 17 0 3 0.60 0.0 0 10.2 20 100 M M 3 13 29 240
3 57 49 53 2 12 0 0.45 0.0 0 6.6 23 340 M M 9 1 30 340
4 60 38 49 -3 16 0 0.00 0.0 0 11.2 20 320 M M 8 33 360
5 60 32 46 -6 19 0 0.01 0.0 0 6.0 16 320 M M 4 23 290
6 61 38 50 -3 15 0 0.04 0.0 0 7.2 26 340 M M 6 35 340
7 52 32 42 -11 23 0 0.03 0.0 0 9.5 22 330 M M 5 1 31 340
8 59 27 43 -11 22 0 0.00 0.0 0 3.0 10 20 M M 1 14 30
9 64 32 48 -6 17 0 T 0.0 0 5.8 17 30 M M 4 22 30
10 55 34 45 -9 20 0 T 0.0 0 7.1 20 360 M M 7 24 360
11 60 29 45 -10 20 0 0.00 0.0 0 3.8 16 330 M M 1 21 350
12 68 29 49 -6 16 0 0.00 0.0 0 2.6 14 330 M M 1 20 320
13 72 34 53 -3 12 0 0.00 0.0 0 4.1 15 240 M M 4 22 210
14 70 36 53 -3 12 0 T 0.0 0 6.8 21 220 M M 3 29 160
15 60 52 56 0 9 0 T 0.0 0 5.8 15 190 M M 10 21 200
16 74 49 62 5 3 0 0.00 0.0 0 3.9 12 210 M M 5 12 16 200
17 79 45 62 5 3 0 0.00 0.0 0 4.1 17 120 M M 1 1 24 110
18 77 49 63 6 2 0 0.31 0.0 0 9.0 18 180 M M 5 1 32 130
19 73 62 68 10 0 3 0.01 0.0 0 7.2 14 190 M M 9 1 22 180
20 76 67 72 14 0 7 0.01 0.0 0 8.1 23 190 M M 9 35 180
21 73 66 70 11 0 5 0.11 0.0 0 7.3 16 200 M M 9 1 22 200
22 86 65 76 17 0 11 0.00 0.0 0 8.8 18 220 M M 6 1 26 270
23 77 53 65 6 0 0 0.10 0.0 0 7.4 18 110 M M 10 13 28 100
24 83 52 68 8 0 3 0.08 0.0 0 8.2 20 190 M M 5 12 30 180
25 81 59 70 10 0 5 2.35 0.0 0 12.4 29 290 M M 8 13 43 250
26 67 51 59 -1 6 0 0.00 0.0 0 10.6 22 310 M M 2 32 300
27 51 38 45 -16 20 0 0.57 0.0 0 12.0 21 60 M M 9 1 36 60
28 57 35 46 -15 19 0 0.05 0.0 0 8.4 23 40 M M 5 1 32 30
29 68 31 50 -11 15 0 0.00 0.0 0 3.5 12 100 M M 0 16 100
30 63 39 51 -11 14 0 T 0.0 0 4.0 14 260 M M 3 19 270
31 76 46 61 -1 4 0 0.61 0.0 0 6.9 22 40 M M 3 13 30 30
================================================================================
SM 2128 1366 299 38 5.33 0.0 222.7 M 157
================================================================================
AV 68.6 44.1 7.2 FASTST M M 5 MAX(MPH)
MISC ----> 29 290 43 250
================================================================================
NOTES:
# LAST OF SEVERAL OCCURRENCES
COLUMN 17 PEAK WIND IN M.P.H.
PRELIMINARY LOCAL CLIMATOLOGICAL DATA (WS FORM: F-6) , PAGE 2
STATION: WISCONSIN RAPIDS ASOS
MONTH: MAY
YEAR: 2021
LATITUDE: 44 22 N
LONGITUDE: 89 50 W
[TEMPERATURE DATA] [PRECIPITATION DATA] SYMBOLS USED IN COLUMN 16
AVERAGE MONTHLY: 56.4 TOTAL FOR MONTH: 5.33 1 = FOG OR MIST
DPTR FM NORMAL: -0.2 DPTR FM NORMAL: 1.65 2 = FOG REDUCING VISIBILITY
HIGHEST: 87 ON 1 GRTST 24HR 2.35 ON 25-25 TO 1/4 MILE OR LESS
LOWEST: 27 ON 8 3 = THUNDER
SNOW, ICE PELLETS, HAIL 4 = ICE PELLETS
TOTAL MONTH: 0.0 INCH 5 = HAIL
GRTST 24HR 0.0 6 = FREEZING RAIN OR DRIZZLE
GRTST DEPTH: 0 7 = DUSTSTORM OR SANDSTORM:
VSBY 1/2 MILE OR LESS
8 = SMOKE OR HAZE
[NO. OF DAYS WITH] [WEATHER - DAYS WITH] 9 = BLOWING SNOW
X = TORNADO
MAX 32 OR BELOW: 0 0.01 INCH OR MORE: 15
MAX 90 OR ABOVE: 0 0.10 INCH OR MORE: 8
MIN 32 OR BELOW: 7 0.50 INCH OR MORE: 4
MIN 0 OR BELOW: 0 1.00 INCH OR MORE: 1
[HDD (BASE 65) ]
TOTAL THIS MO. 299 CLEAR (SCALE 0-3) 9
DPTR FM NORMAL 13 PTCLDY (SCALE 4-7) 15
TOTAL FM JUL 1 7382 CLOUDY (SCALE 8-10) 7
DPTR FM NORMAL -389
[CDD (BASE 65) ]
TOTAL THIS MO. 38
DPTR FM NORMAL 14 [PRESSURE DATA]
TOTAL FM JAN 1 46 HIGHEST SLP 30.48 ON 12
DPTR FM NORMAL 20 LOWEST SLP 29.48 ON 2
[REMARKS]
#FINAL-05-21#