000
CXUS53 KGRB 041424
CF6ISW
PRELIMINARY LOCAL CLIMATOLOGICAL DATA (WS FORM: F-6)
STATION: WISCONSIN RAPIDS ASOS
MONTH: AUGUST
YEAR: 2020
LATITUDE: 44 22 N
LONGITUDE: 89 50 W
TEMPERATURE IN F: :PCPN: SNOW: WIND :SUNSHINE: SKY :PK WND
================================================================================
1 2 3 4 5 6A 6B 7 8 9 10 11 12 13 14 15 16 17 18
12Z AVG MX 2MIN
DY MAX MIN AVG DEP HDD CDD WTR SNW DPTH SPD SPD DIR MIN PSBL S-S WX SPD DR
================================================================================
1 83 56 70 0 0 5 0.00 0.0 0 2.0 12 300 M M 4 16 300
2 69 60 65 -5 0 0 0.27 0.0 0 9.4 21 30 M M 8 1 28 20
3 70 50 60 -10 5 0 0.00 0.0 0 8.7 16 20 M M 8 22 10
4 73 47 60 -10 5 0 0.00 0.0 0 4.8 15 330 M M 2 23 10
5 78 48 63 -7 2 0 0.00 0.0 0 2.2 10 260 M M 1 1 15 260
6 81 50 66 -4 0 1 0.00 0.0 0 4.2 14 210 M M 2 1 20 230
7 84 55 70 0 0 5 0.00 0.0 0 6.8 17 210 M M 1 24 230
8 86 68 77 7 0 12 1.27 0.0 0 5.7 36 250 M M 6 13 59 240
9 85 67 76 6 0 11 0.00 0.0 0 7.1 16 170 M M 2 1 25 140
10 84 57 71 2 0 6 0.14 0.0 0 8.1 26 250 M M 4 13 43 250
11 83 52 68 -1 0 3 0.00 0.0 0 3.3 13 240 M M 0 1 17 240
12 84 55 70 1 0 5 0.00 0.0 0 3.3 12 240 M M 1 1 17 160
13 86 60 73 4 0 8 T 0.0 0 5.9 14 200 M M 3 20 200
14 87 58 73 4 0 8 0.33 0.0 0 5.4 26 320 M M 0 13 37 310
15 76 57 67 -2 0 2 0.13 0.0 0 7.6 18 330 M M 6 13 25 330
16 81 54 68 0 0 3 0.00 0.0 0 5.2 16 290 M M 2 1 22 330
17 81 57 69 1 0 4 T 0.0 0 5.8 16 320 M M 4 24 300
18 79 50 65 -3 0 0 0.00 0.0 0 2.8 14 320 M M 1 1 18 280
19 83 51 67 -1 0 2 0.00 0.0 0 6.6 15 220 M M 0 1 20 220
20 84 62 73 5 0 8 0.00 0.0 0 8.0 16 260 M M 1 24 240
21 87 62 75 7 0 10 0.01 0.0 0 6.2 14 200 M M 2 20 190
22 80 63 72 5 0 7 0.26 0.0 0 3.9 17 230 M M 5 1 23 250
23 88 62 75 8 0 10 0.00 0.0 0 2.3 9 290 M M 0 1 14 240
24 87 65 76 9 0 11 0.42 0.0 0 4.0 24 330 M M 1 13 32 330
25 80 68 74 7 0 9 0.29 0.0 0 6.3 13 110 M M 4 13 17 110
26 91 67 79 13 0 14 0.00 0.0 0 8.1 22 220 M M 0 1 30 230
27 85 70 78 12 0 13 0.12 0.0 0 2.5 14 360 M M 6 13 21 340
28 82 66 74 8 0 9 1.70 0.0 0 8.8 23 300 M M 5 13 31 310
29 76 52 64 -2 1 0 0.00 0.0 0 10.1 23 320 M M 1 32 300
30 75 48 62 -3 3 0 0.00 0.0 0 4.6 13 120 M M 0 1 19 140
31 74 50 62 -3 3 0 0.19 0.0 0 6.4 18 140 M M 5 1 32 150
================================================================================
SM 2522 1787 19 166 5.13 0.0 176.1 M 85
================================================================================
AV 81.4 57.7 5.7 FASTST M M 3 MAX(MPH)
MISC ----> # 36 250 # 59 240
================================================================================
NOTES:
# LAST OF SEVERAL OCCURRENCES
COLUMN 17 PEAK WIND IN M.P.H.
PRELIMINARY LOCAL CLIMATOLOGICAL DATA (WS FORM: F-6) , PAGE 2
STATION: WISCONSIN RAPIDS ASOS
MONTH: AUGUST
YEAR: 2020
LATITUDE: 44 22 N
LONGITUDE: 89 50 W
[TEMPERATURE DATA] [PRECIPITATION DATA] SYMBOLS USED IN COLUMN 16
AVERAGE MONTHLY: 69.5 TOTAL FOR MONTH: 5.13 1 = FOG OR MIST
DPTR FM NORMAL: 1.3 DPTR FM NORMAL: 1.05 2 = FOG REDUCING VISIBILITY
HIGHEST: 91 ON 26 GRTST 24HR 1.70 ON 28-28 TO 1/4 MILE OR LESS
LOWEST: 47 ON 4 3 = THUNDER
SNOW, ICE PELLETS, HAIL 4 = ICE PELLETS
TOTAL MONTH: 0.0 INCH 5 = HAIL
GRTST 24HR 0.0 6 = FREEZING RAIN OR DRIZZLE
GRTST DEPTH: 0 7 = DUSTSTORM OR SANDSTORM:
VSBY 1/2 MILE OR LESS
8 = SMOKE OR HAZE
[NO. OF DAYS WITH] [WEATHER - DAYS WITH] 9 = BLOWING SNOW
X = TORNADO
MAX 32 OR BELOW: 0 0.01 INCH OR MORE: 12
MAX 90 OR ABOVE: 1 0.10 INCH OR MORE: 11
MIN 32 OR BELOW: 0 0.50 INCH OR MORE: 2
MIN 0 OR BELOW: 0 1.00 INCH OR MORE: 2
[HDD (BASE 65) ]
TOTAL THIS MO. 19 CLEAR (SCALE 0-3) 19
DPTR FM NORMAL -13 PTCLDY (SCALE 4-7) 12
TOTAL FM JUL 1 21 CLOUDY (SCALE 8-10) 0
DPTR FM NORMAL -26
[CDD (BASE 65) ]
TOTAL THIS MO. 166
DPTR FM NORMAL 35 [PRESSURE DATA]
TOTAL FM JAN 1 592 HIGHEST SLP 30.17 ON 4
DPTR FM NORMAL 166 LOWEST SLP 29.61 ON 28
[REMARKS]
#FINAL-08-20#