000
CXCA52 TJSJ 250203
CLMISX
CLIMATE REPORT
NATIONAL WEATHER SERVICE SAN JUAN PR
1003 PM AST FRI MAR 24 2023
...................................
...THE HENRY E. ROHLSEN AP/ST CROIX CLIMATE SUMMARY FOR THE MONTH OF AUGUST 2022...
CLIMATE NORMAL PERIOD: 1991 TO 2020
CLIMATE RECORD PERIOD: 1951 TO 2023
WEATHER OBSERVED NORMAL DEPART LAST YEAR`S
VALUE DATE(S) VALUE FROM VALUE
NORMAL
..............................................................
TEMPERATURE (F)
RECORD
HIGH 95 08/18/2020
08/17/2020
08/25/1999
LOW 63 08/17/1978
HIGHEST 94 08/09 91 3 91
08/13
LOWEST 76 08/13 81 -5 74
AVG. MAXIMUM 91.3 89.5 1.8 88.8
AVG. MINIMUM 79.0 77.4 1.6 77.6
MEAN 85.2 83.4 1.8 83.2
DAYS MAX >= 90 28 16.3 11.7 15
DAYS MAX <= 32 0 0.0 0.0 0
DAYS MIN <= 32 0 0.0 0.0 0
DAYS MIN <= 0 0 0.0 0.0 0
PRECIPITATION (INCHES)
RECORD
MAXIMUM 11.41 1979
MINIMUM 1.35 2005
TOTALS 2.15 3.23 -1.08 3.27
DAILY AVG. 0.07 0.10 -0.03 0.11
DAYS >= .01 11 15.6 -4.6 7
DAYS >= .10 4 7.1 -3.1 5
DAYS >= .50 0 1.8 -1.8 3
DAYS >= 1.00 0 0.5 -0.5 1
GREATEST
24 HR. TOTAL 0.70 08/17 TO 08/17
STORM TOTAL 0.70
DEGREE DAYS
HEATING TOTAL 0 0 0 0
SINCE 7/1 0
COOLING TOTAL 633 572 61 572
SINCE 1/1 4038
FREEZE DATES
..............................................................
WIND (MPH)
AVERAGE WIND SPEED 10.9
HIGHEST WIND SPEED/DIRECTION 26/080 DATE 08/25
HIGHEST GUST SPEED/DIRECTION 32/090 DATE 08/03
SKY COVER
AVERAGE SKY COVER 0.32
AVERAGE RH (PERCENT) 72
WEATHER CONDITIONS. NUMBER OF DAYS WITH
THUNDERSTORM 0 MIXED PRECIP 0
HEAVY RAIN 4 RAIN 4
LIGHT RAIN 13 FREEZING RAIN 0
LT FREEZING RAIN 0 HAIL 0
HEAVY SNOW 0 SNOW 0
LIGHT SNOW 0 SLEET 0
FOG 5 FOG W/VIS <= 1/4 MILE 0
HAZE 7
- INDICATES NEGATIVE NUMBERS.
R INDICATES RECORD WAS SET OR TIED.
MM INDICATES DATA IS MISSING.
T INDICATES TRACE AMOUNT.
$$