000
CXUS53 KGLD 010800
CF6ITR
PRELIMINARY LOCAL CLIMATOLOGICAL DATA (WS FORM: F-6)
STATION: BURLINGTON CO
MONTH: MARCH
YEAR: 2020
LATITUDE: 39 15 N
LONGITUDE: 102 17 W
TEMPERATURE IN F: :PCPN: SNOW: WIND :SUNSHINE: SKY :PK WND
================================================================================
1 2 3 4 5 6A 6B 7 8 9 10 11 12 13 14 15 16 17 18
12Z AVG MX 2MIN
DY MAX MIN AVG DEP HDD CDD WTR SNW DPTH SPD SPD DIR MIN PSBL S-S WX SPD DR
================================================================================
1 55 28 42 7 23 0 0.00 M M 12.9 21 10 M M 1 27 10
2 56 22 39 4 26 0 0.00 M M 12.0 24 210 M M 2 32 200
3 59 18 39 3 26 0 0.00 M M 10.9 24 210 M M 0 32 210
4 66 19 43 7 22 0 0.00 M M 16.5 32 220 M M 0 42 230
5 54 23 39 3 26 0 0.00 M M 12.2 28 10 M M 0 36 10
6 70 28 49 12 16 0 0.00 M M 15.3 25 190 M M 0 33 210
7 76 38 57 20 8 0 0.00 M M 12.3 17 260 M M 0 26 250
8 76 41 59 22 6 0 0.00 M M 16.3 37 20 M M 1 50 20
9 60 35 48 10 17 0 0.01 M M 11.4 32 20 M M 5 1 42 20
10 69 28 49 11 16 0 0.00 M M 8.6 16 50 M M 3 1 24 60
11 73 28 51 13 14 0 0.00 M M 13.9 23 180 M M 0 32 240
12 54 31 43 4 22 0 0.00 M M 12.0 23 40 M M 2 29 20
13 36 28 32 -7 33 0 0.01 M M 19.1 32 130 M M 10 168 40 120
14 34 28 31 -8 34 0 0.00 0.0 0 13.2 21 130 M M 10 1 27 140
15 37 30 34 -6 31 0 0.00 M M 16.2 23 170 M M 10 12 29 160
16 43 35 39 -1 26 0 0.00 M M 9.6 16 60 M M 10 12 21 80
17 42 33 38 -2 27 0 0.00 M M 15.2 32 180 M M 10 12 40 180
18 58 41 50 10 15 0 0.00 M M 9.2 21 130 M M 6 12 27 130
19 56 22 39 -2 26 0 0.07 M M 15.3 39 360 M M 8 1236 53 20
20 37 18 28 -13 37 0 T M M 13.0 25 360 M M 5 18 35 360
21 59 19 39 -2 26 0 0.01 M M 10.6 21 170 M M 1 29 160
22 60 29 45 3 20 0 0.06 M M 7.0 20 280 M M 3 123 25 10
23 65 29 47 5 18 0 T M M 12.2 26 170 M M 1 35 160
24 69 33 51 9 14 0 0.00 M M 10.2 21 170 M M 1 29 170
25 78 37 58 16 7 0 0.00 M M 10.6 22 50 M M 0 31 60
26 67 34 51 8 14 0 0.00 M M 11.5 26 110 M M 5 12 32 110
27 53 39 46 3 19 0 0.23 M M 9.1 25 130 M M 9 12 33 120
28 49 31 40 -3 25 0 0.18 M M 23.5 47 330 M M 6 12 65 320
29 60 27 44 1 21 0 0.00 M M 8.8 18 160 M M 1 25 170
30 62 37 50 6 15 0 0.00 M M 10.9 18 150 M M 3 1 24 160
31 70 34 52 8 13 0 0.00 M M 12.1 22 160 M M 1 12 31 160
================================================================================
SM 1803 923 643 0 0.57 0.0 391.6 M 114
================================================================================
AV 58.2 29.8 12.6 FASTST M M 4 MAX(MPH)
MISC ----> # 47 330 # 65 320
================================================================================
NOTES:
# LAST OF SEVERAL OCCURRENCES
COLUMN 17 PEAK WIND IN M.P.H.
PRELIMINARY LOCAL CLIMATOLOGICAL DATA (WS FORM: F-6) , PAGE 2
STATION: BURLINGTON CO
MONTH: MARCH
YEAR: 2020
LATITUDE: 39 15 N
LONGITUDE: 102 17 W
[TEMPERATURE DATA] [PRECIPITATION DATA] SYMBOLS USED IN COLUMN 16
AVERAGE MONTHLY: 44.0 TOTAL FOR MONTH: 0.57 1 = FOG OR MIST
DPTR FM NORMAL: 4.3 DPTR FM NORMAL: -0.32 2 = FOG REDUCING VISIBILITY
HIGHEST: 78 ON 25 GRTST 24HR 0.23 ON 27-27 TO 1/4 MILE OR LESS
LOWEST: 18 ON 20, 3 3 = THUNDER
SNOW, ICE PELLETS, HAIL 4 = ICE PELLETS
TOTAL MONTH: 0.0 INCH 5 = HAIL
GRTST 24HR 0.0 6 = FREEZING RAIN OR DRIZZLE
GRTST DEPTH: 0 7 = DUSTSTORM OR SANDSTORM:
VSBY 1/2 MILE OR LESS
8 = SMOKE OR HAZE
[NO. OF DAYS WITH] [WEATHER - DAYS WITH] 9 = BLOWING SNOW
X = TORNADO
MAX 32 OR BELOW: 0 0.01 INCH OR MORE: 7
MAX 90 OR ABOVE: 0 0.10 INCH OR MORE: 2
MIN 32 OR BELOW: 19 0.50 INCH OR MORE: 0
MIN 0 OR BELOW: 0 1.00 INCH OR MORE: 0
[HDD (BASE 65) ]
TOTAL THIS MO. 643 CLEAR (SCALE 0-3) 18
DPTR FM NORMAL -141 PTCLDY (SCALE 4-7) 7
TOTAL FM JUL 1 4864 CLOUDY (SCALE 8-10) 6
DPTR FM NORMAL -467
[CDD (BASE 65) ]
TOTAL THIS MO. 0
DPTR FM NORMAL 0 [PRESSURE DATA]
TOTAL FM JAN 1 0 HIGHEST SLP M ON M
DPTR FM NORMAL 0 LOWEST SLP 29.43 ON 19
[REMARKS]
#FINAL-03-20#