000
CXUS55 KRIW 011110
CF6JAC
PRELIMINARY LOCAL CLIMATOLOGICAL DATA (WS FORM: F-6)
STATION: JACKSON WY
MONTH: NOVEMBER
YEAR: 2022
LATITUDE: 43 35 N
LONGITUDE: 110 44 W
TEMPERATURE IN F: :PCPN: SNOW: WIND :SUNSHINE: SKY :PK WND
================================================================================
1 2 3 4 5 6A 6B 7 8 9 10 11 12 13 14 15 16 17 18
12Z AVG MX 2MIN
DY MAX MIN AVG DEP HDD CDD WTR SNW DPTH SPD SPD DIR MIN PSBL S-S WX SPD DR
================================================================================
1 55 25 40 6 25 0 0.00 M M 5.5 15 180 M M 3 M M
2 46 21 34 1 31 0 0.01 M M 11.4 20 190 M M 9 1 36 220
3 36 14 25 -7 40 0 T M M 6.7 15 290 M M 3 17 340
4 28 20 24 -8 41 0 T M M 11.9 18 190 M M 8 1 23 200
5 38 24 31 -1 34 0 0.17 M M 16.2 36 240 M M 9 1 53 240
6 37 15 26 -5 39 0 0.00 M M 8.2 14 200 M M 2 20 200
7 36 23 30 -1 35 0 0.07 M M 4.3 15 270 M M 10 1 25 290
8 35 27 31 1 34 0 T M M 4.3 14 190 M M 10 1 M M
9 35 22 29 -1 36 0 0.13 M M 7.5 21 180 M M 9 12 28 260
10 31 11 21 -8 44 0 T M M 8.2 16 190 M M 10 1 M M
11 34 1 18 -11 47 0 T M M 3.0 8 20 M M 6 1 M M
12 20 -3 9 -19 56 0 T M M 3.4 10 80 M M 5 1 M M
13 29 -6 12 -16 53 0 T M M 3.7 9 30 M M 7 12 M M
14 25 -5 10 -17 55 0 T M M 4.2 9 310 M M 5 M M
15 35 -6 15 -11 50 0 T M M 3.7 9 20 M M 4 12 M M
16 34 4 19 -7 46 0 T M M 2.0 14 190 M M 5 M M
17 22 -1 11 -14 54 0 T M M 8.7 16 10 M M 8 1 M M
18 16 -12 2 -23 63 0 T M M 5.2 16 10 M M 2 8 M M
19 17 -12 3 -21 62 0 T M M 3.8 9 20 M M 3 12 M M
20 21 -10 6 -18 59 0 T M M 4.4 10 30 M M 2 12 M M
21 21 -9 6 -17 59 0 T M M 4.9 10 20 M M 1 1 M M
22 27 -5 11 -12 54 0 0.00 M M 4.6 8 30 M M 1 M M
23 34 13 24 2 41 0 0.03 M M 6.9 16 180 M M 10 1 M M
24 35 2 19 -3 46 0 T M M 4.6 10 30 M M 1 1 M M
25 34 0 17 -4 48 0 T M M 4.2 9 30 M M 1 M M
26 34 8 21 0 44 0 T M M 2.4 12 20 M M 8 12 M M
27 29 10 20 0 45 0 0.01 M M 13.9 25 190 M M 10 12 32 190
28 27 5 16 -4 49 0 T M M 10.9 27 190 M M 9 1 33 180
29 19 -4 8 -11 57 0 T M M 9.3 18 170 M M 9 1 24 170
30 24 12 18 -1 47 0 T M M 11.9 17 230 M M 10 1 M M
================================================================================
SM 914 184 1394 0 0.42 M 199.9 M 180
================================================================================
AV 30.5 6.1 6.7 FASTST M M 6 MAX(MPH)
MISC ----> 36 240 53 240
================================================================================
NOTES:
# LAST OF SEVERAL OCCURRENCES
COLUMN 17 PEAK WIND IN M.P.H.
PRELIMINARY LOCAL CLIMATOLOGICAL DATA (WS FORM: F-6) , PAGE 2
STATION: JACKSON WY
MONTH: NOVEMBER
YEAR: 2022
LATITUDE: 43 35 N
LONGITUDE: 110 44 W
[TEMPERATURE DATA] [PRECIPITATION DATA] SYMBOLS USED IN COLUMN 16
AVERAGE MONTHLY: 18.3 TOTAL FOR MONTH: 0.42 1 = FOG OR MIST
DPTR FM NORMAL: -7.9 DPTR FM NORMAL: -2.22 2 = FOG REDUCING VISIBILITY
HIGHEST: 55 ON 1 GRTST 24HR 0.20 ON 4- 5 TO 1/4 MILE OR LESS
LOWEST: -12 ON 19,18 3 = THUNDER
SNOW, ICE PELLETS, HAIL 4 = ICE PELLETS
TOTAL MONTH: M 5 = HAIL
GRTST 24HR M ON M 6 = FREEZING RAIN OR DRIZZLE
GRTST DEPTH: M ON M 7 = DUSTSTORM OR SANDSTORM:
VSBY 1/2 MILE OR LESS
8 = SMOKE OR HAZE
[NO. OF DAYS WITH] [WEATHER - DAYS WITH] 9 = BLOWING SNOW
X = TORNADO
MAX 32 OR BELOW: 15 0.01 INCH OR MORE: 6
MAX 90 OR ABOVE: 0 0.10 INCH OR MORE: 2
MIN 32 OR BELOW: 30 0.50 INCH OR MORE: 0
MIN 0 OR BELOW: 12 1.00 INCH OR MORE: 0
[HDD (BASE 65) ]
TOTAL THIS MO. 1394 CLEAR (SCALE 0-3) 9
DPTR FM NORMAL 228 PTCLDY (SCALE 4-7) 10
TOTAL FM JUL 1 2459 CLOUDY (SCALE 8-10) 11
DPTR FM NORMAL -177
[CDD (BASE 65) ]
TOTAL THIS MO. 0
DPTR FM NORMAL 0 [PRESSURE DATA]
TOTAL FM JAN 1 56 HIGHEST SLP 30.91 ON 19
DPTR FM NORMAL 13 LOWEST SLP 29.55 ON 5
[REMARKS]
#FINAL-11-22#