000
CXUS55 KRIW 011010
CF6JAC
PRELIMINARY LOCAL CLIMATOLOGICAL DATA (WS FORM: F-6)
STATION: JACKSON WY
MONTH: JULY
YEAR: 2021
LATITUDE: 43 35 N
LONGITUDE: 110 44 W
TEMPERATURE IN F: :PCPN: SNOW: WIND :SUNSHINE: SKY :PK WND
================================================================================
1 2 3 4 5 6A 6B 7 8 9 10 11 12 13 14 15 16 17 18
12Z AVG MX 2MIN
DY MAX MIN AVG DEP HDD CDD WTR SNW DPTH SPD SPD DIR MIN PSBL S-S WX SPD DR
================================================================================
1 80 44 62 3 3 0 0.00 M M 6.1 20 360 M M 1 24 360
2 85 42 64 5 1 0 0.00 M M 4.7 14 290 M M 1 21 310
3 87 46 67 7 0 2 0.00 M M 4.5 12 260 M M 1 18 280
4 88 48 68 8 0 3 0.00 M M 6.1 23 320 M M 1 8 33 310
5 77 53 65 5 0 0 0.09 M M 6.0 14 10 M M 5 M M
6 85 46 66 6 0 1 0.00 M M 4.7 9 310 M M 1 17 160
7 89 47 68 7 0 3 0.02 M M 5.8 22 250 M M 1 3 36 250
8 87 44 66 5 0 1 0.00 M M 6.6 20 230 M M 0 31 250
9 84 42 63 2 2 0 0.00 M M 8.8 23 240 M M 0 8 40 280
10 84 41 63 2 2 0 0.00 M M 4.3 10 280 M M 0 8 M M
11 85 41 63 1 2 0 0.00 M M 3.3 9 20 M M 0 8 M M
12 90 44 67 5 0 2 0.00 M M 5.4 13 250 M M 0 8 22 99
13 89 43 66 4 0 1 T M M 8.0 20 10 M M 1 8 31 240
14 83 49 66 4 0 1 0.00 M M 7.8 14 250 M M 0 8 23 270
15 85 39 62 0 3 0 T M M 7.5 21 150 M M 1 38 25 150
16 86 44 65 3 0 0 T M M 5.8 14 160 M M 1 37 170
17 88 42 65 3 0 0 0.00 M M 5.7 15 300 M M 0 30 340
18 91 47 69 6 0 4 0.00 M M 5.4 10 180 M M 0 8 M M
19 92 48 70 7 0 5 T M M 4.8 13 30 M M 0 M M
20 82 53 68 5 0 3 0.08 M M 5.3 15 280 M M 5 3 29 280
21 85 48 67 4 0 2 0.00 M M 4.8 13 200 M M 1 17 170
22 81 54 68 5 0 3 T M M 7.0 18 100 M M 3 3 16 280
23 84 43 64 1 1 0 0.00 M M 5.0 14 230 M M 0 8 27 230
24 88 42 65 2 0 0 0.00 M M 4.3 10 310 M M 0 8 M M
25 86 48 67 4 0 2 0.00 M M 4.5 10 280 M M 0 8 M M
26 90 43 67 4 0 2 0.00 M M 5.2 8 10 M M 0 8 M M
27 91 46 69 6 0 4 0.00 M M 3.7 10 290 M M 0 8 M M
28 85 57 71 8 0 6 0.07 M M 6.4 17 290 M M 4 3 35 300
29 82 53 68 5 0 3 0.13 M M 5.9 15 360 M M 6 3 21 290
30 80 50 65 2 0 0 0.04 M M 4.4 20 120 M M 5 138 M M
31 78 56 67 4 0 2 T M M 5.8 16 140 M M 6 13 M M
================================================================================
SM 2647 1443 14 50 0.43 M 173.6 M 44
================================================================================
AV 85.4 46.5 5.6 FASTST M M 1 MAX(MPH)
MISC ----> # 23 320 40 280
================================================================================
NOTES:
# LAST OF SEVERAL OCCURRENCES
COLUMN 17 PEAK WIND IN M.P.H.
PRELIMINARY LOCAL CLIMATOLOGICAL DATA (WS FORM: F-6) , PAGE 2
STATION: JACKSON WY
MONTH: JULY
YEAR: 2021
LATITUDE: 43 35 N
LONGITUDE: 110 44 W
[TEMPERATURE DATA] [PRECIPITATION DATA] SYMBOLS USED IN COLUMN 16
AVERAGE MONTHLY: 66.0 TOTAL FOR MONTH: 0.43 1 = FOG OR MIST
DPTR FM NORMAL: 4.2 DPTR FM NORMAL: -0.86 2 = FOG REDUCING VISIBILITY
HIGHEST: 92 ON 19 GRTST 24HR 0.13 ON 29-29 TO 1/4 MILE OR LESS
LOWEST: 39 ON 15 3 = THUNDER
SNOW, ICE PELLETS, HAIL 4 = ICE PELLETS
TOTAL MONTH: M 5 = HAIL
GRTST 24HR M ON M 6 = FREEZING RAIN OR DRIZZLE
GRTST DEPTH: M ON M 7 = DUSTSTORM OR SANDSTORM:
VSBY 1/2 MILE OR LESS
8 = SMOKE OR HAZE
[NO. OF DAYS WITH] [WEATHER - DAYS WITH] 9 = BLOWING SNOW
X = TORNADO
MAX 32 OR BELOW: 0 0.01 INCH OR MORE: 6
MAX 90 OR ABOVE: 5 0.10 INCH OR MORE: 1
MIN 32 OR BELOW: 0 0.50 INCH OR MORE: 0
MIN 0 OR BELOW: 0 1.00 INCH OR MORE: 0
[HDD (BASE 65) ]
TOTAL THIS MO. 14 CLEAR (SCALE 0-3) 24
DPTR FM NORMAL -110 PTCLDY (SCALE 4-7) 7
TOTAL FM JUL 1 14 CLOUDY (SCALE 8-10) 0
DPTR FM NORMAL -108
[CDD (BASE 65) ]
TOTAL THIS MO. 50
DPTR FM NORMAL 24 [PRESSURE DATA]
TOTAL FM JAN 1 51 HIGHEST SLP M ON M
DPTR FM NORMAL 22 LOWEST SLP M ON M
[REMARKS]
#FINAL-07-21#