000
CXUS55 KRIW 011010
CF6JAC
PRELIMINARY LOCAL CLIMATOLOGICAL DATA (WS FORM: F-6)
STATION: JACKSON WY
MONTH: JUNE
YEAR: 2021
LATITUDE: 43 35 N
LONGITUDE: 110 44 W
TEMPERATURE IN F: :PCPN: SNOW: WIND :SUNSHINE: SKY :PK WND
================================================================================
1 2 3 4 5 6A 6B 7 8 9 10 11 12 13 14 15 16 17 18
12Z AVG MX 2MIN
DY MAX MIN AVG DEP HDD CDD WTR SNW DPTH SPD SPD DIR MIN PSBL S-S WX SPD DR
================================================================================
1 75 37 56 5 9 0 0.00 M M 4.9 13 310 M M 1 M M
2 79 39 59 8 6 0 0.00 M M 4.4 8 20 M M 1 16 320
3 84 41 63 12 2 0 0.00 M M 4.5 9 10 M M 0 M M
4 83 43 63 11 2 0 0.00 M M 5.0 15 290 M M 0 24 290
5 80 50 65 13 0 0 0.00 M M 11.4 30 250 M M 1 40 260
6 74 47 61 9 4 0 0.00 M M 13.9 22 210 M M 1 32 200
7 77 39 58 6 7 0 0.00 M M 9.5 20 190 M M 0 30 180
8 77 41 59 6 6 0 T M M 8.8 33 170 M M 1 44 170
9 80 36 58 5 7 0 0.00 M M 6.9 21 210 M M 0 32 190
10 68 36 52 -1 13 0 T M M 13.9 27 220 M M 4 37 220
11 66 27 47 -6 18 0 T M M 6.4 16 190 M M 0 22 170
12 78 31 55 1 10 0 0.00 M M 6.3 14 260 M M 0 18 260
13 86 36 61 7 4 0 0.00 M M 5.0 9 260 M M 0 M M
14 87 37 62 8 3 0 0.00 M M 6.4 14 180 M M 0 18 180
15 88 37 63 9 2 0 0.00 M M 8.1 20 210 M M 0 35 200
16 84 40 62 7 3 0 0.00 M M 6.9 15 250 M M 0 22 250
17 81 42 62 7 3 0 0.00 M M 6.9 16 220 M M 0 27 220
18 83 36 60 5 5 0 0.00 M M 5.9 18 220 M M 0 22 220
19 83 38 61 5 4 0 0.00 M M 10.6 22 240 M M 0 35 240
20 75 44 60 4 5 0 T M M 8.1 28 10 M M 2 33 10
21 80 37 59 3 6 0 0.00 M M 6.5 15 290 M M 0 20 220
22 85 40 63 7 2 0 0.00 M M 6.2 13 230 M M 0 20 250
23 80 45 63 6 2 0 0.00 M M 8.1 20 40 M M 1 3 30 20
24 73 43 58 1 7 0 0.02 M M 5.6 22 30 M M 4 3 31 290
25 70 40 55 -2 10 0 0.05 M M 4.1 18 220 M M 4 1 22 300
26 76 43 60 2 5 0 0.00 M M 11.7 21 360 M M 2 30 20
27 79 44 62 4 3 0 0.00 M M 9.5 17 40 M M 4 23 40
28 83 49 66 8 0 1 0.00 M M 8.6 16 20 M M 0 21 20
29 85 40 63 4 2 0 T M M 6.6 17 170 M M 2 3 23 170
30 83 42 63 4 2 0 0.00 M M 6.6 14 10 M M 0 M M
================================================================================
SM 2382 1200 152 1 0.07 M 227.3 M 28
================================================================================
AV 79.4 40.0 7.6 FASTST M M 1 MAX(MPH)
MISC ----> 33 170 44 170
================================================================================
NOTES:
# LAST OF SEVERAL OCCURRENCES
COLUMN 17 PEAK WIND IN M.P.H.
PRELIMINARY LOCAL CLIMATOLOGICAL DATA (WS FORM: F-6) , PAGE 2
STATION: JACKSON WY
MONTH: JUNE
YEAR: 2021
LATITUDE: 43 35 N
LONGITUDE: 110 44 W
[TEMPERATURE DATA] [PRECIPITATION DATA] SYMBOLS USED IN COLUMN 16
AVERAGE MONTHLY: 59.7 TOTAL FOR MONTH: 0.07 1 = FOG OR MIST
DPTR FM NORMAL: 5.0 DPTR FM NORMAL: -1.54 2 = FOG REDUCING VISIBILITY
HIGHEST: 88 ON 15 GRTST 24HR 0.07 ON 24-25 TO 1/4 MILE OR LESS
LOWEST: 27 ON 11 3 = THUNDER
SNOW, ICE PELLETS, HAIL 4 = ICE PELLETS
TOTAL MONTH: M 5 = HAIL
GRTST 24HR M ON M 6 = FREEZING RAIN OR DRIZZLE
GRTST DEPTH: M ON M 7 = DUSTSTORM OR SANDSTORM:
VSBY 1/2 MILE OR LESS
8 = SMOKE OR HAZE
[NO. OF DAYS WITH] [WEATHER - DAYS WITH] 9 = BLOWING SNOW
X = TORNADO
MAX 32 OR BELOW: 0 0.01 INCH OR MORE: 2
MAX 90 OR ABOVE: 0 0.10 INCH OR MORE: 0
MIN 32 OR BELOW: 2 0.50 INCH OR MORE: 0
MIN 0 OR BELOW: 0 1.00 INCH OR MORE: 0
[HDD (BASE 65) ]
TOTAL THIS MO. 152 CLEAR (SCALE 0-3) 26
DPTR FM NORMAL -160 PTCLDY (SCALE 4-7) 4
TOTAL FM JUL 1 9579 CLOUDY (SCALE 8-10) 0
DPTR FM NORMAL -427
[CDD (BASE 65) ]
TOTAL THIS MO. 1
DPTR FM NORMAL -2 [PRESSURE DATA]
TOTAL FM JAN 1 1 HIGHEST SLP 30.29 ON 11
DPTR FM NORMAL -2 LOWEST SLP 29.61 ON 5
[REMARKS]
#FINAL-06-21#