000
CXUS55 KRIW 011010
CF6JAC
PRELIMINARY LOCAL CLIMATOLOGICAL DATA (WS FORM: F-6)
STATION: JACKSON WY
MONTH: APRIL
YEAR: 2021
LATITUDE: 43 35 N
LONGITUDE: 110 44 W
TEMPERATURE IN F: :PCPN: SNOW: WIND :SUNSHINE: SKY :PK WND
================================================================================
1 2 3 4 5 6A 6B 7 8 9 10 11 12 13 14 15 16 17 18
12Z AVG MX 2MIN
DY MAX MIN AVG DEP HDD CDD WTR SNW DPTH SPD SPD DIR MIN PSBL S-S WX SPD DR
================================================================================
1 52 13 33 1 32 0 0.00 M M 6.0 13 200 M M 0 M M
2 54 18 36 3 29 0 0.00 M M 6.1 14 250 M M 0 M M
3 58 22 40 7 25 0 0.00 M M 5.6 12 20 M M 0 M M
4 59 28 44 11 21 0 0.00 M M 7.4 22 250 M M 1 28 250
5 51 27 39 5 26 0 0.06 M M 7.3 16 30 M M 6 1 17 290
6 40 28 34 0 31 0 0.19 M M 5.5 13 300 M M 10 1 M M
7 48 23 36 2 29 0 0.00 M M 5.7 14 260 M M 1 M M
8 46 25 36 1 29 0 0.10 M M 12.9 27 250 M M 6 1 41 220
9 42 12 27 -8 38 0 T M M 5.4 15 250 M M 2 1 18 10
10 52 16 34 -1 31 0 0.00 M M 14.9 30 250 M M 0 45 240
11 41 22 32 -4 33 0 0.00 M M 8.2 13 300 M M 2 22 270
12 39 15 27 -9 38 0 0.00 M M 10.2 18 20 M M 3 22 20
13 41 21 31 -5 34 0 0.00 M M 18.3 24 30 M M 3 33 30
14 37 23 30 -6 35 0 T M M 22.2 28 20 M M 9 1 39 20
15 40 26 33 -4 32 0 T M M 14.2 22 20 M M 9 28 20
16 44 18 31 -6 34 0 0.00 M M 14.8 21 10 M M 5 27 20
17 51 18 35 -2 30 0 0.00 M M 8.1 13 20 M M 0 M M
18 56 18 37 -1 28 0 0.00 M M 6.6 16 300 M M 2 31 330
19 43 18 31 -7 34 0 0.01 M M 14.9 31 20 M M 4 12 39 20
20 42 10 26 -12 39 0 0.00 M M 6.4 15 20 M M 0 M M
21 50 13 32 -7 33 0 0.00 M M 6.4 13 20 M M 0 M M
22 54 15 35 -4 30 0 T M M 6.5 15 250 M M 2 24 260
23 49 27 38 -2 27 0 T M M 6.2 20 290 M M 7 29 280
24 53 29 41 1 24 0 0.04 M M 10.5 29 210 M M 6 35 210
25 45 34 40 0 25 0 0.05 M M 8.5 16 190 M M 9 M M
26 41 32 37 -3 28 0 0.13 M M 4.2 13 10 M M 10 1 M M
27 53 27 40 -1 25 0 T M M 8.4 16 20 M M 3 1 24 20
28 57 22 40 -1 25 0 0.00 M M 6.9 16 310 M M 0 22 290
29 66 26 46 4 19 0 0.00 M M 5.9 13 310 M M 0 21 310
30 75 30 53 11 12 0 0.00 M M 9.3 18 180 M M 0 25 280
================================================================================
SM 1479 656 876 0 0.58 M 273.5 M 100
================================================================================
AV 49.3 21.9 9.1 FASTST M M 3 MAX(MPH)
MISC ----> 31 20 45 240
================================================================================
NOTES:
# LAST OF SEVERAL OCCURRENCES
COLUMN 17 PEAK WIND IN M.P.H.
PRELIMINARY LOCAL CLIMATOLOGICAL DATA (WS FORM: F-6) , PAGE 2
STATION: JACKSON WY
MONTH: APRIL
YEAR: 2021
LATITUDE: 43 35 N
LONGITUDE: 110 44 W
[TEMPERATURE DATA] [PRECIPITATION DATA] SYMBOLS USED IN COLUMN 16
AVERAGE MONTHLY: 35.6 TOTAL FOR MONTH: 0.58 1 = FOG OR MIST
DPTR FM NORMAL: -1.4 DPTR FM NORMAL: -0.91 2 = FOG REDUCING VISIBILITY
HIGHEST: 75 ON 30 GRTST 24HR 0.19 ON 5- 6 TO 1/4 MILE OR LESS
LOWEST: 10 ON 20 3 = THUNDER
SNOW, ICE PELLETS, HAIL 4 = ICE PELLETS
TOTAL MONTH: M 5 = HAIL
GRTST 24HR M ON M 6 = FREEZING RAIN OR DRIZZLE
GRTST DEPTH: M ON M 7 = DUSTSTORM OR SANDSTORM:
VSBY 1/2 MILE OR LESS
8 = SMOKE OR HAZE
[NO. OF DAYS WITH] [WEATHER - DAYS WITH] 9 = BLOWING SNOW
X = TORNADO
MAX 32 OR BELOW: 0 0.01 INCH OR MORE: 7
MAX 90 OR ABOVE: 0 0.10 INCH OR MORE: 3
MIN 32 OR BELOW: 29 0.50 INCH OR MORE: 0
MIN 0 OR BELOW: 0 1.00 INCH OR MORE: 0
[HDD (BASE 65) ]
TOTAL THIS MO. 876 CLEAR (SCALE 0-3) 19
DPTR FM NORMAL 37 PTCLDY (SCALE 4-7) 6
TOTAL FM JUL 1 8860 CLOUDY (SCALE 8-10) 5
DPTR FM NORMAL -269
[CDD (BASE 65) ]
TOTAL THIS MO. 0
DPTR FM NORMAL 0 [PRESSURE DATA]
TOTAL FM JAN 1 0 HIGHEST SLP 30.53 ON 1
DPTR FM NORMAL 0 LOWEST SLP 29.63 ON 26
[REMARKS]
#FINAL-04-21#