000
CXUS55 KRIW 011110
CF6JAC
PRELIMINARY LOCAL CLIMATOLOGICAL DATA (WS FORM: F-6)
STATION: JACKSON WY
MONTH: FEBRUARY
YEAR: 2021
LATITUDE: 43 35 N
LONGITUDE: 110 44 W
TEMPERATURE IN F: :PCPN: SNOW: WIND :SUNSHINE: SKY :PK WND
================================================================================
1 2 3 4 5 6A 6B 7 8 9 10 11 12 13 14 15 16 17 18
12Z AVG MX 2MIN
DY MAX MIN AVG DEP HDD CDD WTR SNW DPTH SPD SPD DIR MIN PSBL S-S WX SPD DR
================================================================================
1 29 -9 10 -5 55 0 T M M 5.1 13 30 M M 3 M M
2 35 6 21 6 44 0 T M M 5.6 15 240 M M 8 M M
3 34 18 26 11 39 0 0.10 M M 11.9 22 160 M M 8 1 27 190
4 30 20 25 10 40 0 0.01 M M 10.4 20 190 M M 10 1 28 230
5 33 21 27 12 38 0 0.20 M M 13.0 25 260 M M 10 12 41 290
6 30 23 27 12 38 0 0.01 M M 15.9 30 280 M M 10 1 52 280
7 29 22 26 10 39 0 T M M 20.5 31 230 M M 9 44 230
8 29 14 22 6 43 0 T M M 13.9 23 270 M M 4 35 240
9 33 18 26 10 39 0 T M M 20.8 32 240 M M 2 44 240
10 30 21 26 10 39 0 T M M 21.3 29 270 M M 6 43 270
11 29 24 27 11 38 0 0.01 M M 18.2 28 250 M M 6 1 37 250
12 34 20 27 11 38 0 0.17 M M 9.8 21 220 M M 10 1 27 200
13 34 8 21 4 44 0 0.07 M M 9.9 24 20 M M 10 1 30 60
14 15 5 10 -7 55 0 T M M 4.5 16 10 M M 10 1 23 10
15 24 1 13 -4 52 0 0.14 M M 4.8 13 250 M M 10 1 M M
16 35 16 26 8 39 0 0.03 M M 5.4 13 10 M M 10 1 16 160
17 34 0 17 -1 48 0 T M M 6.1 16 330 M M 7 18 23 330
18 25 9 17 -1 48 0 T M M 7.1 15 230 M M 8 20 230
19 30 15 23 5 42 0 0.03 M M 11.2 23 200 M M 10 1 18 210
20 29 16 23 4 42 0 0.19 M M 6.6 22 200 M M 9 12 18 210
21 27 15 21 2 44 0 T M M 14.3 24 210 M M 9 18 33 220
22 33 24 29 10 36 0 T M M 20.1 27 180 M M 10 18 38 200
23 33 18 26 6 39 0 0.14 M M 13.6 37 240 M M 8 128 48 250
24 34 -5 15 -5 50 0 T M M 5.5 13 20 M M 5 18 M M
25 23 -19 2 -18 63 0 T M M 8.6 20 210 M M 4 1 24 240
26 24 16 20 -1 45 0 M M M 15.0 25 190 M M 9 1 30 190
27 31 3 17 -4 48 0 0.01 M M 8.2 20 300 M M 7 1 23 320
28 29 -4 13 -9 52 0 T M M 8.5 16 250 M M 8 1 M M
================================================================================
SM 835 316 1237 0 1.11 M 315.7 M 220
================================================================================
AV 29.8 11.3 11.3 FASTST M M 8 MAX(MPH)
MISC ----> 37 240 52 280
================================================================================
NOTES:
# LAST OF SEVERAL OCCURRENCES
COLUMN 17 PEAK WIND IN M.P.H.
PRELIMINARY LOCAL CLIMATOLOGICAL DATA (WS FORM: F-6) , PAGE 2
STATION: JACKSON WY
MONTH: FEBRUARY
YEAR: 2021
LATITUDE: 43 35 N
LONGITUDE: 110 44 W
[TEMPERATURE DATA] [PRECIPITATION DATA] SYMBOLS USED IN COLUMN 16
AVERAGE MONTHLY: 20.6 TOTAL FOR MONTH: 1.11 1 = FOG OR MIST
DPTR FM NORMAL: 3.2 DPTR FM NORMAL: -0.71 2 = FOG REDUCING VISIBILITY
HIGHEST: 35 ON 16, 2 GRTST 24HR 0.20 ON 12-13 TO 1/4 MILE OR LESS
LOWEST: -19 ON 25 3 = THUNDER
SNOW, ICE PELLETS, HAIL 4 = ICE PELLETS
TOTAL MONTH: M 5 = HAIL
GRTST 24HR M ON M 6 = FREEZING RAIN OR DRIZZLE
GRTST DEPTH: M ON M 7 = DUSTSTORM OR SANDSTORM:
VSBY 1/2 MILE OR LESS
8 = SMOKE OR HAZE
[NO. OF DAYS WITH] [WEATHER - DAYS WITH] 9 = BLOWING SNOW
X = TORNADO
MAX 32 OR BELOW: 17 0.01 INCH OR MORE: 13
MAX 90 OR ABOVE: 0 0.10 INCH OR MORE: 6
MIN 32 OR BELOW: 28 0.50 INCH OR MORE: 0
MIN 0 OR BELOW: 5 1.00 INCH OR MORE: 0
[HDD (BASE 65) ]
TOTAL THIS MO. 1237 CLEAR (SCALE 0-3) 2
DPTR FM NORMAL -94 PTCLDY (SCALE 4-7) 10
TOTAL FM JUL 1 6771 CLOUDY (SCALE 8-10) 16
DPTR FM NORMAL -354
[CDD (BASE 65) ]
TOTAL THIS MO. 0
DPTR FM NORMAL 0 [PRESSURE DATA]
TOTAL FM JAN 1 0 HIGHEST SLP 30.81 ON 1
DPTR FM NORMAL 0 LOWEST SLP 29.62 ON 13
[REMARKS]
#FINAL-02-21#