330
CXUS55 KRIW 010945
CF6JAC
PRELIMINARY LOCAL CLIMATOLOGICAL DATA (WS FORM: F-6)
STATION: JACKSON WY
MONTH: JUNE
YEAR: 2020
LATITUDE: 43 35 N
LONGITUDE: 110 44 W
TEMPERATURE IN F: :PCPN: SNOW: WIND :SUNSHINE: SKY :PK WND
================================================================================
1 2 3 4 5 6A 6B 7 8 9 10 11 12 13 14 15 16 17 18
12Z AVG MX 2MIN
DY MAX MIN AVG DEP HDD CDD WTR SNW DPTH SPD SPD DIR MIN PSBL S-S WX SPD DR
================================================================================
1 78 41 60 9 5 0 0.00 M M 8.6 22 230 M M 1 30 230
2 73 43 58 7 7 0 0.00 M M 7.7 20 240 M M 2 25 270
3 71 43 57 6 8 0 0.20 M M 5.8 12 190 M M 3 3 31 320
4 72 43 58 6 7 0 T M M 12.2 27 250 M M 5 40 230
5 82 39 61 9 4 0 0.00 M M 6.6 16 200 M M 1 25 210
6 68 44 56 4 9 0 0.10 M M 8.9 18 190 M M 7 3 38 220
7 47 33 40 -12 25 0 0.17 M M 10.2 21 210 M M 6 M M
8 48 29 39 -14 26 0 0.05 M M 8.4 15 200 M M 6 1 21 210
9 53 29 41 -12 24 0 T M M 7.6 14 200 M M 7 24 99
10 66 34 50 -3 15 0 0.00 M M 6.6 16 260 M M 4 24 260
11 75 34 55 2 10 0 0.00 M M 5.0 9 350 M M 1 M M
12 82 37 60 6 5 0 0.00 M M 5.4 18 210 M M 0 30 150
13 76 42 59 5 6 0 0.00 M M 11.5 29 200 M M 0 40 200
14 60 39 50 -4 15 0 0.00 M M 12.5 23 220 M M 6 36 220
15 68 37 53 -1 12 0 0.00 M M 9.1 20 190 M M 1 24 190
16 57 44 51 -4 14 0 0.12 M M 9.0 16 230 M M 7 1 17 280
17 50 34 42 -13 23 0 0.09 M M 11.6 23 190 M M 9 27 210
18 63 31 47 -8 18 0 0.00 M M 4.7 10 10 M M 5 M M
19 66 30 48 -8 17 0 0.00 M M 6.4 14 290 M M 2 23 290
20 69 33 51 -5 14 0 0.00 M M 6.6 20 240 M M 4 32 250
21 71 40 56 0 9 0 0.02 M M 5.1 15 230 M M 5 3 21 220
22 75 39 57 1 8 0 0.00 M M 4.7 13 300 M M 2 M M
23 79 39 59 2 6 0 0.00 M M 5.4 14 300 M M 1 21 300
24 81 39 60 3 5 0 0.01 M M 4.2 10 270 M M 2 3 M M
25 64 44 54 -3 11 0 0.19 M M 5.2 16 10 M M 4 24 10
26 77 37 57 -1 8 0 0.00 M M 3.8 8 280 M M 0 M M
27 80 41 61 3 4 0 0.02 M M 10.0 23 240 M M 1 3 46 210
28 57 42 50 -8 15 0 0.77 M M 6.6 12 10 M M 10 1 M M
29 50 36 43 -16 22 0 0.17 M M 4.3 10 150 M M 8 1 M M
30 53 37 45 -14 20 0 0.22 M M 8.7 15 220 M M 8 24 220
================================================================================
SM 2011 1133 372 0 2.13 M 222.4 M 118
================================================================================
AV 67.0 37.8 7.4 FASTST M M 4 MAX(MPH)
MISC ----> # 29 200 # 46 210
================================================================================
NOTES:
# LAST OF SEVERAL OCCURRENCES
COLUMN 17 PEAK WIND IN M.P.H.
PRELIMINARY LOCAL CLIMATOLOGICAL DATA (WS FORM: F-6) , PAGE 2
STATION: JACKSON WY
MONTH: JUNE
YEAR: 2020
LATITUDE: 43 35 N
LONGITUDE: 110 44 W
[TEMPERATURE DATA] [PRECIPITATION DATA] SYMBOLS USED IN COLUMN 16
AVERAGE MONTHLY: 52.4 TOTAL FOR MONTH: 2.13 1 = FOG OR MIST
DPTR FM NORMAL: -2.3 DPTR FM NORMAL: 0.52 2 = FOG REDUCING VISIBILITY
HIGHEST: 82 ON 12, 5 GRTST 24HR 0.77 ON 28-28 TO 1/4 MILE OR LESS
LOWEST: 29 ON 9, 8 3 = THUNDER
SNOW, ICE PELLETS, HAIL 4 = ICE PELLETS
TOTAL MONTH: M 5 = HAIL
GRTST 24HR M ON M 6 = FREEZING RAIN OR DRIZZLE
GRTST DEPTH: M ON M 7 = DUSTSTORM OR SANDSTORM:
VSBY 1/2 MILE OR LESS
8 = SMOKE OR HAZE
[NO. OF DAYS WITH] [WEATHER - DAYS WITH] 9 = BLOWING SNOW
X = TORNADO
MAX 32 OR BELOW: 0 0.01 INCH OR MORE: 13
MAX 90 OR ABOVE: 0 0.10 INCH OR MORE: 8
MIN 32 OR BELOW: 4 0.50 INCH OR MORE: 1
MIN 0 OR BELOW: 0 1.00 INCH OR MORE: 0
[HDD (BASE 65) ]
TOTAL THIS MO. 372 CLEAR (SCALE 0-3) 14
DPTR FM NORMAL 60 PTCLDY (SCALE 4-7) 12
TOTAL FM JUL 1 9861 CLOUDY (SCALE 8-10) 4
DPTR FM NORMAL -145
[CDD (BASE 65) ]
TOTAL THIS MO. 0
DPTR FM NORMAL -3 [PRESSURE DATA]
TOTAL FM JAN 1 0 HIGHEST SLP 30.35 ON 11
DPTR FM NORMAL -3 LOWEST SLP 29.40 ON 6
[REMARKS]
#FINAL-06-20#