000
CXUS52 KJAX 021737
CF6JAX
PRELIMINARY LOCAL CLIMATOLOGICAL DATA (WS FORM: F-6)
STATION: JACKSONVILLE
MONTH: JULY
YEAR: 2022
LATITUDE: 30 30 N
LONGITUDE: 81 42 W
TEMPERATURE IN F: :PCPN: SNOW: WIND :SUNSHINE: SKY :PK WND
================================================================================
1 2 3 4 5 6A 6B 7 8 9 10 11 12 13 14 15 16 17 18
12Z AVG MX 2MIN
DY MAX MIN AVG DEP HDD CDD WTR SNW DPTH SPD SPD DIR MIN PSBL S-S WX SPD DR
================================================================================
1 94 71 83 1 0 18 0.63 0.0 0 4.1 18 150 M M 8 13 25 140
2 94 72 83 1 0 18 1.23 0.0 0 4.6 23 150 M M 8 13 30 150
3 91 73 82 0 0 17 0.60 0.0 0 4.8 22 220 M M 6 13 31 230
4 94 73 84 2 0 19 0.00 0.0 0 6.6 17 100 M M 5 22 100
5 92 75 84 2 0 19 0.00 0.0 0 6.3 16 130 M M 6 3 21 120
6 95 73 84 2 0 19 0.00 0.0 0 4.7 15 110 M M 4 20 100
7 97 74 86 4 0 21 0.26 0.0 0 5.2 31 60 M M 7 13 41 30
8 93 74 84 2 0 19 0.20 0.0 0 5.2 21 320 M M 7 13 30 290
9 91 74 83 1 0 18 0.88 0.0 0 4.4 25 230 M M 8 13 44 230
10 92 75 84 2 0 19 T 0.0 0 6.7 24 300 M M 9 3 32 300
11 91 74 83 0 0 18 0.14 0.0 0 4.7 20 200 M M 8 13 26 180
12 95 73 84 1 0 19 T 0.0 0 5.3 20 280 M M 7 123 25 270
13 94 74 84 1 0 19 0.00 0.0 0 4.9 18 260 M M 6 25 230
14 93 73 83 0 0 18 0.66 0.0 0 5.6 25 310 M M 8 13 36 320
15 89 72 81 -2 0 16 0.06 0.0 0 4.3 18 140 M M 8 3 23 140
16 88 71 80 -3 0 15 0.20 0.0 0 5.3 18 60 M M 8 13 23 50
17 91 71 81 -2 0 16 2.24 0.0 0 4.5 25 170 M M 7 13 32 170
18 90 72 81 -2 0 16 0.90 0.0 0 5.6 23 170 M M 6 13 32 180
19 91 73 82 -1 0 17 0.03 0.0 0 6.8 15 300 M M 7 13 21 310
20 90 73 82 -1 0 17 0.36 0.0 0 4.7 32 290 M M 6 13 45 290
21 94 72 83 0 0 18 0.00 0.0 0 6.1 33 280 M M 5 3 45 270
22 94 71 83 0 0 18 0.00 0.0 0 3.8 17 240 M M 4 3 25 240
23 92 70 81 -2 0 16 1.30 0.0 0 2.6 26 60 M M 4 13 37 50
24 90 70 80 -3 0 15 0.03 0.0 0 2.6 20 220 M M 5 13 26 220
25 93 70 82 -1 0 17 0.00 0.0 0 4.5 15 140 M M 5 3 22 160
26 92 73 83 0 0 18 0.00 0.0 0 4.7 17 220 M M 6 23 230
27 91 71 81 -2 0 16 0.23 0.0 0 4.7 16 170 M M 5 1 21 170
28 93 73 83 0 0 18 T 0.0 0 4.9 20 150 M M 5 3 26 150
29 95 73 84 1 0 19 0.00 0.0 0 5.4 15 240 M M 4 19 230
30 96 74 85 2 0 20 0.00 0.0 0 4.5 13 130 M M 3 18 120
31 96 74 85 2 0 20 0.00 0.0 0 4.9 14 130 M M 2 18 150
================================================================================
SM 2871 2251 0 553 9.95 0.0 153.0 M 187
================================================================================
AV 92.6 72.6 4.9 FASTST M M 6 MAX(MPH)
MISC ----> 33 280 # 45 290
================================================================================
NOTES:
# LAST OF SEVERAL OCCURRENCES
COLUMN 17 PEAK WIND IN M.P.H.
PRELIMINARY LOCAL CLIMATOLOGICAL DATA (WS FORM: F-6) , PAGE 2
STATION: JACKSONVILLE
MONTH: JULY
YEAR: 2022
LATITUDE: 30 30 N
LONGITUDE: 81 42 W
[TEMPERATURE DATA] [PRECIPITATION DATA] SYMBOLS USED IN COLUMN 16
AVERAGE MONTHLY: 82.6 TOTAL FOR MONTH: 9.95 1 = FOG OR MIST
DPTR FM NORMAL: 0.1 DPTR FM NORMAL: 3.18 2 = FOG REDUCING VISIBILITY
HIGHEST: 97 ON 7 GRTST 24HR 3.14 ON 17-18 TO 1/4 MILE OR LESS
LOWEST: 70 ON 25,24 3 = THUNDER
SNOW, ICE PELLETS, HAIL 4 = ICE PELLETS
TOTAL MONTH: 0.0 INCH 5 = HAIL
GRTST 24HR 0.0 6 = FREEZING RAIN OR DRIZZLE
GRTST DEPTH: 0 7 = DUSTSTORM OR SANDSTORM:
VSBY 1/2 MILE OR LESS
8 = SMOKE OR HAZE
[NO. OF DAYS WITH] [WEATHER - DAYS WITH] 9 = BLOWING SNOW
X = TORNADO
MAX 32 OR BELOW: 0 0.01 INCH OR MORE: 17
MAX 90 OR ABOVE: 29 0.10 INCH OR MORE: 14
MIN 32 OR BELOW: 0 0.50 INCH OR MORE: 8
MIN 0 OR BELOW: 0 1.00 INCH OR MORE: 3
[HDD (BASE 65) ]
TOTAL THIS MO. 0 CLEAR (SCALE 0-3) 2
DPTR FM NORMAL 0 PTCLDY (SCALE 4-7) 28
TOTAL FM JUL 1 0 CLOUDY (SCALE 8-10) 1
DPTR FM NORMAL 0
[CDD (BASE 65) ]
TOTAL THIS MO. 553
DPTR FM NORMAL 9 [PRESSURE DATA]
TOTAL FM JAN 1 1641 HIGHEST SLP 30.22 ON 31
DPTR FM NORMAL 88 LOWEST SLP 29.85 ON 11
[REMARKS]
#FINAL-07-22#