000
CXUS51 KOKX 280910
CF6JFK
PRELIMINARY LOCAL CLIMATOLOGICAL DATA (WS FORM: F-6)
STATION: KENNEDY NY
MONTH: MARCH
YEAR: 2024
LATITUDE: 40 39 N
LONGITUDE: 73 47 W
TEMPERATURE IN F: :PCPN: SNOW: WIND :SUNSHINE: SKY :PK WND
================================================================================
1 2 3 4 5 6A 6B 7 8 9 10 11 12 13 14 15 16 17 18
12Z AVG MX 2MIN
DY MAX MIN AVG DEP HDD CDD WTR SNW DPTH SPD SPD DIR MIN PSBL S-S WX SPD DR
================================================================================
1 41 28 35 -2 30 0 0.00 0.0 0 10.4 22 180 M M 4 28 190
2 53 41 47 9 18 0 1.45 0.0 0 11.1 28 100 M M 10 12 40 110
3 68 47 58 20 7 0 0.00 0.0 0 10.2 17 330 M M 6 12 23 320
4 55 42 49 11 16 0 0.00 0.0 0 10.4 20 100 M M 8 1 26 110
5 48 42 45 7 20 0 0.42 0.0 0 10.9 18 50 M M 10 12 24 50
6 51 45 48 10 17 0 1.88 0.0 0 7.1 17 40 M M 10 12 21 50
7 55 44 50 11 15 0 0.15 0.0 0 15.8 25 360 M M 9 12 38 360
8 66 39 53 14 12 0 0.00 0.0 0 10.6 20 30 M M 6 25 20
9 49 40 45 6 20 0 1.70 0.0 0 17.3 33 120 M M 10 1 50 120
10 53 37 45 5 20 0 0.03 0.0 0 19.5 36 300 M M 8 1 48 290
11 53 35 44 4 21 0 T T 0 26.6 39 320 M M 5 55 310
12 67 41 54 14 11 0 0.00 0.0 0 13.5 24 290 M M 3 33 290
13 57 41 49 9 16 0 0.00 0.0 0 6.0 17 130 M M 5 21 160
14 66 41 54 14 11 0 0.00 0.0 0 6.0 13 170 M M 6 17 180
15 72 49 61 20 4 0 T 0.0 0 11.2 26 320 M M 8 33 320
16 55 43 49 8 16 0 0.00 0.0 0 11.1 22 180 M M 5 28 180
17 63 47 55 14 10 0 0.00 0.0 0 13.6 28 280 M M 7 37 280
18 53 38 46 4 19 0 0.00 0.0 0 14.8 26 320 M M 8 35 310
19 48 35 42 0 23 0 T 0.0 0 16.4 30 300 M M 6 37 270
20 53 34 44 2 21 0 0.03 0.0 0 14.7 33 330 M M 7 43 300
21 44 30 37 -5 28 0 0.00 0.0 0 19.3 32 320 M M 2 43 320
22 41 28 35 -8 30 0 T 0.0 0 9.7 22 330 M M 6 27 320
23 52 35 44 1 21 0 3.13 0.0 0 16.7 38 340 M M 9 1 55 340
24 46 31 39 -4 26 0 0.00 0.0 0 15.9 32 350 M M 2 41 340
25 52 34 43 -1 22 0 0.00 0.0 0 12.7 24 50 M M 2 31 40
26 49 38 44 0 21 0 0.00 0.0 0 10.0 21 50 M M 9 27 60
27 50 40 45 1 20 0 0.11 0.0 0 5.3 16 120 M M 10 1 19 110
================================================================================
SM 1460 1045 495 0 8.90 T 346.8 M 181
================================================================================
AV 54.1 38.7 12.8 FASTST M M 7 MAX(MPH)
MISC ----> 39 320 # 55 310
================================================================================
NOTES:
# LAST OF SEVERAL OCCURRENCES
COLUMN 17 PEAK WIND IN M.P.H.
PRELIMINARY LOCAL CLIMATOLOGICAL DATA (WS FORM: F-6) , PAGE 2
STATION: KENNEDY NY
MONTH: MARCH
YEAR: 2024
LATITUDE: 40 39 N
LONGITUDE: 73 47 W
[TEMPERATURE DATA] [PRECIPITATION DATA] SYMBOLS USED IN COLUMN 16
AVERAGE MONTHLY: 46.4 TOTAL FOR MONTH: 8.90 1 = FOG OR MIST
DPTR FM NORMAL: 5.8 DPTR FM NORMAL: 5.47 2 = FOG REDUCING VISIBILITY
HIGHEST: 72 ON 15 GRTST 24HR 3.13 ON 23-23 TO 1/4 MILE OR LESS
LOWEST: 28 ON 22, 1 3 = THUNDER
SNOW, ICE PELLETS, HAIL 4 = ICE PELLETS
TOTAL MONTH: T 5 = HAIL
GRTST 24HR T ON 11-11 6 = FREEZING RAIN OR DRIZZLE
GRTST DEPTH: 0 7 = DUSTSTORM OR SANDSTORM:
VSBY 1/2 MILE OR LESS
8 = SMOKE OR HAZE
[NO. OF DAYS WITH] [WEATHER - DAYS WITH] 9 = BLOWING SNOW
X = TORNADO
MAX 32 OR BELOW: 0 0.01 INCH OR MORE: 9
MAX 90 OR ABOVE: 0 0.10 INCH OR MORE: 7
MIN 32 OR BELOW: 4 0.50 INCH OR MORE: 4
MIN 0 OR BELOW: 0 1.00 INCH OR MORE: 4
[HDD (BASE 65) ]
TOTAL THIS MO. 495 CLEAR (SCALE 0-3) 4
DPTR FM NORMAL -164 PTCLDY (SCALE 4-7) 14
TOTAL FM JUL 1 3658 CLOUDY (SCALE 8-10) 9
DPTR FM NORMAL -514
[CDD (BASE 65) ]
TOTAL THIS MO. 0
DPTR FM NORMAL 0 [PRESSURE DATA]
TOTAL FM JAN 1 0 HIGHEST SLP M ON M
DPTR FM NORMAL 0 LOWEST SLP 29.35 ON 10
[REMARKS]