000
CXUS53 KJKL 011351
CLMJKL
CLIMATE REPORT
NATIONAL WEATHER SERVICE JACKSON KY
951 AM EDT FRI SEP 01 2023
...................................
...THE JACKSON KY CLIMATE SUMMARY FOR THE MONTH OF AUGUST 2023...
CLIMATE NORMAL PERIOD 1991 TO 2020
CLIMATE RECORD PERIOD 1981 TO 2023
WEATHER OBSERVED NORMAL DEPART LAST YEAR`S
VALUE DATE(S) VALUE FROM VALUE DATE(S)
NORMAL
................................................................
TEMPERATURE (F)
RECORD
HIGH 101 08/18/1988
08/17/1988
LOW 45 08/08/1989
08/29/1986
HIGHEST 91 08/25 92 -1 90 08/28
08/29
LOWEST 57 08/31 55 2 59 08/13
AVG. MAXIMUM 82.5 84.4 -1.9 84.0
AVG. MINIMUM 65.7 65.3 0.4 66.6
MEAN 74.1 74.9 -0.8 75.3
DAYS MAX >= 90 2 4.4 -2.4 2
DAYS MAX <= 32 0 0.0 0.0 0
DAYS MIN <= 32 0 0.0 0.0 0
DAYS MIN <= 0 0 0.0 0.0 0
PRECIPITATION (INCHES)
RECORD
MAXIMUM 10.04 2013
MINIMUM 1.16 2008
TOTALS 6.96 4.26 2.70 3.65
DAILY AVG. 0.22 0.14 0.08 0.12
DAYS >= .01 12 10.5 1.5 11
DAYS >= .10 9 6.6 2.4 9
DAYS >= .50 5 3.0 2.0 2
DAYS >= 1.00 3 1.4 1.6 1
GREATEST
24 HR. TOTAL 2.64 08/25 TO 08/26 1.20
SNOWFALL (INCHES)
RECORDS
TOTAL MM MM
TOTALS T* 0.0 0.0 0.0
SINCE 7/1 T* 0.0 0.0 0.0
SNOWDEPTH AVG. 0 0
DAYS >= 1.0 0 0.0 0.0 0
GREATEST
SNOW DEPTH 0 0
24 HR TOTAL T* 0
DEGREE DAYS
HEATING TOTAL 1 1 0 0
SINCE 7/1 1 0 1 0
COOLING TOTAL 288 306 -18 325
SINCE 1/1 907 1034 -127 1214
................................................................
WIND (MPH)
AVERAGE WIND SPEED 1.3
HIGHEST WIND SPEED/DIRECTION 22/320 DATE 08/25
HIGHEST GUST SPEED/DIRECTION 40/340 DATE 08/26
SKY COVER
POSSIBLE SUNSHINE (PERCENT) MM
AVERAGE SKY COVER 0.42
NUMBER OF DAYS FAIR 13
NUMBER OF DAYS PC 13
NUMBER OF DAYS CLOUDY 5
AVERAGE RH (PERCENT) 80
WEATHER CONDITIONS. NUMBER OF DAYS WITH
THUNDERSTORM 7 MIXED PRECIP 0
HEAVY RAIN 9 RAIN 6
LIGHT RAIN 13 FREEZING RAIN 0
LT FREEZING RAIN 0 HAIL 1
HEAVY SNOW 0 SNOW 0
LIGHT SNOW 0 SLEET 0
FOG 19 FOG W/VIS <= 1/4 MILE 11
HAZE 0
- INDICATES NEGATIVE NUMBERS.
R INDICATES RECORD WAS SET OR TIED.
MM INDICATES DATA IS MISSING.
T INDICATES TRACE AMOUNT.
&&
...*TRACE OF SNOW WAS IN THE FORM OF HAIL...
$$
CARICO