799
CXUS53 KBIS 010830
CF6JMS
PRELIMINARY LOCAL CLIMATOLOGICAL DATA (WS FORM: F-6)
STATION: JAMESTOWN ND
MONTH: JUNE
YEAR: 2020
LATITUDE: 46 55 N
LONGITUDE: 98 40 W
TEMPERATURE IN F: :PCPN: SNOW: WIND :SUNSHINE: SKY :PK WND
================================================================================
1 2 3 4 5 6A 6B 7 8 9 10 11 12 13 14 15 16 17 18
12Z AVG MX 2MIN
DY MAX MIN AVG DEP HDD CDD WTR SNW DPTH SPD SPD DIR MIN PSBL S-S WX SPD DR
================================================================================
1 89 58 74 14 0 9 0.00 M M 8.8 17 340 M M 0 24 360
2 83 56 70 9 0 5 0.03 M M 7.7 21 290 M M 1 3 28 270
3 84 49 67 6 0 2 0.00 M M 9.0 21 230 M M 0 29 230
4 82 51 67 6 0 2 0.01 M M 5.3 16 220 M M 3 22 230
5 79 50 65 3 0 0 0.00 M M 6.3 17 320 M M 2 24 310
6 75 56 66 4 0 1 0.01 M M 20.9 33 110 M M 2 3 49 120
7 94 61 78 16 0 13 0.43 M M 14.9 47 190 M M 3 13 70 180
8 83 63 73 11 0 8 0.02 M M 11.2 26 320 M M 5 40 320
9 65 51 58 -5 7 0 0.05 M M 13.3 28 330 M M 8 39 320
10 74 50 62 -1 3 0 0.03 M M 13.8 28 330 M M 2 41 300
11 80 49 65 2 0 0 0.00 M M 10.7 22 300 M M 0 35 270
12 74 51 63 -1 2 0 0.00 M M 12.8 22 80 M M 0 31 80
13 79 53 66 2 0 1 0.00 M M 17.7 26 130 M M 0 37 140
14 82 58 70 6 0 5 0.00 M M 22.3 36 130 M M 0 52 140
15 84 65 75 11 0 10 0.00 M M 10.1 17 150 M M 0 3 25 330
16 96 61 79 14 0 14 0.00 M M 20.2 39 180 M M 0 58 180
17 93 70 82 17 0 17 T M M 15.1 28 170 M M 1 3 39 200
18 72 62 67 2 0 2 T M M 13.1 25 270 M M 3 35 270
19 76 49 63 -3 2 0 0.00 M M 9.2 20 240 M M 2 30 250
20 79 55 67 1 0 2 0.11 M M 9.4 24 140 M M 5 138 35 150
21 75 50 63 -3 2 0 0.00 M M 8.0 17 340 M M 3 21 330
22 70 49 60 -6 5 0 0.00 M M 10.1 17 350 M M 6 24 320
23 79 48 64 -2 1 0 0.00 M M 5.8 12 320 M M 2 17 20
24 85 50 68 1 0 3 0.00 M M 4.3 13 130 M M 0 18 140
25 88 65 77 10 0 12 T M M 10.2 24 170 M M 3 3 35 180
26 86 60 73 6 0 8 0.00 M M 8.3 17 340 M M 1 8 30 330
27 93 57 75 8 0 10 0.00 M M 11.7 23 180 M M 1 31 170
28 92 68 80 12 0 15 0.00 M M 16.5 29 150 M M 1 3 43 170
29 89 66 78 10 0 13 0.15 M M 12.0 21 180 M M 3 3 29 170
30 84 68 76 8 0 11 0.25 M M 10.9 29 120 M M 9 138 36 120
================================================================================
SM 2464 1699 22 163 1.09 M 349.6 M 66
================================================================================
AV 82.1 56.6 11.7 FASTST M M 2 MAX(MPH)
MISC ----> # 47 190 # 70 180
================================================================================
NOTES:
# LAST OF SEVERAL OCCURRENCES
COLUMN 17 PEAK WIND IN M.P.H.
PRELIMINARY LOCAL CLIMATOLOGICAL DATA (WS FORM: F-6) , PAGE 2
STATION: JAMESTOWN ND
MONTH: JUNE
YEAR: 2020
LATITUDE: 46 55 N
LONGITUDE: 98 40 W
[TEMPERATURE DATA] [PRECIPITATION DATA] SYMBOLS USED IN COLUMN 16
AVERAGE MONTHLY: 69.4 TOTAL FOR MONTH: 1.09 1 = FOG OR MIST
DPTR FM NORMAL: 5.0 DPTR FM NORMAL: -2.10 2 = FOG REDUCING VISIBILITY
HIGHEST: 96 ON 16 GRTST 24HR 0.43 ON 7- 7 TO 1/4 MILE OR LESS
LOWEST: 48 ON 23 3 = THUNDER
SNOW, ICE PELLETS, HAIL 4 = ICE PELLETS
TOTAL MONTH: M 5 = HAIL
GRTST 24HR M ON M 6 = FREEZING RAIN OR DRIZZLE
GRTST DEPTH: M ON M 7 = DUSTSTORM OR SANDSTORM:
VSBY 1/2 MILE OR LESS
8 = SMOKE OR HAZE
[NO. OF DAYS WITH] [WEATHER - DAYS WITH] 9 = BLOWING SNOW
X = TORNADO
MAX 32 OR BELOW: 0 0.01 INCH OR MORE: 10
MAX 90 OR ABOVE: 5 0.10 INCH OR MORE: 4
MIN 32 OR BELOW: 0 0.50 INCH OR MORE: 0
MIN 0 OR BELOW: 0 1.00 INCH OR MORE: 0
[HDD (BASE 65) ]
TOTAL THIS MO. 22 CLEAR (SCALE 0-3) 23
DPTR FM NORMAL -75 PTCLDY (SCALE 4-7) 6
TOTAL FM JUL 1 9041 CLOUDY (SCALE 8-10) 1
DPTR FM NORMAL 28
[CDD (BASE 65) ]
TOTAL THIS MO. 163
DPTR FM NORMAL 83 [PRESSURE DATA]
TOTAL FM JAN 1 170 HIGHEST SLP 30.32 ON 12
DPTR FM NORMAL 70 LOWEST SLP 29.39 ON 7
[REMARKS]
#FINAL-06-20#