000
CXHW50 PHFO 011250
CF6JRF
PRELIMINARY LOCAL CLIMATOLOGICAL DATA (WS FORM: F-6)
STATION: KALAELOA ARPT/OAHU HI
MONTH: OCTOBER
YEAR: 2020
LATITUDE: 21 19 N
LONGITUDE: 158 4 W
TEMPERATURE IN F: :PCPN: SNOW: WIND :SUNSHINE: SKY :PK WND
================================================================================
1 2 3 4 5 6A 6B 7 8 9 10 11 12 13 14 15 16 17 18
12Z AVG MX 2MIN
DY MAX MIN AVG DEP HDD CDD WTR SNW DPTH SPD SPD DIR MIN PSBL S-S WX SPD DR
================================================================================
1 88 68 78 -2 0 13 0.00 0.0 M 5.2 12 230 M M M 16 220
2 88 75 82 2 0 17 0.00 0.0 M 4.6 14 150 M M M 16 170
3 90 73 82 2 0 17 T 0.0 M 5.6 16 120 M M M 23 140
4 91 68 80 0 0 15 0.00 0.0 M 5.1 13 60 M M M 20 50
5 90 72 81 1 0 16 0.00 0.0 M 4.5 13 150 M M M 18 110
6 88 70 79 -1 0 14 0.00 0.0 M 5.8 16 300 M M M 22 310
7 89 72 81 1 0 16 0.00 0.0 M 5.6 14 120 M M M 20 110
8 88 70 79 -1 0 14 0.00 0.0 M 5.8 14 140 M M M 18 150
9 87 71 79 -1 0 14 0.00 0.0 M 5.3 13 150 M M M 16 150
10 88 73 81 1 0 16 0.00 0.0 M 5.6 16 120 M M M 23 150
11 90 74 82 2 0 17 T 0.0 M 5.2 15 80 M M M 24 70
12 88 73 81 2 0 16 0.12 0.0 M 4.9 15 140 M M M 1 23 120
13 89 73 81 2 0 16 0.00 0.0 M 5.4 16 120 M M M 24 110
14 86 72 79 0 0 14 T 0.0 M 5.7 12 160 M M M 14 160
15 87 72 80 1 0 15 0.00 0.0 M 5.7 14 220 M M M 17 200
16 87 73 80 1 0 15 0.02 0.0 M 5.8 14 200 M M M 17 190
17 85 75 80 1 0 15 T 0.0 M 3.6 9 230 M M M 12 140
18 88 75 82 3 0 17 T 0.0 M 6.6 14 150 M M M 17 170
19 86 76 81 2 0 16 0.32 0.0 M 7.5 16 160 M M M 1 19 160
20 85 76 81 2 0 16 0.97 0.0 M 8.9 17 200 M M M 18 23 190
21 85 74 80 1 0 15 T 0.0 M 5.0 15 150 M M M 16 150
22 82 73 78 -1 0 13 0.94 0.0 M 4.5 13 200 M M M 1 17 220
23 84 73 79 0 0 14 0.63 0.0 M 9.0 20 180 M M M 18 24 160
24 85 73 79 0 0 14 T 0.0 M 4.0 10 150 M M M 14 150
25 87 70 79 0 0 14 0.00 0.0 M 4.0 13 160 M M M 15 220
26 85 72 79 0 0 14 0.00 0.0 M 5.6 18 290 M M M 23 280
27 83 73 78 -1 0 13 0.04 0.0 M 2.3 10 150 M M M 1 12 150
28 86 71 79 1 0 14 0.06 0.0 M 6.4 18 270 M M M 1 21 270
29 84 70 77 -1 0 12 T 0.0 M 7.6 15 280 M M M 21 310
30 86 70 78 0 0 13 T 0.0 M 9.9 20 290 M M M 25 280
31 87 69 78 0 0 13 0.00 0.0 M 6.5 18 290 M M M 24 280
================================================================================
SM 2692 2239 0 458 3.10 0.0 177.2 M M
================================================================================
AV 86.8 72.2 5.7 FASTST M M 0 MAX(MPH)
MISC ----> # 20 180 # 25 280
================================================================================
NOTES:
# LAST OF SEVERAL OCCURRENCES
COLUMN 17 PEAK WIND IN M.P.H.
PRELIMINARY LOCAL CLIMATOLOGICAL DATA (WS FORM: F-6) , PAGE 2
STATION: KALAELOA ARPT/OAHU HI
MONTH: OCTOBER
YEAR: 2020
LATITUDE: 21 19 N
LONGITUDE: 158 4 W
[TEMPERATURE DATA] [PRECIPITATION DATA] SYMBOLS USED IN COLUMN 16
AVERAGE MONTHLY: 79.5 TOTAL FOR MONTH: 3.10 1 = FOG OR MIST
DPTR FM NORMAL: 0.4 DPTR FM NORMAL: 0.81 2 = FOG REDUCING VISIBILITY
HIGHEST: 91 ON 4 GRTST 24HR 0.97 ON 20-20 TO 1/4 MILE OR LESS
LOWEST: 68 ON 4, 1 3 = THUNDER
SNOW, ICE PELLETS, HAIL 4 = ICE PELLETS
TOTAL MONTH: 0.0 INCH 5 = HAIL
GRTST 24HR 0.0 6 = FREEZING RAIN OR DRIZZLE
GRTST DEPTH: M ON M 7 = DUSTSTORM OR SANDSTORM:
VSBY 1/2 MILE OR LESS
8 = SMOKE OR HAZE
[NO. OF DAYS WITH] [WEATHER - DAYS WITH] 9 = BLOWING SNOW
X = TORNADO
MAX 32 OR BELOW: 0 0.01 INCH OR MORE: 8
MAX 90 OR ABOVE: 4 0.10 INCH OR MORE: 5
MIN 32 OR BELOW: 0 0.50 INCH OR MORE: 3
MIN 0 OR BELOW: 0 1.00 INCH OR MORE: 0
[HDD (BASE 65) ]
TOTAL THIS MO. 0 CLEAR (SCALE 0-3) 0
DPTR FM NORMAL 0 PTCLDY (SCALE 4-7) 0
TOTAL FM JUL 1 0 CLOUDY (SCALE 8-10) 0
DPTR FM NORMAL 0
[CDD (BASE 65) ]
TOTAL THIS MO. 458
DPTR FM NORMAL 19 [PRESSURE DATA]
TOTAL FM JAN 1 2207 HIGHEST SLP 30.08 ON 11
DPTR FM NORMAL -1436 LOWEST SLP 29.84 ON 29
[REMARKS]
#FINAL-10-20#