000
CXUS52 TJSJ 011647
CF6JSJ
PRELIMINARY LOCAL CLIMATOLOGICAL DATA (WS FORM: F-6)
STATION: SAN JUAN AREA/PR
MONTH: NOVEMBER
YEAR: 2023
LATITUDE: 18 25 N
LONGITUDE: 66 0 W
TEMPERATURE IN F: :PCPN: SNOW: WIND :SUNSHINE: SKY :PK WND
================================================================================
1 2 3 4 5 6A 6B 7 8 9 10 11 12 13 14 15 16 17 18
12Z AVG MX 2MIN
DY MAX MIN AVG DEP HDD CDD WTR SNW DPTH SPD SPD DIR MIN PSBL S-S WX SPD DR
================================================================================
1 90 80 85 3 0 20 T M M 6.8 20 90 M M 2 25 60
2 89 78 84 2 0 19 0.01 M M 10.3 23 80 M M 3 30 60
3 89 79 84 3 0 19 0.09 M M 9.9 23 90 M M 3 33 90
4 89 79 84 3 0 19 0.06 M M 8.6 21 70 M M 4 28 50
5 89 78 84 3 0 19 T M M 7.0 18 90 M M 4 23 80
6 88 78 83 2 0 18 0.13 M M 4.0 16 60 M M 4 18 40
7 90 79 85 4 0 20 0.42 M M 4.5 8 190 M M 8 1 M M
8 88 75 82 1 0 17 0.39 M M 7.8 28 100 M M 7 3 37 100
9 89 76 83 2 0 18 1.15 M M 7.6 24 80 M M 7 1 31 70
10 84 78 81 0 0 16 0.16 M M 5.8 23 90 M M 6 1 29 80
11 89 78 84 3 0 19 0.35 M M 10.0 22 90 M M 6 1 30 70
12 89 77 83 2 0 18 0.12 M M 9.6 22 80 M M 4 1 28 70
13 88 77 83 2 0 18 0.23 M M 7.5 21 90 M M 4 1 26 90
14 88 78 83 2 0 18 M M M 6.9 21 70 M M 5 8 25 70
15 90 77 84 4 0 19 0.11 M M 7.2 24 80 M M 3 31 80
16 89 77 83 3 0 18 T M M 9.0 21 90 M M 4 28 90
17 90 78 84 4 0 19 0.05 M M 7.1 22 90 M M 3 28 90
18 90 80 85 5 0 20 0.00 M M 8.4 17 150 M M 6 30 170
19 92 81 87 7 0 22 T M M 8.9 18 160 M M 5 29 150
20 84 80 82 2 0 17 0.03 M M 3.7 13 280 M M 6 19 160
21 84 77 81 1 0 16 0.49 M M 7.0 13 60 M M 7 1 33 70
22 85 77 81 1 0 16 0.81 M M 10.4 20 70 M M 6 18 28 50
23 86 76 81 1 0 16 0.03 M M 5.8 23 90 M M 5 1 29 90
24 87 76 82 2 0 17 0.15 M M 6.7 18 90 M M 4 1 26 50
25 87 76 82 2 0 17 0.02 M M 3.3 14 110 M M 4 19 70
26 87 76 82 2 0 17 0.08 M M 8.3 20 80 M M 4 25 70
27 87 75 81 1 0 16 T M M 7.5 22 70 M M 4 28 80
28 86 77 82 2 0 17 0.06 M M 6.3 17 70 M M 4 22 40
29 87 75 81 1 0 16 0.02 M M 6.2 18 60 M M 3 24 60
30 86 76 81 1 0 16 0.09 M M 8.6 21 60 M M 5 1 27 70
================================================================================
SM 2636 2324 0 537 5.05 M 220.6 M 140
================================================================================
AV 87.9 77.5 7.4 FASTST M M 5 MAX(MPH)
MISC ----> 28 100 37 100
================================================================================
NOTES:
# LAST OF SEVERAL OCCURRENCES
COLUMN 17 PEAK WIND IN M.P.H.
PRELIMINARY LOCAL CLIMATOLOGICAL DATA (WS FORM: F-6) , PAGE 2
STATION: SAN JUAN AREA/PR
MONTH: NOVEMBER
YEAR: 2023
LATITUDE: 18 25 N
LONGITUDE: 66 0 W
[TEMPERATURE DATA] [PRECIPITATION DATA] SYMBOLS USED IN COLUMN 16
AVERAGE MONTHLY: 82.7 TOTAL FOR MONTH: 5.05 1 = FOG OR MIST
DPTR FM NORMAL: 2.2 DPTR FM NORMAL: -2.32 2 = FOG REDUCING VISIBILITY
HIGHEST: 92 ON 19 GRTST 24HR 1.15 ON 9- 9 TO 1/4 MILE OR LESS
LOWEST: 75 ON 29,27 3 = THUNDER
SNOW, ICE PELLETS, HAIL 4 = ICE PELLETS
TOTAL MONTH: M 5 = HAIL
GRTST 24HR M ON M 6 = FREEZING RAIN OR DRIZZLE
GRTST DEPTH: M ON M 7 = DUSTSTORM OR SANDSTORM:
VSBY 1/2 MILE OR LESS
8 = SMOKE OR HAZE
[NO. OF DAYS WITH] [WEATHER - DAYS WITH] 9 = BLOWING SNOW
X = TORNADO
MAX 32 OR BELOW: 0 0.01 INCH OR MORE: 23
MAX 90 OR ABOVE: 6 0.10 INCH OR MORE: 12
MIN 32 OR BELOW: 0 0.50 INCH OR MORE: 2
MIN 0 OR BELOW: 0 1.00 INCH OR MORE: 1
[HDD (BASE 65) ]
TOTAL THIS MO. 0 CLEAR (SCALE 0-3) 4
DPTR FM NORMAL 0 PTCLDY (SCALE 4-7) 26
TOTAL FM JUL 1 0 CLOUDY (SCALE 8-10) 0
DPTR FM NORMAL 0
[CDD (BASE 65) ]
TOTAL THIS MO. 537
DPTR FM NORMAL 72 [PRESSURE DATA]
TOTAL FM JAN 1 5899 HIGHEST SLP 30.07 ON 28
DPTR FM NORMAL 526 LOWEST SLP 29.81 ON 20
[REMARKS]
#FINAL-11-23#