000
CXUS54 KFWD 010731
CF6JWY
PRELIMINARY LOCAL CLIMATOLOGICAL DATA (WS FORM: F-6)
STATION: WAXAHACHIE
MONTH: JULY
YEAR: 2023
LATITUDE: 32 27 N
LONGITUDE: 96 54 W
TEMPERATURE IN F: :PCPN: SNOW: WIND :SUNSHINE: SKY :PK WND
================================================================================
1 2 3 4 5 6A 6B 7 8 9 10 11 12 13 14 15 16 17 18
12Z AVG MX 2MIN
DY MAX MIN AVG DEP HDD CDD WTR SNW DPTH SPD SPD DIR MIN PSBL S-S WX SPD DR
================================================================================
1 M M M M M M M M M M M M M M M M M
2 M M M M M M M M M M M M M M M M M
3 M M M M M M M M M M M M M M M M M
4 M M M M M M M M M M M M M M M M M
5 M M M M M M M M M M M M M M M M M
6 97 79 88 5 0 23 0.00 M M 7.8 12 160 M M 8 20 160
7 95 72 84 1 0 19 0.00 M M 6.8 13 170 M M 9 21 210
8 99 76 88 5 0 23 0.00 M M 6.3 10 220 M M 6 16 210
9 96 77 87 4 0 22 0.00 M M 5.1 10 330 M M 6 18 170
10 98 74 86 3 0 21 0.00 M M 4.5 10 70 M M 6 18 70
11 98 74 86 3 0 21 0.01 M M 6.2 12 160 M M 7 22 170
12 103 78 91 8 0 26 0.00 M M 9.7 16 210 M M 4 23 190
13 103 78 91 7 0 26 0.00 M M 10.3 17 190 M M 1 23 190
14 103 79 91 7 0 26 0.00 M M 9.8 15 200 M M 1 22 200
15 103 78 91 7 0 26 0.00 M M 6.4 13 180 M M 3 22 10
16 90 75 83 -1 0 18 T M M 4.4 13 360 M M 6 18 230
17 104 73 89 5 0 24 0.00 M M 4.9 10 210 M M 4 16 210
18 105 79 92 8 0 27 0.00 M M 9.7 15 190 M M 0 22 190
19 104 78 91 7 0 26 0.00 M M 9.0 16 190 M M 0 22 220
20 101 77 89 5 0 24 0.00 M M 6.0 13 210 M M 3 16 210
21 101 75 88 4 0 23 0.00 M M 4.4 10 220 M M 5 16 230
22 95 74 85 1 0 20 0.00 M M 5.7 10 360 M M 7 16 20
23 97 66 82 -2 0 17 0.00 M M 1.6 6 100 M M 4 M M
24 101 68 85 1 0 20 0.00 M M 2.2 8 110 M M 5 M M
25 102 72 87 3 0 22 0.00 M M 5.3 13 180 M M 5 18 180
26 101 75 88 4 0 23 0.00 M M 6.0 14 190 M M 5 22 160
27 101 75 88 4 0 23 0.00 M M 5.4 13 160 M M 5 18 180
28 101 74 88 4 0 23 0.00 M M 4.0 10 140 M M 8 18 190
29 101 74 88 4 0 23 0.00 M M 2.7 9 200 M M 4 M M
30 100 76 88 4 0 23 0.00 M M 1.5 6 280 M M 3 M M
31 100 73 87 3 0 22 0.00 M M 0.7 3 210 M M 3 M M
================================================================================
SM 2599 1949 0 591 0.01 M 146.2 M 118
================================================================================
AV100.0 75.0 5.6 FASTST M M 5 MAX(MPH)
MISC ----> 17 190 # 23 190
================================================================================
NOTES:
# LAST OF SEVERAL OCCURRENCES
COLUMN 17 PEAK WIND IN M.P.H.
PRELIMINARY LOCAL CLIMATOLOGICAL DATA (WS FORM: F-6) , PAGE 2
STATION: WAXAHACHIE
MONTH: JULY
YEAR: 2023
LATITUDE: 32 27 N
LONGITUDE: 96 54 W
[TEMPERATURE DATA] [PRECIPITATION DATA] SYMBOLS USED IN COLUMN 16
AVERAGE MONTHLY: 87.5 TOTAL FOR MONTH: 0.01 1 = FOG OR MIST
DPTR FM NORMAL: 3.9 DPTR FM NORMAL: -2.65 2 = FOG REDUCING VISIBILITY
HIGHEST: 105 ON 18 GRTST 24HR 0.01 ON 11-11 TO 1/4 MILE OR LESS
LOWEST: 66 ON 23 3 = THUNDER
SNOW, ICE PELLETS, HAIL 4 = ICE PELLETS
TOTAL MONTH: M 5 = HAIL
GRTST 24HR M ON M 6 = FREEZING RAIN OR DRIZZLE
GRTST DEPTH: M ON M 7 = DUSTSTORM OR SANDSTORM:
VSBY 1/2 MILE OR LESS
8 = SMOKE OR HAZE
[NO. OF DAYS WITH] [WEATHER - DAYS WITH] 9 = BLOWING SNOW
X = TORNADO
MAX 32 OR BELOW: 0 0.01 INCH OR MORE: 1
MAX 90 OR ABOVE: 26 0.10 INCH OR MORE: 0
MIN 32 OR BELOW: 0 0.50 INCH OR MORE: 0
MIN 0 OR BELOW: 0 1.00 INCH OR MORE: 0
[HDD (BASE 65) ]
TOTAL THIS MO. 0 CLEAR (SCALE 0-3) 8
DPTR FM NORMAL 0 PTCLDY (SCALE 4-7) 17
TOTAL FM JUL 1 0 CLOUDY (SCALE 8-10) 6
DPTR FM NORMAL 0
[CDD (BASE 65) ]
TOTAL THIS MO. 591
DPTR FM NORMAL 14 [PRESSURE DATA]
TOTAL FM JAN 1 1087 HIGHEST SLP M ON M
DPTR FM NORMAL -267 LOWEST SLP M ON M
[REMARKS]
#FINAL-07-23#