000
CXUS53 KGRR 020103
CLAJXN
CLIMATE REPORT
NATIONAL WEATHER SERVICE GRAND RAPIDS, MICHIGAN
749 PM EST SUN JAN 01 2023
...................................
...THE JACKSON CLIMATE SUMMARY FOR THE YEAR OF 2022...
CLIMATE NORMAL PERIOD: 1991 TO 2020
CLIMATE RECORD PERIOD: 1944 TO 2022
WEATHER OBSERVED NORMAL DEPART LAST YEAR`S
VALUE DATE(S) VALUE FROM VALUE DATE(S)
NORMAL
................................................................
TEMPERATURE (F)
HIGHEST 95 06/21 MM MM 92 06/11
LOWEST -9 01/29 MM MM -15 02/17
AVG. MAXIMUM 58.6 58.3 0.3 60.5
AVG. MINIMUM 38.5 39.5 -1.0 40.8
MEAN 48.6 48.9 -0.3 50.7
DAYS MAX >= 90 6 7.8 -1.8 4
DAYS MAX <= 32 53 50.1 2.9 35
DAYS MIN <= 32 143 137.0 6.0 144
DAYS MIN <= 0 5 6.7 -1.7 2
PRECIPITATION (INCHES)
TOTALS 27.04 32.19 -5.15 34.72
DAILY AVG. 0.07 0.09 -0.02 0.09
DAYS >= .01 122 133.1 -11.1 136
DAYS >= .10 59 69.5 -10.5 76
DAYS >= .50 18 20.3 -2.3 19
DAYS >= 1.00 3 5.5 -2.5 6
GREATEST
24 HR. TOTAL 1.72
DEGREE DAYS
HEATING TOTAL 6524 6470 54 5788
SINCE 7/1 2309 2435 -126 MM
COOLING TOTAL 669 634 35 878
SINCE 1/1 669 634 35 MM
FREEZE DATES
EARLIEST 10/03
LATEST 04/28
................................................................
WIND (MPH)
AVERAGE WIND SPEED 7.9
RESULTANT WIND SPEED/DIRECTION 3/210
HIGHEST WIND SPEED/DIRECTION 39/210 DATE 03/31
HIGHEST GUST SPEED/DIRECTION 60/200 DATE 02/18
SKY COVER
POSSIBLE SUNSHINE (PERCENT) MM
AVERAGE SKY COVER 0.49
NUMBER OF DAYS FAIR 149
NUMBER OF DAYS PC 102
NUMBER OF DAYS CLOUDY 113
AVERAGE RH (PERCENT) 70
WEATHER CONDITIONS. NUMBER OF DAYS WITH
THUNDERSTORM 28 MIXED PRECIP 0
HEAVY RAIN 24 RAIN 43
LIGHT RAIN 109 FREEZING RAIN 2
LT FREEZING RAIN 3 HAIL 1
HEAVY SNOW 3 SNOW 14
LIGHT SNOW 70 SLEET 0
FOG 217 FOG W/VIS <= 1/4 MILE 25
HAZE 80
- INDICATES NEGATIVE NUMBERS.
R INDICATES RECORD WAS SET OR TIED.
MM INDICATES DATA IS MISSING.
T INDICATES TRACE AMOUNT.
$$