000
CXUS53 KGID 011703
CF6JYR
PRELIMINARY LOCAL CLIMATOLOGICAL DATA (WS FORM: F-6)
STATION: YORK NE
MONTH: JANUARY
YEAR: 2023
LATITUDE: 40 54 N
LONGITUDE: 97 37 W
TEMPERATURE IN F: :PCPN: SNOW: WIND :SUNSHINE: SKY :PK WND
================================================================================
1 2 3 4 5 6A 6B 7 8 9 10 11 12 13 14 15 16 17 18
12Z AVG MX 2MIN
DY MAX MIN AVG DEP HDD CDD WTR SNW DPTH SPD SPD DIR MIN PSBL S-S WX SPD DR
================================================================================
1 46 27 37 M 28 0 0.00 M M 5.9 14 40 M M 4 1 15 60
2 34 30 32 M 33 0 0.27 M M 13.4 22 40 M M 7 1 31 50
3 32 25 29 M 36 0 M M M 1.6 15 40 M M 9 1 21 40
4 32 25 29 M 36 0 T M M 9.4 18 290 M M 8 27 290
5 34 23 29 M 36 0 0.00 M M 11.7 20 310 M M 2 25 310
6 41 18 30 M 35 0 0.00 M M 5.1 14 90 M M 3 16 70
7 30 21 26 M 39 0 0.00 M M 4.6 12 360 M M 6 18 360
8 45 19 32 M 33 0 0.00 M M 5.0 9 190 M M 1 M M
9 46 30 38 M 27 0 0.00 M M 10.9 17 290 M M 0 20 290
10 52 25 39 M 26 0 0.00 M M 5.1 9 240 M M 1 M M
11 39 27 33 M 32 0 0.00 M M 13.4 24 360 M M 3 36 20
12 28 23 26 M 39 0 T M M 14.8 24 360 M M 10 33 360
13 32 18 25 M 40 0 T M M 6.4 12 10 M M 6 12 15 190
14 41 23 32 M 33 0 0.00 M M 10.8 17 180 M M 0 22 180
15 45 28 37 M 28 0 0.00 M M 7.7 12 160 M M 1 16 140
16 39 32 36 M 29 0 T M M 13.5 21 320 M M 9 1 28 320
17 37 28 33 M 32 0 0.00 M M 8.2 14 330 M M 10 22 330
18 30 25 28 M 37 0 M M M 15.4 23 70 M M 4 12 30 70
19 30 23 27 M 38 0 M M M 12.1 18 310 M M 4 1 24 330
20 28 7 18 M 47 0 0.00 M M 4.3 10 300 M M 1 12 M M
21 28 16 22 M 43 0 0.00 M M 3.1 7 280 M M 5 M M
22 25 5 15 M 50 0 0.00 M M 5.9 9 310 M M 0 1 M M
23 34 5 20 M 45 0 0.00 M M 5.2 9 300 M M 4 1 M M
24 34 21 28 M 37 0 0.00 M M 4.7 13 230 M M 7 12 14 220
25 28 12 20 M 45 0 0.00 M M 13.2 24 330 M M 2 31 340
26 32 16 24 M 41 0 T M M 8.8 21 210 M M 5 25 240
27 37 30 34 M 31 0 0.00 M M 11.8 23 320 M M 4 27 280
28 30 3 17 M 48 0 M M M 21.7 31 10 M M 8 1 36 20
29 7 0 4 M 61 0 M M M 16.7 27 10 M M 0 37 10
30 10 0 5 M 60 0 M M M 4.7 12 10 M M 3 17 360
31 21 3 12 M 53 0 0.00 M M 9.8 12 220 M M 3 M M
================================================================================
SM 1027 588 1198 0 M M 284.9 M 130
================================================================================
AV 33.1 19.0 9.2 FASTST M M 4 MAX(MPH)
MISC ----> 31 10 M M
================================================================================
NOTES:
# LAST OF SEVERAL OCCURRENCES
COLUMN 17 PEAK WIND IN M.P.H.
PRELIMINARY LOCAL CLIMATOLOGICAL DATA (WS FORM: F-6) , PAGE 2
STATION: YORK NE
MONTH: JANUARY
YEAR: 2023
LATITUDE: 40 54 N
LONGITUDE: 97 37 W
[TEMPERATURE DATA] [PRECIPITATION DATA] SYMBOLS USED IN COLUMN 16
AVERAGE MONTHLY: 26.0 TOTAL FOR MONTH: M 1 = FOG OR MIST
DPTR FM NORMAL: M DPTR FM NORMAL: M 2 = FOG REDUCING VISIBILITY
HIGHEST: 52 ON 10 GRTST 24HR M ON M TO 1/4 MILE OR LESS
LOWEST: 0 ON 30,29 3 = THUNDER
SNOW, ICE PELLETS, HAIL 4 = ICE PELLETS
TOTAL MONTH: M 5 = HAIL
GRTST 24HR M ON M 6 = FREEZING RAIN OR DRIZZLE
GRTST DEPTH: M ON M 7 = DUSTSTORM OR SANDSTORM:
VSBY 1/2 MILE OR LESS
8 = SMOKE OR HAZE
[NO. OF DAYS WITH] [WEATHER - DAYS WITH] 9 = BLOWING SNOW
X = TORNADO
MAX 32 OR BELOW: 16 0.01 INCH OR MORE: M
MAX 90 OR ABOVE: 0 0.10 INCH OR MORE: M
MIN 32 OR BELOW: 31 0.50 INCH OR MORE: M
MIN 0 OR BELOW: 2 1.00 INCH OR MORE: M
[HDD (BASE 65) ]
TOTAL THIS MO. 1198 CLEAR (SCALE 0-3) 12
DPTR FM NORMAL M PTCLDY (SCALE 4-7) 15
TOTAL FM JUL 1 3784 CLOUDY (SCALE 8-10) 4
DPTR FM NORMAL M
[CDD (BASE 65) ]
TOTAL THIS MO. 0
DPTR FM NORMAL M [PRESSURE DATA]
TOTAL FM JAN 1 0 HIGHEST SLP M ON M
DPTR FM NORMAL M LOWEST SLP M ON M
[REMARKS]
#FINAL-01-23#