000
CXUS53 KGID 011251
CF6JYR
PRELIMINARY LOCAL CLIMATOLOGICAL DATA (WS FORM: F-6)
STATION: YORK
MONTH: JUNE
YEAR: 2020
LATITUDE: 40 54 N
LONGITUDE: 97 37 W
TEMPERATURE IN F: :PCPN: SNOW: WIND :SUNSHINE: SKY :PK WND
================================================================================
1 2 3 4 5 6A 6B 7 8 9 10 11 12 13 14 15 16 17 18
12Z AVG MX 2MIN
DY MAX MIN AVG DEP HDD CDD WTR SNW DPTH SPD SPD DIR MIN PSBL S-S WX SPD DR
================================================================================
1 90 66 78 M 0 13 T M M 19.8 25 210 M M 0 31 200
2 91 66 79 M 0 14 0.00 M M 13.4 18 230 M M 0 27 220
3 90 64 77 M 0 12 0.22 M M 8.4 60 320 M M 1 13 79 320
4 90 59 75 M 0 10 0.01 M M 5.5 14 190 M M 0 28 340
5 90 64 77 M 0 12 0.00 M M 6.5 13 90 M M 0 18 90
6 95 72 84 M 0 19 0.00 M M 14.2 23 160 M M 0 27 170
7 95 75 85 M 0 20 0.00 M M 21.2 30 160 M M 0 40 160
8 93 73 83 M 0 18 0.00 M M 19.7 29 180 M M 0 37 190
9 79 57 68 M 0 3 0.21 M M 17.4 37 360 M M 7 13 59 350
10 75 55 65 M 0 0 T M M 17.6 29 320 M M 3 43 340
11 88 54 71 M 0 6 0.00 M M 1.9 12 230 M M 0 M M
12 88 61 75 M 0 10 0.00 M M 7.4 13 120 M M 0 17 140
13 91 64 78 M 0 13 0.00 M M 13.2 25 140 M M 0 28 110
14 93 73 83 M 0 18 0.00 M M 20.2 28 170 M M 0 35 170
15 91 72 82 M 0 17 0.00 M M 17.9 24 200 M M 0 33 180
16 90 70 80 M 0 15 0.00 M M 17.4 24 160 M M 0 31 160
17 91 72 82 M 0 17 0.00 M M 19.5 27 160 M M 0 33 160
18 84 64 74 M 0 9 0.12 M M 14.4 22 360 M M 5 13 31 360
19 73 63 68 M 0 3 0.00 M M 5.5 13 30 M M 9 M M
20 82 63 73 M 0 8 T M M 3.3 12 240 M M 5 12 21 99
21 82 64 73 M 0 8 0.06 M M 6.5 17 220 M M 1 13 20 180
22 82 61 72 M 0 7 0.12 M M 7.4 28 10 M M 3 13 52 10
23 79 55 67 M 0 2 0.00 M M 5.5 17 360 M M 2 1 21 350
24 82 52 67 M 0 2 0.00 M M 1.7 9 120 M M 1 8 13 80
25 91 64 78 M 0 13 0.00 M M 11.0 20 160 M M 0 24 180
26 88 68 78 M 0 13 0.00 M M 2.6 8 40 M M 1 12 210
27 84 66 75 M 0 10 T M M 6.2 14 210 M M 2 3 M M
28 88 66 77 M 0 12 M M M 11.2 17 170 M M 3 138 24 210
29 88 75 82 M 0 17 0.00 M M 14.6 18 150 M M 4 25 160
30 90 66 78 M 0 13 M M M 12.8 20 140 M M 6 13 27 140
================================================================================
SM 2613 1944 0 334 M M 343.9 M 53
================================================================================
AV 87.1 64.8 11.5 FASTST M M 2 MAX(MPH)
MISC ----> # 60 320 # M M
================================================================================
NOTES:
# LAST OF SEVERAL OCCURRENCES
COLUMN 17 PEAK WIND IN M.P.H.
PRELIMINARY LOCAL CLIMATOLOGICAL DATA (WS FORM: F-6) , PAGE 2
STATION: YORK
MONTH: JUNE
YEAR: 2020
LATITUDE: 40 54 N
LONGITUDE: 97 37 W
[TEMPERATURE DATA] [PRECIPITATION DATA] SYMBOLS USED IN COLUMN 16
AVERAGE MONTHLY: 76.0 TOTAL FOR MONTH: M 1 = FOG OR MIST
DPTR FM NORMAL: M DPTR FM NORMAL: M 2 = FOG REDUCING VISIBILITY
HIGHEST: 95 ON 7, 6 GRTST 24HR M ON 3- 3 TO 1/4 MILE OR LESS
LOWEST: 52 ON 24 3 = THUNDER
SNOW, ICE PELLETS, HAIL 4 = ICE PELLETS
TOTAL MONTH: M 5 = HAIL
GRTST 24HR M ON M 6 = FREEZING RAIN OR DRIZZLE
GRTST DEPTH: M ON M 7 = DUSTSTORM OR SANDSTORM:
VSBY 1/2 MILE OR LESS
8 = SMOKE OR HAZE
[NO. OF DAYS WITH] [WEATHER - DAYS WITH] 9 = BLOWING SNOW
X = TORNADO
MAX 32 OR BELOW: 0 0.01 INCH OR MORE: M
MAX 90 OR ABOVE: 15 0.10 INCH OR MORE: M
MIN 32 OR BELOW: 0 0.50 INCH OR MORE: M
MIN 0 OR BELOW: 0 1.00 INCH OR MORE: M
[HDD (BASE 65) ]
TOTAL THIS MO. 0 CLEAR (SCALE 0-3) 23
DPTR FM NORMAL M PTCLDY (SCALE 4-7) 6
TOTAL FM JUL 1 6092 CLOUDY (SCALE 8-10) 1
DPTR FM NORMAL M
[CDD (BASE 65) ]
TOTAL THIS MO. 334
DPTR FM NORMAL M [PRESSURE DATA]
TOTAL FM JAN 1 353 HIGHEST SLP M ON M
DPTR FM NORMAL M LOWEST SLP M ON M
[REMARKS]
#FINAL-06-20#