000
CXUS53 KIND 010600
CF6LAF
PRELIMINARY LOCAL CLIMATOLOGICAL DATA (WS FORM: F-6)
STATION: LAFAYETTE IN
MONTH: OCTOBER
YEAR: 2023
LATITUDE: 40 25 N
LONGITUDE: 86 56 W
TEMPERATURE IN F: :PCPN: SNOW: WIND :SUNSHINE: SKY :PK WND
================================================================================
1 2 3 4 5 6A 6B 7 8 9 10 11 12 13 14 15 16 17 18
12Z AVG MX 2MIN
DY MAX MIN AVG DEP HDD CDD WTR SNW DPTH SPD SPD DIR MIN PSBL S-S WX SPD DR
================================================================================
1 87 54 71 11 0 6 0.00 M M 2.3 13 60 M M 0 1 22 50
2 88 55 72 13 0 7 0.00 M M 1.1 10 110 M M 0 18 15 120
3 88 55 72 13 0 7 0.00 M M 3.3 12 180 M M 0 18 170
4 86 62 74 15 0 9 0.00 M M 4.9 22 180 M M 1 33 190
5 72 61 67 9 0 2 0.37 M M 5.4 14 240 M M 8 1 23 270
6 67 44 56 -2 9 0 0.01 M M 8.8 26 300 M M 3 1 36 290
7 61 41 51 -6 14 0 0.00 M M 10.2 22 280 M M 2 31 280
8 56 38 47 -10 18 0 0.00 M M 5.7 16 290 M M 8 24 300
9 60 37 49 -8 16 0 0.00 M M 5.2 15 290 M M 5 21 270
10 64 31 48 -8 17 0 0.00 M M 5.2 18 270 M M 0 1 26 270
11 71 31 51 -5 14 0 T M M 3.7 15 230 M M 4 21 220
12 75 49 62 7 3 0 0.01 M M 7.0 17 20 M M 3 23 350
13 71 53 62 7 3 0 0.52 M M 10.6 15 100 M M 7 1 22 80
14 60 51 56 1 9 0 0.03 M M 8.6 20 20 M M 10 1 29 20
15 56 42 49 -5 16 0 0.04 M M 7.4 17 310 M M 9 1 24 330
16 55 46 51 -3 14 0 0.01 M M 6.3 16 340 M M 10 21 340
17 63 43 53 0 12 0 0.00 M M 2.9 13 260 M M 4 1 17 270
18 67 44 56 3 9 0 0.00 M M 6.3 17 190 M M 0 27 180
19 59 52 56 4 9 0 0.38 M M 7.2 15 250 M M 9 13 24 240
20 58 39 49 -3 16 0 0.02 M M 7.6 21 290 M M 8 12 32 280
21 72 36 54 2 11 0 0.00 M M 9.4 26 280 M M 3 12 37 290
22 59 39 49 -2 16 0 T M M 5.1 17 350 M M 4 1 24 360
23 69 37 53 2 12 0 0.00 M M 5.4 13 160 M M 0 21 180
24 81 48 65 15 0 0 0.00 M M 4.1 15 220 M M 0 26 210
25 69 61 65 15 0 0 0.11 M M 4.8 13 220 M M 7 1 20 200
26 76 62 69 19 0 4 0.18 M M 5.8 18 190 M M 5 18 31 190
27 78 51 65 16 0 0 0.47 M M 6.9 18 340 M M 8 1 26 340
28 56 44 50 1 15 0 0.37 M M 9.2 16 10 M M 7 13 23 20
29 48 44 46 -2 19 0 0.67 M M 7.7 13 350 M M 10 1 17 350
30 45 28 37 -11 28 0 0.01 M M 9.9 21 320 M M 4 1 28 310
31 37 23 30 -18 35 0 T M M 9.8 23 270 M M 5 18 33 270
================================================================================
SM 2054 1401 315 35 3.20 M 197.8 M 144
================================================================================
AV 66.3 45.2 6.4 FASTST M M 5 MAX(MPH)
MISC ----> # 26 300 37 290
================================================================================
NOTES:
# LAST OF SEVERAL OCCURRENCES
COLUMN 17 PEAK WIND IN M.P.H.
PRELIMINARY LOCAL CLIMATOLOGICAL DATA (WS FORM: F-6) , PAGE 2
STATION: LAFAYETTE IN
MONTH: OCTOBER
YEAR: 2023
LATITUDE: 40 25 N
LONGITUDE: 86 56 W
[TEMPERATURE DATA] [PRECIPITATION DATA] SYMBOLS USED IN COLUMN 16
AVERAGE MONTHLY: 55.7 TOTAL FOR MONTH: 3.20 1 = FOG OR MIST
DPTR FM NORMAL: 2.0 DPTR FM NORMAL: 0.29 2 = FOG REDUCING VISIBILITY
HIGHEST: 88 ON 3, 2 GRTST 24HR 0.73 ON 28-29 TO 1/4 MILE OR LESS
LOWEST: 23 ON 31 3 = THUNDER
SNOW, ICE PELLETS, HAIL 4 = ICE PELLETS
TOTAL MONTH: M 5 = HAIL
GRTST 24HR M ON M 6 = FREEZING RAIN OR DRIZZLE
GRTST DEPTH: M ON M 7 = DUSTSTORM OR SANDSTORM:
VSBY 1/2 MILE OR LESS
8 = SMOKE OR HAZE
[NO. OF DAYS WITH] [WEATHER - DAYS WITH] 9 = BLOWING SNOW
X = TORNADO
MAX 32 OR BELOW: 0 0.01 INCH OR MORE: 15
MAX 90 OR ABOVE: 0 0.10 INCH OR MORE: 8
MIN 32 OR BELOW: 4 0.50 INCH OR MORE: 2
MIN 0 OR BELOW: 0 1.00 INCH OR MORE: 0
[HDD (BASE 65) ]
TOTAL THIS MO. 315 CLEAR (SCALE 0-3) 12
DPTR FM NORMAL -50 PTCLDY (SCALE 4-7) 13
TOTAL FM JUL 1 340 CLOUDY (SCALE 8-10) 6
DPTR FM NORMAL -119
[CDD (BASE 65) ]
TOTAL THIS MO. 35
DPTR FM NORMAL 19 [PRESSURE DATA]
TOTAL FM JAN 1 898 HIGHEST SLP M ON M
DPTR FM NORMAL 15 LOWEST SLP 29.54 ON 21
[REMARKS]
#FINAL-10-23#