000
CXUS52 KTBW 011243
CF6LAL
PRELIMINARY LOCAL CLIMATOLOGICAL DATA (WS FORM: F-6)
STATION: LAKELAND LINDER
MONTH: JUNE
YEAR: 2023
LATITUDE: 28 0 N
LONGITUDE: 82 3 W
TEMPERATURE IN F: :PCPN: SNOW: WIND :SUNSHINE: SKY :PK WND
================================================================================
1 2 3 4 5 6A 6B 7 8 9 10 11 12 13 14 15 16 17 18
12Z AVG MX 2MIN
DY MAX MIN AVG DEP HDD CDD WTR SNW DPTH SPD SPD DIR MIN PSBL S-S WX SPD DR
================================================================================
1 88 71 80 -1 0 15 1.02 0.0 0 6.7 18 80 M M 6 3 M M
2 87 71 79 -2 0 14 0.18 0.0 0 7.5 18 200 M M 6 3 M M
3 88 69 79 -3 0 14 2.30 0.0 0 5.3 20 60 M M 5 13 23 90
4 89 69 79 -3 0 14 1.25 0.0 0 7.3 30 310 M M 6 13 43 310
5 88 69 79 -3 0 14 0.48 0.0 0 8.4 14 90 M M 4 13 21 60
6 89 69 79 -3 0 14 0.00 0.0 0 5.3 13 200 M M 2 17 70
7 90 72 81 -1 0 16 0.00 0.0 0 6.4 17 260 M M 4 21 260
8 90 73 82 0 0 17 0.05 0.0 0 5.9 15 260 M M 3 20 270
9 92 73 83 1 0 18 0.00 0.0 0 4.7 10 310 M M 3 3 17 270
10 92 73 83 1 0 18 0.00 0.0 0 3.6 16 130 M M 3 18 130
11 92 72 82 0 0 17 0.51 0.0 0 3.8 12 240 M M 2 13 M M
12 93 74 84 2 0 19 0.00 0.0 0 5.0 13 270 M M 2 17 270
13 95 74 85 3 0 20 0.00 0.0 0 5.6 10 310 M M 3 1 17 310
14 95 76 86 4 0 21 0.00 0.0 0 4.7 17 270 M M 2 M M
15 96 71 84 1 0 19 0.15 0.0 0 7.3 18 30 M M 3 25 30
16 94 73 84 1 0 19 0.47 0.0 0 8.1 24 350 M M 2 3 41 350
17 92 74 83 0 0 18 0.65 0.0 0 6.0 25 290 M M 5 3 41 290
18 91 71 81 -2 0 16 1.82 0.0 0 9.1 20 300 M M 4 3 24 300
19 94 77 86 3 0 21 0.00 0.0 0 6.0 14 290 M M 2 1 17 290
20 93 71 82 -1 0 17 0.50 0.0 0 9.4 22 250 M M 4 3 29 250
21 90 70 80 -3 0 15 1.10 0.0 0 8.9 25 310 M M 4 13 33 310
22 90 71 81 -2 0 16 0.40 0.0 0 5.6 18 180 M M 2 3 38 180
23 92 73 83 0 0 18 1.60 0.0 0 4.8 9 270 M M 2 3 M M
24 93 69 81 -2 0 16 1.57 0.0 0 4.6 21 280 M M 3 3 31 350
25 93 75 84 1 0 19 0.01 0.0 0 2.4 9 240 M M 6 M M
26 95 74 85 2 0 20 0.00 0.0 0 2.0 8 330 M M 2 M M
27 94 75 85 2 0 20 0.00 0.0 0 5.0 9 250 M M 2 M M
28 94 78 86 3 0 21 0.00 0.0 0 5.7 10 320 M M 4 16 290
29 96 80 88 5 0 23 0.00 0.0 0 5.6 17 70 M M 5 21 90
30 95 76 86 3 0 21 0.00 0.0 0 7.3 16 60 M M 1 M M
================================================================================
SM 2760 2183 0 530 14.06 0.0 178.0 M 102
================================================================================
AV 92.0 72.8 5.9 FASTST M M 3 MAX(MPH)
MISC ----> 30 310 43 310
================================================================================
NOTES:
# LAST OF SEVERAL OCCURRENCES
COLUMN 17 PEAK WIND IN M.P.H.
PRELIMINARY LOCAL CLIMATOLOGICAL DATA (WS FORM: F-6) , PAGE 2
STATION: LAKELAND LINDER
MONTH: JUNE
YEAR: 2023
LATITUDE: 28 0 N
LONGITUDE: 82 3 W
[TEMPERATURE DATA] [PRECIPITATION DATA] SYMBOLS USED IN COLUMN 16
AVERAGE MONTHLY: 82.4 TOTAL FOR MONTH: 14.06 1 = FOG OR MIST
DPTR FM NORMAL: 0.6 DPTR FM NORMAL: 5.37 2 = FOG REDUCING VISIBILITY
HIGHEST: 96 ON 29,15 GRTST 24HR 2.30 ON 3- 3 TO 1/4 MILE OR LESS
LOWEST: 69 ON 24, 6 3 = THUNDER
SNOW, ICE PELLETS, HAIL 4 = ICE PELLETS
TOTAL MONTH: 0.0 INCH 5 = HAIL
GRTST 24HR 0.0 6 = FREEZING RAIN OR DRIZZLE
GRTST DEPTH: 0 7 = DUSTSTORM OR SANDSTORM:
VSBY 1/2 MILE OR LESS
8 = SMOKE OR HAZE
[NO. OF DAYS WITH] [WEATHER - DAYS WITH] 9 = BLOWING SNOW
X = TORNADO
MAX 32 OR BELOW: 0 0.01 INCH OR MORE: 17
MAX 90 OR ABOVE: 24 0.10 INCH OR MORE: 15
MIN 32 OR BELOW: 0 0.50 INCH OR MORE: 10
MIN 0 OR BELOW: 0 1.00 INCH OR MORE: 7
[HDD (BASE 65) ]
TOTAL THIS MO. 0 CLEAR (SCALE 0-3) 15
DPTR FM NORMAL 0 PTCLDY (SCALE 4-7) 15
TOTAL FM JUL 1 248 CLOUDY (SCALE 8-10) 0
DPTR FM NORMAL -197
[CDD (BASE 65) ]
TOTAL THIS MO. 530
DPTR FM NORMAL 7 [PRESSURE DATA]
TOTAL FM JAN 1 1870 HIGHEST SLP M ON M
DPTR FM NORMAL 403 LOWEST SLP M ON M
[REMARKS]
#FINAL-06-23#