000
CXUS55 KCYS 012020
CF6LAR
PRELIMINARY LOCAL CLIMATOLOGICAL DATA (WS FORM: F-6)
STATION: LARAMIE WYOMING AIRPORT
MONTH: APRIL
YEAR: 2023
LATITUDE: 41 18 N
LONGITUDE: 105 40 W
TEMPERATURE IN F: :PCPN: SNOW: WIND :SUNSHINE: SKY :PK WND
================================================================================
1 2 3 4 5 6A 6B 7 8 9 10 11 12 13 14 15 16 17 18
12Z AVG MX 2MIN
DY MAX MIN AVG DEP HDD CDD WTR SNW DPTH SPD SPD DIR MIN PSBL S-S WX SPD DR
================================================================================
1 49 21 35 -1 30 0 0.00 M M 16.3 39 250 M M 4 49 250
2 53 25 39 3 26 0 0.00 M M 17.9 43 240 M M 7 54 240
3 42 22 32 -4 33 0 T M M 23.2 39 150 M M 9 18 51 140
4 24 3 14 -22 51 0 0.09 M M 13.2 26 90 M M 9 18 36 80
5 28 2 15 -21 50 0 T M M 8.9 22 230 M M 3 27 230
6 36 10 23 -13 42 0 0.00 M M 15.4 28 220 M M 0 34 220
7 54 13 34 -2 31 0 0.00 M M 10.5 26 240 M M 0 33 240
8 56 24 40 4 25 0 0.00 M M 10.4 25 280 M M 1 31 280
9 57 26 42 6 23 0 0.00 M M 10.4 24 260 M M 0 32 250
10 66 26 46 9 19 0 0.00 M M 7.2 21 230 M M 0 26 230
11 71 33 52 15 13 0 0.00 M M 14.6 31 250 M M 0 44 230
12 71 35 53 16 12 0 0.00 M M 17.0 35 230 M M 1 52 210
13 63 32 48 11 17 0 0.00 M M 16.4 30 210 M M 3 38 210
14 33 25 29 -8 36 0 0.24 M M 8.4 20 360 M M 10 128 30 10
15 38 19 29 -8 36 0 T M M 14.8 32 310 M M 5 8 41 320
16 56 22 39 1 26 0 0.00 M M 9.0 21 280 M M 0 30 270
17 62 28 45 7 20 0 0.00 M M 15.2 26 240 M M 0 35 230
18 62 31 47 9 18 0 0.00 M M 15.8 43 270 M M 3 60 260
19 40 20 30 -8 35 0 0.00 M M 16.3 32 280 M M 5 40 270
20 39 18 29 -9 36 0 0.00 M M 21.1 36 280 M M 2 48 280
21 37 18 28 -11 37 0 T M M 14.0 31 320 M M 7 128 39 320
22 37 14 26 -13 39 0 0.01 M M 5.4 18 330 M M 8 18 26 50
23 49 15 32 -7 33 0 0.00 M M 5.5 14 10 M M 2 22 320
24 57 20 39 0 26 0 T M M 7.3 20 40 M M 3 26 30
25 48 34 41 1 24 0 0.03 M M 11.2 23 360 M M 8 1 31 350
26 58 25 42 2 23 0 T M M 6.5 20 310 M M 6 12 26 340
27 58 29 44 4 21 0 0.04 M M 17.2 39 360 M M 6 12 50 350
28 50 24 37 -4 28 0 T M M 14.5 30 320 M M 4 1 40 310
29 65 30 48 7 17 0 0.00 M M 11.5 26 300 M M 3 42 360
30 66 31 49 8 16 0 0.00 M M 8.8 24 320 M M 1 36 350
================================================================================
SM 1525 675 843 0 0.41 M 383.9 M 110
================================================================================
AV 50.8 22.5 12.8 FASTST M M 4 MAX(MPH)
MISC ----> # 43 240 60 260
================================================================================
NOTES:
# LAST OF SEVERAL OCCURRENCES
COLUMN 17 PEAK WIND IN M.P.H.
PRELIMINARY LOCAL CLIMATOLOGICAL DATA (WS FORM: F-6) , PAGE 2
STATION: LARAMIE WYOMING AIRPORT
MONTH: APRIL
YEAR: 2023
LATITUDE: 41 18 N
LONGITUDE: 105 40 W
[TEMPERATURE DATA] [PRECIPITATION DATA] SYMBOLS USED IN COLUMN 16
AVERAGE MONTHLY: 36.7 TOTAL FOR MONTH: 0.41 1 = FOG OR MIST
DPTR FM NORMAL: -1.2 DPTR FM NORMAL: -0.63 2 = FOG REDUCING VISIBILITY
HIGHEST: 71 ON 12,11 GRTST 24HR 0.24 ON 14-14 TO 1/4 MILE OR LESS
LOWEST: 2 ON 5 3 = THUNDER
SNOW, ICE PELLETS, HAIL 4 = ICE PELLETS
TOTAL MONTH: M 5 = HAIL
GRTST 24HR M ON M 6 = FREEZING RAIN OR DRIZZLE
GRTST DEPTH: M ON M 7 = DUSTSTORM OR SANDSTORM:
VSBY 1/2 MILE OR LESS
8 = SMOKE OR HAZE
[NO. OF DAYS WITH] [WEATHER - DAYS WITH] 9 = BLOWING SNOW
X = TORNADO
MAX 32 OR BELOW: 2 0.01 INCH OR MORE: 5
MAX 90 OR ABOVE: 0 0.10 INCH OR MORE: 1
MIN 32 OR BELOW: 27 0.50 INCH OR MORE: 0
MIN 0 OR BELOW: 0 1.00 INCH OR MORE: 0
[HDD (BASE 65) ]
TOTAL THIS MO. 843 CLEAR (SCALE 0-3) 16
DPTR FM NORMAL 29 PTCLDY (SCALE 4-7) 11
TOTAL FM JUL 1 7980 CLOUDY (SCALE 8-10) 3
DPTR FM NORMAL 68
[CDD (BASE 65) ]
TOTAL THIS MO. 0
DPTR FM NORMAL 0 [PRESSURE DATA]
TOTAL FM JAN 1 0 HIGHEST SLP 30.33 ON 6
DPTR FM NORMAL 0 LOWEST SLP 29.27 ON 13
[REMARKS]
#FINAL-04-23#
APRIL 11...RECORD HIGH TEMPERATURE 71F (PREVIOUS: 68F IN 1998)
APRIL 12...TIED RECORD HIGH TEMPERATURE 71F (PREVIOUS: 71F IN 1992)