000
CXUS55 KVEF 012119
CF6LAS
PRELIMINARY LOCAL CLIMATOLOGICAL DATA (WS FORM: F-6)
STATION: LAS VEGAS NV
MONTH: SEPTEMBER
YEAR: 2022
LATITUDE: 36 4 N
LONGITUDE: 115 10 W
TEMPERATURE IN F: :PCPN: SNOW: WIND :SUNSHINE: SKY :PK WND
================================================================================
1 2 3 4 5 6A 6B 7 8 9 10 11 12 13 14 15 16 17 18
12Z AVG MX 2MIN
DY MAX MIN AVG DEP HDD CDD WTR SNW DPTH SPD SPD DIR MIN PSBL S-S WX SPD DR
================================================================================
1 110 84 97 8 0 32 0.00 0.0 0 3.3 10 40 M M 3 17 360
2 108 86 97 8 0 32 0.00 0.0 0 5.8 17 180 M M 3 29 190
3 107 84 96 8 0 31 0.00 0.0 0 5.8 13 230 M M 2 18 230
4 108 87 98 10 0 33 0.00 0.0 0 3.6 18 170 M M 2 28 150
5 109 85 97 9 0 32 0.00 0.0 0 3.7 12 70 M M 2 16 320
6 110 85 98 11 0 33 0.00 0.0 0 4.0 10 50 M M 1 15 40
7 107 87 97 10 0 32 0.00 0.0 0 5.4 13 190 M M 3 20 200
8 105 83 94 7 0 29 0.07 0.0 0 6.0 20 230 M M 5 378 33 110
9 96 85 91 5 0 26 0.00 0.0 0 8.1 16 160 M M 9 27 190
10 87 75 81 -5 0 16 T 0.0 0 8.4 25 80 M M 8 33 60
11 95 74 85 -1 0 20 T 0.0 0 2.8 14 190 M M 4 3 23 190
12 86 70 78 -7 0 13 0.17 0.0 0 5.5 18 190 M M 7 31 130
13 91 70 81 -4 0 16 T 0.0 0 9.5 29 20 M M 8 3 36 20
14 90 68 79 -5 0 14 0.00 0.0 0 6.8 18 30 M M 4 26 30
15 92 73 83 -1 0 18 0.00 0.0 0 5.6 18 240 M M 3 25 240
16 92 71 82 -2 0 17 0.00 0.0 0 4.9 15 60 M M 1 21 70
17 93 70 82 -1 0 17 0.00 0.0 0 4.5 17 170 M M 1 24 170
18 94 71 83 0 0 18 0.00 0.0 0 7.0 18 180 M M 0 28 180
19 95 71 83 1 0 18 0.00 0.0 0 6.4 17 200 M M 1 25 230
20 95 73 84 2 0 19 0.00 0.0 0 8.1 20 190 M M 2 31 180
21 93 73 83 1 0 18 0.00 0.0 0 8.3 23 230 M M 1 35 200
22 93 69 81 0 0 16 0.00 0.0 0 6.4 15 220 M M 1 23 190
23 93 65 79 -2 0 14 0.00 0.0 0 4.7 12 20 M M 1 15 20
24 96 72 84 4 0 19 0.00 0.0 0 3.8 9 40 M M 2 15 70
25 97 72 85 5 0 20 0.00 0.0 0 4.9 13 70 M M 1 19 20
26 97 70 84 5 0 19 0.00 0.0 0 3.7 16 10 M M 0 20 20
27 97 74 86 7 0 21 0.00 0.0 0 4.5 14 80 M M 4 19 80
28 89 72 81 3 0 16 0.24 0.0 0 6.0 18 10 M M 6 38 22 10
29 98 73 86 8 0 21 0.00 0.0 0 5.4 16 100 M M 2 22 240
30 95 76 86 8 0 21 0.00 0.0 0 7.0 16 190 M M 1 27 210
================================================================================
SM 2918 2268 0 651 0.48 0.0 169.9 M 88
================================================================================
AV 97.3 75.6 5.7 FASTST M M 3 MAX(MPH)
MISC ----> 29 20 36 20
================================================================================
NOTES:
# LAST OF SEVERAL OCCURRENCES
COLUMN 17 PEAK WIND IN M.P.H.
PRELIMINARY LOCAL CLIMATOLOGICAL DATA (WS FORM: F-6) , PAGE 2
STATION: LAS VEGAS NV
MONTH: SEPTEMBER
YEAR: 2022
LATITUDE: 36 4 N
LONGITUDE: 115 10 W
[TEMPERATURE DATA] [PRECIPITATION DATA] SYMBOLS USED IN COLUMN 16
AVERAGE MONTHLY: 86.4 TOTAL FOR MONTH: 0.48 1 = FOG OR MIST
DPTR FM NORMAL: 2.8 DPTR FM NORMAL: 0.16 2 = FOG REDUCING VISIBILITY
HIGHEST: 110 ON 6, 1 GRTST 24HR 0.24 ON 28-28 TO 1/4 MILE OR LESS
LOWEST: 65 ON 23 3 = THUNDER
SNOW, ICE PELLETS, HAIL 4 = ICE PELLETS
TOTAL MONTH: 0.0 INCH 5 = HAIL
GRTST 24HR 0.0 6 = FREEZING RAIN OR DRIZZLE
GRTST DEPTH: 0 7 = DUSTSTORM OR SANDSTORM:
VSBY 1/2 MILE OR LESS
8 = SMOKE OR HAZE
[NO. OF DAYS WITH] [WEATHER - DAYS WITH] 9 = BLOWING SNOW
X = TORNADO
MAX 32 OR BELOW: 0 0.01 INCH OR MORE: 3
MAX 90 OR ABOVE: 27 0.10 INCH OR MORE: 2
MIN 32 OR BELOW: 0 0.50 INCH OR MORE: 0
MIN 0 OR BELOW: 0 1.00 INCH OR MORE: 0
[HDD (BASE 65) ]
TOTAL THIS MO. 0 CLEAR (SCALE 0-3) 20
DPTR FM NORMAL 0 PTCLDY (SCALE 4-7) 9
TOTAL FM JUL 1 0 CLOUDY (SCALE 8-10) 1
DPTR FM NORMAL 0
[CDD (BASE 65) ]
TOTAL THIS MO. 651
DPTR FM NORMAL 91 [PRESSURE DATA]
TOTAL FM JAN 1 3722 HIGHEST SLP 30.07 ON 28
DPTR FM NORMAL 216 LOWEST SLP 29.57 ON 17
[REMARKS]
#FINAL-09-22#