000
CXUS55 KVEF 022154
CLMLAS
CLIMATE REPORT
NATIONAL WEATHER SERVICE LAS VEGAS, NV
154 PM PST SAT DEC 02 2023
...................................
...THE LAS VEGAS NV CLIMATE SUMMARY FOR THE MONTH OF NOVEMBER 2023...
CLIMATE NORMAL PERIOD: 1991 TO 2020
CLIMATE RECORD PERIOD: 1937 TO 2023
WEATHER OBSERVED NORMAL DEPART LAST YEAR`S
VALUE DATE(S) VALUE FROM VALUE DATE(S)
NORMAL
................................................................
TEMPERATURE (F)
RECORD
HIGH 87 11/01/1988
LOW 15 11/24/1938
HIGHEST 84 11/06 79 11/01
LOWEST 37 11/26 35 11/20
AVG. MAXIMUM 68.4 67.1 1.3 61.6
AVG. MINIMUM 48.7 47.3 1.4 42.7
MEAN 58.6 57.2 1.4 52.2
DAYS MAX >= 90 0 0.0 0.0 0
DAYS MAX <= 32 0 0.0 0.0 0
DAYS MIN <= 32 0 0.7 -0.7 0
DAYS MIN <= 0 0 0.0 0.0 0
PRECIPITATION (INCHES)
RECORD
MAXIMUM 2.22 1965
MINIMUM 0.00 2021
TOTALS 0.08 0.30 -0.22 0.13
DAILY AVG. 0.00 0.01 -0.01 0.00
DAYS >= .01 1 1.5 -0.5 2
DAYS >= .10 0 0.7 -0.7 1
DAYS >= .50 0 0.2 -0.2 0
DAYS >= 1.00 0 0.0 0.0 0
GREATEST
24 HR. TOTAL 0.08 11/15 TO 11/15 0.10 11/08 TO 11/08
SNOWFALL (INCHES)
RECORDS
TOTAL 4.0 1964
24 HR TOTAL 4.0
TOTALS 0.0 0.0 0.0 0.0
SINCE 7/1 0.0
DAYS >= TRACE 0
DAYS >= 1.0 0
GREATEST
SNOW DEPTH 0
24 HR TOTAL 0.0
STORM TOTAL 0.0
DEGREE DAYS
HEATING TOTAL 196 250 -54 384
SINCE 7/1 219 283 -64 MM
COOLING TOTAL 10 16 -6 4
SINCE 1/1 3651 3722 -71 MM
FREEZE DATES
RECORD
EARLIEST 10/21/1949
LATEST 04/12/1967
EARLIEST MM
LATEST 02/01
................................................................
WIND (MPH)
AVERAGE WIND SPEED 5.9
HIGHEST WIND SPEED/DIRECTION 39/360 DATE 11/19
HIGHEST GUST SPEED/DIRECTION 52/360 DATE 11/19
SKY COVER
POSSIBLE SUNSHINE (PERCENT) MM
AVERAGE SKY COVER 0.34
NUMBER OF DAYS FAIR 15
NUMBER OF DAYS PC 14
NUMBER OF DAYS CLOUDY 1
AVERAGE RH (PERCENT) 31
WEATHER CONDITIONS. NUMBER OF DAYS WITH
THUNDERSTORM 0 MIXED PRECIP 0
HEAVY RAIN 0 RAIN 0
LIGHT RAIN 1 FREEZING RAIN 0
LT FREEZING RAIN 0 HAIL 0
HEAVY SNOW 0 SNOW 0
LIGHT SNOW 0 SLEET 0
FOG 0 FOG W/VIS <= 1/4 MILE 0
HAZE 1
- INDICATES NEGATIVE NUMBERS.
R INDICATES RECORD WAS SET OR TIED.
MM INDICATES DATA IS MISSING.
T INDICATES TRACE AMOUNT.
$$