000
CXUS52 KILM 011229
CLMLBT
CLIMATE REPORT
NATIONAL WEATHER SERVICE WILMINGTON NC
829 AM EDT SAT APR 01 2023
...................................
...THE LUMBERTON NORTH CAROLINA CLIMATE SUMMARY FOR THE MONTH OF MARCH 2023...
CLIMATE NORMAL PERIOD 1991 TO 2020
CLIMATE RECORD PERIOD 1903 TO 2023
WEATHER OBSERVED NORMAL DEPART LAST YEAR`S
VALUE DATE(S) VALUE FROM VALUE DATE(S)
NORMAL
................................................................
TEMPERATURE (F)
RECORD
HIGH 96 03/24/1907
LOW 9 03/03/1980
HIGHEST 85 03/24 MM MM 84
LOWEST 25 03/21 MM MM 25
AVG. MAXIMUM 67.6 65.8 1.8 70.9
AVG. MINIMUM 44.5 43.1 1.4 45.5
MEAN 56.1 54.5 1.6 58.2
DAYS MAX >= 90 0 0.0 0.0 0
DAYS MAX <= 32 0 0.0 0.0 0
DAYS MIN <= 32 4 5.5 -1.5 4
DAYS MIN <= 0 0 0.0 0.0 0
PRECIPITATION (INCHES)
RECORD
MAXIMUM 9.37 1971
MINIMUM 0.00 1904
TOTALS 2.59 3.26 -0.67
DAILY AVG. 0.08 0.11 -0.03
DAYS >= .01 12 9.6 2.4
DAYS >= .10 6 6.0 0.0
DAYS >= .50 3 1.9 1.1
DAYS >= 1.00 0 0.4 -0.4
GREATEST
24 HR. TOTAL 1.19 03/26 TO 03/27 0.97 03/12 TO 03/12
STORM TOTAL 0.69
(MM/DD(HH))
DEGREE DAYS
HEATING TOTAL 298 342 -44 229
SINCE 7/1 1984 2448 -464
COOLING TOTAL 29 15 14 27
SINCE 1/1 52 22 30
FREEZE DATES
RECORD
EARLIEST 10/03/1981
LATEST 05/10/1980
EARLIEST 10/20
LATEST 03/28
................................................................
WIND (MPH)
AVERAGE WIND SPEED 7.2
RESULTANT WIND SPEED/DIRECTION 2/280
HIGHEST WIND SPEED/DIRECTION 30/010 DATE 03/07
HIGHEST GUST SPEED/DIRECTION 39/020 DATE 03/07
SKY COVER
AVERAGE SKY COVER 0.30
AVERAGE RH (PERCENT) 67
WEATHER CONDITIONS. NUMBER OF DAYS WITH
THUNDERSTORM 3 MIXED PRECIP MM
HEAVY RAIN 3 RAIN 6
LIGHT RAIN 12 FREEZING RAIN 0
LT FREEZING RAIN 0 HAIL MM
HEAVY SNOW 0 SNOW 0
LIGHT SNOW 0 SLEET MM
FOG 15 FOG W/VIS <= 1/4 MILE 4
HAZE 1
- INDICATES NEGATIVE NUMBERS.
R INDICATES RECORD WAS SET OR TIED.
MM INDICATES DATA IS MISSING.
T INDICATES TRACE AMOUNT.
$$