000
CXUS54 KHGX 011410
CF6LBX
PRELIMINARY LOCAL CLIMATOLOGICAL DATA (WS FORM: F-6)
STATION: ANGLETON/LAKE_JACKS
MONTH: JUNE
YEAR: 2023
LATITUDE: 29 6 N
LONGITUDE: 95 28 W
TEMPERATURE IN F: :PCPN: SNOW: WIND :SUNSHINE: SKY :PK WND
================================================================================
1 2 3 4 5 6A 6B 7 8 9 10 11 12 13 14 15 16 17 18
12Z AVG MX 2MIN
DY MAX MIN AVG DEP HDD CDD WTR SNW DPTH SPD SPD DIR MIN PSBL S-S WX SPD DR
================================================================================
1 87 65 76 -5 0 11 0.00 0.0 0 5.2 15 110 M M 1 1 21 140
2 88 65 77 -4 0 12 T 0.0 0 4.0 14 180 M M 0 1 19 180
3 91 68 80 -1 0 15 0.00 0.0 0 4.6 16 170 M M 1 1 22 180
4 87 66 77 -4 0 12 0.03 0.0 0 5.2 31 350 M M 2 13 42 350
5 87 66 77 -4 0 12 1.33 0.0 0 2.1 14 170 M M 3 123 22 280
6 85 65 75 -6 0 10 0.12 0.0 0 2.3 18 20 M M 4 1238 23 20
7 91 65 78 -4 0 13 0.00 0.0 0 3.4 14 190 M M M 1 20 170
8 91 69 80 -2 0 15 0.30 0.0 0 3.0 17 20 M M M 13 25 20
9 93 69 81 -1 0 16 0.00 0.0 0 3.6 20 180 M M 1 1 24 180
10 91 70 81 -1 0 16 T 0.0 0 7.9 31 40 M M 2 13 42 50
11 92 72 82 0 0 17 0.00 0.0 0 9.0 17 220 M M 1 27 200
12 90 73 82 0 0 17 0.00 0.0 0 7.4 16 190 M M 3 1 23 190
13 90 73 82 0 0 17 0.00 0.0 0 9.8 22 160 M M 3 1 29 160
14 91 77 84 2 0 19 0.00 0.0 0 12.3 24 180 M M 5 18 30 170
15 93 79 86 4 0 21 0.00 0.0 0 10.8 20 190 M M 6 18 26 190
16 92 78 85 3 0 20 0.00 0.0 0 9.4 20 170 M M 7 1 26 200
17 94 78 86 4 0 21 0.00 0.0 0 8.3 18 180 M M 6 18 24 190
18 94 79 87 5 0 22 0.00 0.0 0 13.8 24 200 M M 5 1 35 210
19 93 79 86 3 0 21 0.00 0.0 0 10.3 22 180 M M 7 18 29 170
20 94 81 88 5 0 23 0.00 0.0 0 10.6 20 190 M M 6 18 27 200
21 96 74 85 2 0 20 0.06 0.0 0 8.5 24 40 M M 5 13 36 20
22 95 74 85 2 0 20 0.00 0.0 0 7.3 17 170 M M 1 18 22 180
23 94 77 86 3 0 21 0.00 0.0 0 6.8 17 180 M M 2 1 23 180
24 94 77 86 3 0 21 0.00 0.0 0 9.2 18 180 M M 3 1 27 180
25 94 79 87 4 0 22 0.00 0.0 0 10.2 20 180 M M 3 26 160
26 94 78 86 3 0 21 0.00 0.0 0 8.9 20 170 M M 2 1 27 190
27 95 77 86 3 0 21 0.00 0.0 0 8.3 18 180 M M 3 1 27 170
28 95 76 86 3 0 21 0.00 0.0 0 7.8 16 170 M M 2 1 22 170
29 94 76 85 2 0 20 0.00 0.0 0 7.0 18 180 M M 1 1 24 170
30 95 75 85 2 0 20 0.00 0.0 0 7.7 16 130 M M 1 1 22 180
================================================================================
SM 2760 2200 0 537 1.84 0.0 224.7 M 86
================================================================================
AV 92.0 73.3 7.5 FASTST M M 3 MAX(MPH)
MISC ----> # 31 350 # 42 350
================================================================================
NOTES:
# LAST OF SEVERAL OCCURRENCES
COLUMN 17 PEAK WIND IN M.P.H.
PRELIMINARY LOCAL CLIMATOLOGICAL DATA (WS FORM: F-6) , PAGE 2
STATION: ANGLETON/LAKE_JACKS
MONTH: JUNE
YEAR: 2023
LATITUDE: 29 6 N
LONGITUDE: 95 28 W
[TEMPERATURE DATA] [PRECIPITATION DATA] SYMBOLS USED IN COLUMN 16
AVERAGE MONTHLY: 82.7 TOTAL FOR MONTH: 1.84 1 = FOG OR MIST
DPTR FM NORMAL: 0.6 DPTR FM NORMAL: -2.00 2 = FOG REDUCING VISIBILITY
HIGHEST: 96 ON 21 GRTST 24HR 1.33 ON 5- 5 TO 1/4 MILE OR LESS
LOWEST: 65 ON 7, 6 3 = THUNDER
SNOW, ICE PELLETS, HAIL 4 = ICE PELLETS
TOTAL MONTH: 0.0 INCH 5 = HAIL
GRTST 24HR 0.0 6 = FREEZING RAIN OR DRIZZLE
GRTST DEPTH: 0 7 = DUSTSTORM OR SANDSTORM:
VSBY 1/2 MILE OR LESS
8 = SMOKE OR HAZE
[NO. OF DAYS WITH] [WEATHER - DAYS WITH] 9 = BLOWING SNOW
X = TORNADO
MAX 32 OR BELOW: 0 0.01 INCH OR MORE: 5
MAX 90 OR ABOVE: 25 0.10 INCH OR MORE: 3
MIN 32 OR BELOW: 0 0.50 INCH OR MORE: 1
MIN 0 OR BELOW: 0 1.00 INCH OR MORE: 1
[HDD (BASE 65) ]
TOTAL THIS MO. 0 CLEAR (SCALE 0-3) 19
DPTR FM NORMAL 0 PTCLDY (SCALE 4-7) 9
TOTAL FM JUL 1 981 CLOUDY (SCALE 8-10) 2
DPTR FM NORMAL -149
[CDD (BASE 65) ]
TOTAL THIS MO. 537
DPTR FM NORMAL 23 [PRESSURE DATA]
TOTAL FM JAN 1 1371 HIGHEST SLP 30.01 ON 30
DPTR FM NORMAL 157 LOWEST SLP 29.70 ON 14
[REMARKS]
#FINAL-06-23#