000
CXUS53 KLMK 010710
CF6LEX
PRELIMINARY LOCAL CLIMATOLOGICAL DATA (WS FORM: F-6)
STATION: LEXINGTON KY
MONTH: APRIL
YEAR: 2022
LATITUDE: 38 1 N
LONGITUDE: 84 36 W
TEMPERATURE IN F: :PCPN: SNOW: WIND :SUNSHINE: SKY :PK WND
================================================================================
1 2 3 4 5 6A 6B 7 8 9 10 11 12 13 14 15 16 17 18
12Z AVG MX 2MIN
DY MAX MIN AVG DEP HDD CDD WTR SNW DPTH SPD SPD DIR MIN PSBL S-S WX SPD DR
================================================================================
1 48 34 41 -10 24 0 0.04 T 0 9.1 21 270 M M 7 1 28 270
2 54 33 44 -8 21 0 T 0.0 0 8.2 18 290 M M 3 25 300
3 59 35 47 -5 18 0 0.00 0.0 0 6.4 16 290 M M 1 23 290
4 58 39 49 -3 16 0 0.05 0.0 0 6.6 15 230 M M 8 1 20 230
5 57 49 53 1 12 0 0.79 0.0 0 6.4 16 50 M M 9 1 21 40
6 63 48 56 3 9 0 0.65 0.0 0 8.0 26 290 M M 9 1 34 280
7 56 44 50 -3 15 0 0.05 0.0 0 10.0 22 270 M M 7 1 31 270
8 47 37 42 -12 23 0 0.15 T 0 9.9 29 260 M M 8 13 41 260
9 46 31 39 -15 26 0 0.05 T 0 10.1 29 280 M M 8 128 39 280
10 65 28 47 -7 18 0 0.00 0.0 0 8.9 15 140 M M 0 22 160
11 68 55 62 7 3 0 0.50 0.0 0 12.5 25 200 M M 5 1 35 210
12 69 54 62 7 3 0 0.12 0.0 0 8.7 35 180 M M 8 1 50 180
13 77 60 69 14 0 4 0.53 0.0 0 12.5 39 270 M M 4 1 56 270
14 63 45 54 -2 11 0 0.04 0.0 0 10.2 25 300 M M 4 1 36 310
15 70 43 57 1 8 0 0.04 0.0 0 11.7 26 260 M M 2 36 260
16 69 48 59 3 6 0 0.05 0.0 0 10.0 18 200 M M 6 24 280
17 52 36 44 -13 21 0 0.00 0.0 0 13.1 22 60 M M 1 29 40
18 49 39 44 -13 21 0 0.38 0.0 0 10.4 20 270 M M 10 1 28 260
19 54 33 44 -14 21 0 0.00 0.0 0 8.0 16 280 M M 2 24 280
20 70 39 55 -3 10 0 0.00 0.0 0 8.5 17 130 M M 2 23 120
21 65 57 61 3 4 0 0.11 0.0 0 M M M M M M M M
22 80 55 68 10 0 3 0.00 0.0 0 4.2 10 160 M M 1 16 160
23 84 63 74 15 0 9 0.00 0.0 0 10.7 20 210 M M 0 28 200
24 82 63 73 14 0 8 0.00 0.0 0 11.6 25 220 M M 0 34 220
25 79 58 69 9 0 4 0.05 0.0 0 11.2 25 210 M M 5 1 36 260
26 60 45 53 -7 12 0 0.11 0.0 0 9.4 18 290 M M 3 1 26 290
27 67 42 55 -5 10 0 0.00 0.0 0 6.0 15 330 M M 0 21 330
28 71 44 58 -2 7 0 0.00 0.0 0 9.7 16 60 M M 1 22 60
29 75 55 65 4 0 0 T 0.0 0 7.8 16 120 M M 6 22 110
30 81 55 68 7 0 3 T 0.0 0 9.5 20 190 M M 5 27 220
================================================================================
SM 1938 1367 319 31 3.71 T 269.3 M 125
================================================================================
AV 64.6 45.6 9.3 FASTST M M 4 MAX(MPH)
MISC ----> 39 270 56 270
================================================================================
NOTES:
# LAST OF SEVERAL OCCURRENCES
COLUMN 17 PEAK WIND IN M.P.H.
PRELIMINARY LOCAL CLIMATOLOGICAL DATA (WS FORM: F-6) , PAGE 2
STATION: LEXINGTON KY
MONTH: APRIL
YEAR: 2022
LATITUDE: 38 1 N
LONGITUDE: 84 36 W
[TEMPERATURE DATA] [PRECIPITATION DATA] SYMBOLS USED IN COLUMN 16
AVERAGE MONTHLY: 55.1 TOTAL FOR MONTH: 3.71 1 = FOG OR MIST
DPTR FM NORMAL: -1.1 DPTR FM NORMAL: -0.71 2 = FOG REDUCING VISIBILITY
HIGHEST: 84 ON 23 GRTST 24HR 0.94 ON 5- 6 TO 1/4 MILE OR LESS
LOWEST: 28 ON 10 3 = THUNDER
SNOW, ICE PELLETS, HAIL 4 = ICE PELLETS
TOTAL MONTH: T 5 = HAIL
GRTST 24HR T ON 1- 1 6 = FREEZING RAIN OR DRIZZLE
GRTST DEPTH: 0 7 = DUSTSTORM OR SANDSTORM:
VSBY 1/2 MILE OR LESS
8 = SMOKE OR HAZE
[NO. OF DAYS WITH] [WEATHER - DAYS WITH] 9 = BLOWING SNOW
X = TORNADO
MAX 32 OR BELOW: 0 0.01 INCH OR MORE: 17
MAX 90 OR ABOVE: 0 0.10 INCH OR MORE: 9
MIN 32 OR BELOW: 2 0.50 INCH OR MORE: 4
MIN 0 OR BELOW: 0 1.00 INCH OR MORE: 0
[HDD (BASE 65) ]
TOTAL THIS MO. 319 CLEAR (SCALE 0-3) 13
DPTR FM NORMAL 32 PTCLDY (SCALE 4-7) 12
TOTAL FM JUL 1 4129 CLOUDY (SCALE 8-10) 5
DPTR FM NORMAL -202
[CDD (BASE 65) ]
TOTAL THIS MO. 31
DPTR FM NORMAL 8 [PRESSURE DATA]
TOTAL FM JAN 1 31 HIGHEST SLP M ON M
DPTR FM NORMAL 4 LOWEST SLP 29.56 ON 6
[REMARKS]
#FINAL-04-22#