000
CXUS54 KLCH 010830
CF6LFT
PRELIMINARY LOCAL CLIMATOLOGICAL DATA (WS FORM: F-6)
STATION: LAFAYETTE
MONTH: JUNE
YEAR: 2021
LATITUDE: 30 12 N
LONGITUDE: 92 0 W
TEMPERATURE IN F: :PCPN: SNOW: WIND :SUNSHINE: SKY :PK WND
================================================================================
1 2 3 4 5 6A 6B 7 8 9 10 11 12 13 14 15 16 17 18
12Z AVG MX 2MIN
DY MAX MIN AVG DEP HDD CDD WTR SNW DPTH SPD SPD DIR MIN PSBL S-S WX SPD DR
================================================================================
1 86 71 79 -1 0 14 T 0.0 M 6.9 17 190 M M 4 24 190
2 87 72 80 0 0 15 0.19 0.0 M 6.8 18 200 M M 4 1 23 210
3 86 72 79 -1 0 14 0.37 0.0 M 2.8 14 10 M M 3 13 18 10
4 82 70 76 -4 0 11 0.81 0.0 M 3.0 8 60 M M 5 13 13 60
5 81 72 77 -4 0 12 0.31 0.0 M 2.2 12 170 M M 9 1 21 130
6 84 72 78 -3 0 13 0.33 0.0 M 3.3 20 270 M M 7 13 27 270
7 87 77 82 1 0 17 T 0.0 M 8.4 18 180 M M 8 18 29 190
8 89 79 84 3 0 19 0.00 0.0 M 8.8 17 190 M M 4 25 160
9 90 77 84 3 0 19 0.00 0.0 M 6.8 16 200 M M 4 13 23 210
10 90 74 82 1 0 17 0.00 0.0 M 6.5 14 200 M M 3 1 21 230
11 90 74 82 1 0 17 0.00 0.0 0 7.2 16 210 M M 3 1 23 200
12 93 74 84 2 0 19 0.00 0.0 0 6.8 13 280 M M 3 1 18 320
13 95 73 84 2 0 19 0.31 0.0 M 6.4 25 60 M M 2 1238 44 60
14 92 72 82 0 0 17 0.00 0.0 M 2.1 9 20 M M 0 1 11 20
15 93 75 84 2 0 19 0.15 0.0 M 2.5 15 190 M M 3 3 20 260
16 94 74 84 2 0 19 0.00 0.0 M 4.7 14 30 M M 0 18 40
17 90 69 80 -2 0 15 0.00 0.0 M 4.6 15 40 M M 0 22 40
18 89 70 80 -2 0 15 T 0.0 M 8.8 18 20 M M 4 18 28 20
19 92 74 83 1 0 18 0.00 0.0 M 8.1 15 20 M M 6 22 20
20 91 75 83 1 0 18 T 0.0 M 7.4 22 190 M M 4 29 200
21 88 74 81 -1 0 16 1.01 0.0 M 4.3 26 210 M M 6 1238 44 190
22 90 73 82 0 0 17 0.14 0.0 M 1.4 17 330 M M 7 13 23 330
23 90 76 83 1 0 18 0.52 0.0 M 3.0 13 60 M M 5 123 19 70
24 90 74 82 0 0 17 1.94 0.0 M 2.6 22 230 M M 5 123 32 220
25 89 75 82 0 0 17 0.17 0.0 M 2.1 13 150 M M 3 13 23 150
26 87 75 81 -1 0 16 0.06 0.0 M 2.4 16 170 M M 3 13 25 170
27 88 75 82 -1 0 17 0.16 0.0 M 4.9 12 80 M M 3 138 21 60
28 85 72 79 -4 0 14 0.64 0.0 M 4.8 21 130 M M 3 138 29 160
29 90 74 82 -1 0 17 0.01 0.0 M 4.0 17 180 M M 3 34 150
30 90 74 82 -1 0 17 0.02 0.0 M 2.4 12 80 M M 3 1 20 80
================================================================================
SM 2668 2208 0 493 7.14 0.0 146.0 M 117
================================================================================
AV 88.9 73.6 4.9 FASTST M M 4 MAX(MPH)
MISC ----> 26 210 # 44 60
================================================================================
NOTES:
# LAST OF SEVERAL OCCURRENCES
COLUMN 17 PEAK WIND IN M.P.H.
PRELIMINARY LOCAL CLIMATOLOGICAL DATA (WS FORM: F-6) , PAGE 2
STATION: LAFAYETTE
MONTH: JUNE
YEAR: 2021
LATITUDE: 30 12 N
LONGITUDE: 92 0 W
[TEMPERATURE DATA] [PRECIPITATION DATA] SYMBOLS USED IN COLUMN 16
AVERAGE MONTHLY: 81.3 TOTAL FOR MONTH: 7.14 1 = FOG OR MIST
DPTR FM NORMAL: -0.3 DPTR FM NORMAL: 0.05 2 = FOG REDUCING VISIBILITY
HIGHEST: 95 ON 13 GRTST 24HR 1.94 ON 24-24 TO 1/4 MILE OR LESS
LOWEST: 69 ON 17 3 = THUNDER
SNOW, ICE PELLETS, HAIL 4 = ICE PELLETS
TOTAL MONTH: 0.0 INCH 5 = HAIL
GRTST 24HR 0.0 6 = FREEZING RAIN OR DRIZZLE
GRTST DEPTH: 0 7 = DUSTSTORM OR SANDSTORM:
VSBY 1/2 MILE OR LESS
8 = SMOKE OR HAZE
[NO. OF DAYS WITH] [WEATHER - DAYS WITH] 9 = BLOWING SNOW
X = TORNADO
MAX 32 OR BELOW: 0 0.01 INCH OR MORE: 17
MAX 90 OR ABOVE: 16 0.10 INCH OR MORE: 14
MIN 32 OR BELOW: 0 0.50 INCH OR MORE: 5
MIN 0 OR BELOW: 0 1.00 INCH OR MORE: 2
[HDD (BASE 65) ]
TOTAL THIS MO. 0 CLEAR (SCALE 0-3) 11
DPTR FM NORMAL 0 PTCLDY (SCALE 4-7) 18
TOTAL FM JUL 1 1434 CLOUDY (SCALE 8-10) 1
DPTR FM NORMAL 57
[CDD (BASE 65) ]
TOTAL THIS MO. 493
DPTR FM NORMAL -6 [PRESSURE DATA]
TOTAL FM JAN 1 1056 HIGHEST SLP 30.11 ON 30
DPTR FM NORMAL -78 LOWEST SLP 29.76 ON 19
[REMARKS]
#FINAL-06-21#