000
CXUS51 KOKX 010910
CF6LGA
PRELIMINARY LOCAL CLIMATOLOGICAL DATA (WS FORM: F-6)
STATION: LAGUARDIA NY
MONTH: AUGUST
YEAR: 2022
LATITUDE: 40 46 N
LONGITUDE: 73 54 W
TEMPERATURE IN F: :PCPN: SNOW: WIND :SUNSHINE: SKY :PK WND
================================================================================
1 2 3 4 5 6A 6B 7 8 9 10 11 12 13 14 15 16 17 18
12Z AVG MX 2MIN
DY MAX MIN AVG DEP HDD CDD WTR SNW DPTH SPD SPD DIR MIN PSBL S-S WX SPD DR
================================================================================
1 79 68 74 -5 0 9 0.41 0.0 0 6.9 14 60 M M 9 18 25 60
2 93 71 82 3 0 17 0.00 0.0 0 8.1 16 250 M M 6 21 270
3 92 74 83 4 0 18 0.00 0.0 0 8.7 17 180 M M 2 22 160
4 94 79 87 8 0 22 0.00 0.0 0 9.3 23 190 M M 4 28 190
5 94 80 87 8 0 22 0.00 0.0 9 8.1 17 260 M M 8 22 250
6 94 79 87 8 0 22 0.00 0.0 0 9.3 20 220 M M 6 26 220
7 93 77 85 6 0 20 0.61 0.0 0 10.7 23 240 M M 7 3 33 200
8 94 80 87 8 0 22 0.00 0.0 0 12.4 21 160 M M 5 26 170
9 98 80 89 10 0 24 0.05 0.0 0 9.0 29 310 M M 6 3 38 310
10 86 75 81 2 0 16 0.00 0.0 0 8.4 15 180 M M 7 19 80
11 91 74 83 5 0 18 0.13 0.0 0 7.3 17 170 M M 7 1 20 260
12 85 72 79 1 0 14 0.00 0.0 0 11.2 20 20 M M 6 25 10
13 80 66 73 -5 0 8 0.00 0.0 0 9.0 17 360 M M 4 23 350
14 83 70 77 -1 0 12 0.00 0.0 0 8.7 21 170 M M 4 25 170
15 83 71 77 -1 0 12 0.00 0.0 0 6.5 14 130 M M 6 22 60
16 84 67 76 -2 0 11 0.00 0.0 0 8.6 18 60 M M 7 24 60
17 82 68 75 -3 0 10 0.31 0.0 0 6.8 22 60 M M 7 3 27 50
18 88 68 78 0 0 13 0.00 0.0 0 7.5 16 190 M M 4 21 260
19 90 73 82 4 0 17 0.00 0.0 0 8.1 21 180 M M 4 27 180
20 91 76 84 6 0 19 0.00 0.0 0 7.2 20 180 M M 7 25 170
21 83 73 78 1 0 13 0.00 0.0 0 8.8 14 140 M M 7 20 140
22 81 73 77 0 0 12 0.24 0.0 0 7.6 17 160 M M 9 3 21 160
23 88 73 81 4 0 16 T 0.0 0 8.7 21 300 M M 6 1 26 290
24 90 74 82 5 0 17 0.00 0.0 0 8.9 15 310 M M 3 21 260
25 91 75 83 6 0 18 0.00 0.0 0 7.3 20 170 M M 4 24 170
26 88 78 83 7 0 18 0.28 0.0 0 9.0 21 170 M M 7 3 25 190
27 88 75 82 6 0 17 0.00 0.0 0 6.6 14 160 M M 6 18 50
28 80 73 77 1 0 12 0.00 0.0 0 10.5 16 50 M M 8 22 50
29 87 75 81 5 0 16 T 0.0 0 10.2 22 170 M M 5 27 180
30 89 75 82 6 0 17 0.04 0.0 0 11.3 25 180 M M 6 33 170
31 85 72 79 3 0 14 T 0.0 0 11.9 23 300 M M 4 31 300
================================================================================
SM 2724 2284 0 496 2.07 0.0 272.6 M 181
================================================================================
AV 87.9 73.7 8.8 FASTST M M 6 MAX(MPH)
MISC ----> 29 310 38 310
================================================================================
NOTES:
# LAST OF SEVERAL OCCURRENCES
COLUMN 17 PEAK WIND IN M.P.H.
PRELIMINARY LOCAL CLIMATOLOGICAL DATA (WS FORM: F-6) , PAGE 2
STATION: LAGUARDIA NY
MONTH: AUGUST
YEAR: 2022
LATITUDE: 40 46 N
LONGITUDE: 73 54 W
[TEMPERATURE DATA] [PRECIPITATION DATA] SYMBOLS USED IN COLUMN 16
AVERAGE MONTHLY: 80.8 TOTAL FOR MONTH: 2.07 1 = FOG OR MIST
DPTR FM NORMAL: 3.1 DPTR FM NORMAL: -2.34 2 = FOG REDUCING VISIBILITY
HIGHEST: 98 ON 9 GRTST 24HR 0.61 ON 7- 7 TO 1/4 MILE OR LESS
LOWEST: 66 ON 13 3 = THUNDER
SNOW, ICE PELLETS, HAIL 4 = ICE PELLETS
TOTAL MONTH: 0.0 INCH 5 = HAIL
GRTST 24HR 0.0 6 = FREEZING RAIN OR DRIZZLE
GRTST DEPTH: 9 ON 5 7 = DUSTSTORM OR SANDSTORM:
VSBY 1/2 MILE OR LESS
8 = SMOKE OR HAZE
[NO. OF DAYS WITH] [WEATHER - DAYS WITH] 9 = BLOWING SNOW
X = TORNADO
MAX 32 OR BELOW: 0 0.01 INCH OR MORE: 8
MAX 90 OR ABOVE: 13 0.10 INCH OR MORE: 6
MIN 32 OR BELOW: 0 0.50 INCH OR MORE: 1
MIN 0 OR BELOW: 0 1.00 INCH OR MORE: 0
[HDD (BASE 65) ]
TOTAL THIS MO. 0 CLEAR (SCALE 0-3) 2
DPTR FM NORMAL 0 PTCLDY (SCALE 4-7) 27
TOTAL FM JUL 1 0 CLOUDY (SCALE 8-10) 2
DPTR FM NORMAL 0
[CDD (BASE 65) ]
TOTAL THIS MO. 496
DPTR FM NORMAL 100 [PRESSURE DATA]
TOTAL FM JAN 1 1312 HIGHEST SLP M ON M
DPTR FM NORMAL 132 LOWEST SLP 29.74 ON 30
[REMARKS]
#FINAL-08-22#