000
CXUS51 KOKX 010910
CF6LGA
PRELIMINARY LOCAL CLIMATOLOGICAL DATA (WS FORM: F-6)
STATION: LAGUARDIA NY
MONTH: JULY
YEAR: 2022
LATITUDE: 40 46 N
LONGITUDE: 73 54 W
TEMPERATURE IN F: :PCPN: SNOW: WIND :SUNSHINE: SKY :PK WND
================================================================================
1 2 3 4 5 6A 6B 7 8 9 10 11 12 13 14 15 16 17 18
12Z AVG MX 2MIN
DY MAX MIN AVG DEP HDD CDD WTR SNW DPTH SPD SPD DIR MIN PSBL S-S WX SPD DR
================================================================================
1 95 75 85 7 0 20 0.00 0.0 0 10.5 22 230 M M 5 3 31 230
2 91 77 84 6 0 19 0.00 0.0 0 8.9 21 160 M M 8 24 160
3 88 74 81 3 0 16 0.00 0.0 0 8.3 18 330 M M 5 23 320
4 87 68 78 0 0 13 0.00 0.0 0 6.3 15 310 M M 4 20 310
5 88 73 81 3 0 16 0.08 0.0 0 12.3 24 180 M M 8 31 180
6 86 73 80 1 0 15 0.00 0.0 0 10.2 21 320 M M 7 27 320
7 82 70 76 -3 0 11 0.00 0.0 0 10.4 16 120 M M 7 23 50
8 86 68 77 -2 0 12 0.29 0.0 0 6.6 15 180 M M 7 21 210
9 84 72 78 -1 0 13 0.00 0.0 0 6.9 15 60 M M 8 18 60
10 82 68 75 -4 0 10 0.00 0.0 0 10.5 17 170 M M 4 22 40
11 84 69 77 -2 0 12 0.00 0.0 0 11.7 24 190 M M 2 30 180
12 91 71 81 2 0 16 0.00 0.0 0 12.3 23 160 M M 4 26 170
13 92 75 84 5 0 19 0.00 0.0 0 7.9 17 170 M M 7 23 180
14 90 72 81 2 0 16 0.00 0.0 0 7.7 16 310 M M 7 20 330
15 86 72 79 -1 0 14 0.00 0.0 0 8.7 15 160 M M 6 23 60
16 84 69 77 -3 0 12 0.55 0.0 0 7.9 33 300 M M 8 3 41 310
17 84 73 79 -1 0 14 T 0.0 0 7.2 16 180 M M 8 20 180
18 88 73 81 1 0 16 0.34 0.0 0 10.3 23 270 M M 8 138 31 250
19 93 75 84 4 0 19 0.00 0.0 0 12.6 22 260 M M 5 29 250
20 97 80 89 9 0 24 0.00 0.0 0 8.2 21 160 M M 3 25 160
21 97 74 86 6 0 21 0.57 0.0 0 10.6 28 320 M M 5 13 41 40
22 96 79 88 8 0 23 T 0.0 0 7.8 21 330 M M 4 31 300
23 97 79 88 8 0 23 0.00 0.0 0 7.8 20 190 M M 4 23 180
24 98 82 90 10 0 25 0.00 0.0 0 10.9 21 160 M M 7 25 170
25 89 74 82 2 0 17 0.76 0.0 0 10.4 29 310 M M 8 3 38 300
26 82 72 77 -3 0 12 0.00 0.0 0 7.5 22 50 M M 7 26 50
27 86 70 78 -2 0 13 0.00 0.0 0 8.0 17 190 M M 6 22 170
28 88 75 82 3 0 17 0.08 0.0 0 9.5 21 170 M M 8 3 24 180
29 87 75 81 2 0 16 0.02 0.0 0 7.8 15 270 M M 7 20 260
30 88 74 81 2 0 16 0.00 0.0 0 10.4 20 310 M M 6 26 320
31 87 72 80 1 0 15 T 0.0 0 7.7 16 160 M M 6 21 160
================================================================================
SM 2753 2273 0 505 2.69 0.0 283.8 M 189
================================================================================
AV 88.8 73.3 9.2 FASTST M M 6 MAX(MPH)
MISC ----> 33 300 # 41 310
================================================================================
NOTES:
# LAST OF SEVERAL OCCURRENCES
COLUMN 17 PEAK WIND IN M.P.H.
PRELIMINARY LOCAL CLIMATOLOGICAL DATA (WS FORM: F-6) , PAGE 2
STATION: LAGUARDIA NY
MONTH: JULY
YEAR: 2022
LATITUDE: 40 46 N
LONGITUDE: 73 54 W
[TEMPERATURE DATA] [PRECIPITATION DATA] SYMBOLS USED IN COLUMN 16
AVERAGE MONTHLY: 81.1 TOTAL FOR MONTH: 2.69 1 = FOG OR MIST
DPTR FM NORMAL: 1.9 DPTR FM NORMAL: -1.61 2 = FOG REDUCING VISIBILITY
HIGHEST: 98 ON 24 GRTST 24HR 0.76 ON 25-25 TO 1/4 MILE OR LESS
LOWEST: 68 ON 10, 8 3 = THUNDER
SNOW, ICE PELLETS, HAIL 4 = ICE PELLETS
TOTAL MONTH: 0.0 INCH 5 = HAIL
GRTST 24HR 0.0 6 = FREEZING RAIN OR DRIZZLE
GRTST DEPTH: 0 7 = DUSTSTORM OR SANDSTORM:
VSBY 1/2 MILE OR LESS
8 = SMOKE OR HAZE
[NO. OF DAYS WITH] [WEATHER - DAYS WITH] 9 = BLOWING SNOW
X = TORNADO
MAX 32 OR BELOW: 0 0.01 INCH OR MORE: 8
MAX 90 OR ABOVE: 11 0.10 INCH OR MORE: 5
MIN 32 OR BELOW: 0 0.50 INCH OR MORE: 3
MIN 0 OR BELOW: 0 1.00 INCH OR MORE: 0
[HDD (BASE 65) ]
TOTAL THIS MO. 0 CLEAR (SCALE 0-3) 2
DPTR FM NORMAL 0 PTCLDY (SCALE 4-7) 26
TOTAL FM JUL 1 0 CLOUDY (SCALE 8-10) 3
DPTR FM NORMAL 0
[CDD (BASE 65) ]
TOTAL THIS MO. 505
DPTR FM NORMAL 66 [PRESSURE DATA]
TOTAL FM JAN 1 816 HIGHEST SLP M ON M
DPTR FM NORMAL 32 LOWEST SLP 29.61 ON 21
[REMARKS]
#FINAL-07-22#