000
CXUS51 KOKX 011010
CF6LGA
PRELIMINARY LOCAL CLIMATOLOGICAL DATA (WS FORM: F-6)
STATION: LAGUARDIA NY
MONTH: DECEMBER
YEAR: 2021
LATITUDE: 40 46 N
LONGITUDE: 73 54 W
TEMPERATURE IN F: :PCPN: SNOW: WIND :SUNSHINE: SKY :PK WND
================================================================================
1 2 3 4 5 6A 6B 7 8 9 10 11 12 13 14 15 16 17 18
12Z AVG MX 2MIN
DY MAX MIN AVG DEP HDD CDD WTR SNW DPTH SPD SPD DIR MIN PSBL S-S WX SPD DR
================================================================================
1 50 43 47 3 18 0 0.00 0.0 0 9.8 20 260 M M 7 8 29 250
2 60 46 53 9 12 0 0.04 0.0 0 12.2 39 300 M M 8 51 290
3 50 40 45 1 20 0 0.00 0.0 0 17.4 31 300 M M 3 41 300
4 49 39 44 1 21 0 0.00 0.0 0 6.9 17 300 M M 6 21 310
5 49 42 46 3 19 0 0.00 0.0 0 7.1 16 330 M M 7 21 320
6 61 46 54 11 11 0 0.44 0.0 0 14.4 41 290 M M 9 18 57 280
7 45 39 42 0 23 0 0.00 0.0 0 10.9 30 320 M M 7 39 320
8 43 36 40 -2 25 0 0.04 T 0 9.2 21 310 M M 10 1 27 320
9 40 34 37 -5 28 0 0.00 0.0 0 11.4 28 310 M M 7 34 310
10 51 40 46 4 19 0 0.00 0.0 0 6.6 15 210 M M 9 19 200
11 67 45 56 15 9 0 0.14 0.0 0 10.5 32 290 M M 10 18 45 270
12 59 44 52 11 13 0 0.00 0.0 0 16.7 31 310 M M 4 44 290
13 54 42 48 7 17 0 0.00 0.0 0 11.8 22 250 M M 3 32 260
14 54 44 49 9 16 0 0.00 0.0 0 9.2 17 300 M M 4 23 300
15 55 40 48 8 17 0 T 0.0 0 7.9 16 130 M M 8 22 130
16 63 55 59 19 6 0 0.00 0.0 0 11.5 20 220 M M 8 27 230
17 62 50 56 16 9 0 0.00 0.0 0 12.4 24 260 M M 6 33 270
18 50 40 45 6 20 0 0.09 0.0 0 7.5 16 50 M M 10 18 18 50
19 45 31 38 -1 27 0 0.01 T 0 15.9 28 310 M M 6 14 34 310
20 38 27 33 -6 32 0 0.00 0.0 0 8.4 16 240 M M 1 21 230
21 43 33 38 -1 27 0 T 0.0 0 6.0 12 300 M M 7 16 60
22 48 35 42 4 23 0 0.16 0.0 0 16.2 32 320 M M 6 1 42 310
23 37 32 35 -3 30 0 0.00 0.0 0 14.0 25 300 M M 6 31 320
24 39 31 35 -3 30 0 0.02 0.6 1 7.9 16 40 M M 9 8 21 60
25 51 36 44 6 21 0 0.16 0.0 0 5.5 12 310 M M 9 1 16 250
26 52 41 47 10 18 0 0.00 0.0 0 19.0 32 320 M M 3 40 310
27 41 35 38 1 27 0 0.08 T 0 8.4 17 340 M M 8 4 21 320
28 48 37 43 6 22 0 0.05 0.0 0 6.4 16 300 M M 9 18 19 290
29 44 42 43 6 22 0 0.16 0.0 0 8.0 15 50 M M 10 18 18 50
30 49 43 46 10 19 0 0.05 0.0 0 5.6 12 190 M M 10 18 14 200
31 55 48 52 16 13 0 T 0.0 0 6.4 13 200 M M 10 1 16 210
================================================================================
SM 1552 1236 614 0 1.44 0.6 321.1 M 220
================================================================================
AV 50.1 39.9 10.4 FASTST M M 7 MAX(MPH)
MISC ----> 41 290 57 280
================================================================================
NOTES:
# LAST OF SEVERAL OCCURRENCES
COLUMN 17 PEAK WIND IN M.P.H.
PRELIMINARY LOCAL CLIMATOLOGICAL DATA (WS FORM: F-6) , PAGE 2
STATION: LAGUARDIA NY
MONTH: DECEMBER
YEAR: 2021
LATITUDE: 40 46 N
LONGITUDE: 73 54 W
[TEMPERATURE DATA] [PRECIPITATION DATA] SYMBOLS USED IN COLUMN 16
AVERAGE MONTHLY: 45.0 TOTAL FOR MONTH: 1.44 1 = FOG OR MIST
DPTR FM NORMAL: 5.0 DPTR FM NORMAL: -2.64 2 = FOG REDUCING VISIBILITY
HIGHEST: 67 ON 11 GRTST 24HR 0.44 ON 6- 6 TO 1/4 MILE OR LESS
LOWEST: 27 ON 20 3 = THUNDER
SNOW, ICE PELLETS, HAIL 4 = ICE PELLETS
TOTAL MONTH: 0.6 INCH 5 = HAIL
GRTST 24HR 0.6 ON 24-24 6 = FREEZING RAIN OR DRIZZLE
GRTST DEPTH: 1 ON 24 7 = DUSTSTORM OR SANDSTORM:
VSBY 1/2 MILE OR LESS
8 = SMOKE OR HAZE
[NO. OF DAYS WITH] [WEATHER - DAYS WITH] 9 = BLOWING SNOW
X = TORNADO
MAX 32 OR BELOW: 0 0.01 INCH OR MORE: 13
MAX 90 OR ABOVE: 0 0.10 INCH OR MORE: 5
MIN 32 OR BELOW: 4 0.50 INCH OR MORE: 0
MIN 0 OR BELOW: 0 1.00 INCH OR MORE: 0
[HDD (BASE 65) ]
TOTAL THIS MO. 614 CLEAR (SCALE 0-3) 2
DPTR FM NORMAL -160 PTCLDY (SCALE 4-7) 17
TOTAL FM JUL 1 1174 CLOUDY (SCALE 8-10) 12
DPTR FM NORMAL -296
[CDD (BASE 65) ]
TOTAL THIS MO. 0
DPTR FM NORMAL 0 [PRESSURE DATA]
TOTAL FM JAN 1 1597 HIGHEST SLP M ON M
DPTR FM NORMAL 189 LOWEST SLP 29.46 ON 25
[REMARKS]
#FINAL-12-21#