000
CXUS51 KOKX 011010
CF6LGA
PRELIMINARY LOCAL CLIMATOLOGICAL DATA (WS FORM: F-6)
STATION: LAGUARDIA NY
MONTH: FEBRUARY
YEAR: 2024
LATITUDE: 40 46 N
LONGITUDE: 73 54 W
TEMPERATURE IN F: :PCPN: SNOW: WIND :SUNSHINE: SKY :PK WND
================================================================================
1 2 3 4 5 6A 6B 7 8 9 10 11 12 13 14 15 16 17 18
12Z AVG MX 2MIN
DY MAX MIN AVG DEP HDD CDD WTR SNW DPTH SPD SPD DIR MIN PSBL S-S WX SPD DR
================================================================================
1 47 37 42 8 23 0 0.00 0.0 0 7.5 16 270 M M 9 22 270
2 46 38 42 8 23 0 0.23 0.0 0 9.0 20 350 M M 9 18 25 350
3 42 33 38 4 27 0 0.00 0.0 0 12.2 21 360 M M 4 27 360
4 45 31 38 3 27 0 0.00 0.0 0 7.5 15 10 M M 1 19 10
5 44 32 38 3 27 0 0.00 0.0 0 12.4 23 360 M M 1 32 10
6 43 29 36 1 29 0 0.00 0.0 0 9.2 18 50 M M 0 21 40
7 49 32 41 6 24 0 0.00 0.0 0 5.2 14 60 M M 3 21 60
8 52 35 44 9 21 0 0.00 0.0 0 6.5 13 160 M M 5 16 180
9 51 42 47 12 18 0 0.00 0.0 0 8.4 17 160 M M 8 23 180
10 60 39 50 15 15 0 0.00 0.0 M 5.5 15 260 M M 8 22 260
11 56 43 50 14 15 0 0.00 0.0 0 9.8 18 320 M M 8 26 320
12 47 38 43 7 22 0 T T 0 7.3 16 40 M M 8 4 23 70
13 41 33 37 1 28 0 0.64 3.3 1 14.6 24 330 M M 8 124 33 360
14 39 30 35 -1 30 0 0.00 0.0 1 21.4 31 310 M M 2 43 300
15 38 28 33 -3 32 0 0.00 0.0 T 10.8 26 310 M M 5 35 300
16 43 36 40 4 25 0 0.00 0.0 T 16.1 33 290 M M 4 49 310
17 37 28 33 -4 32 0 0.23 3.3 3 10.7 26 320 M M 8 1 34 330
18 41 27 34 -3 31 0 0.00 0.0 1 14.1 28 260 M M 2 39 210
19 41 32 37 0 28 0 0.00 0.0 T 12.1 23 320 M M 1 32 320
20 38 26 32 -5 33 0 0.00 0.0 0 8.6 15 20 M M 2 23 50
21 40 30 35 -2 30 0 0.00 0.0 0 8.2 15 130 M M 7 23 50
22 43 35 39 1 26 0 0.04 0.0 0 9.4 17 160 M M 8 24 180
23 46 40 43 5 22 0 0.05 0.0 0 6.3 13 20 M M 9 1 16 20
24 44 29 37 -1 28 0 0.00 0.0 0 12.5 23 330 M M 6 30 330
25 40 24 32 -6 33 0 0.00 0.0 0 8.2 16 180 M M 1 21 180
26 53 35 44 6 21 0 0.01 0.0 0 7.8 16 200 M M 6 21 210
27 54 37 46 7 19 0 0.55 0.0 0 10.6 20 170 M M 9 128 31 170
28 60 44 52 13 13 0 0.13 0.0 0 13.2 35 300 M M 10 1 55 240
29 43 32 38 -1 27 0 0.00 0.0 0 18.5 37 300 M M 3 51 320
================================================================================
SM 1323 975 729 0 1.88 6.6 303.6 M 155
================================================================================
AV 45.6 33.6 10.5 FASTST M M 5 MAX(MPH)
MISC ----> 37 300 55 240
================================================================================
NOTES:
# LAST OF SEVERAL OCCURRENCES
COLUMN 17 PEAK WIND IN M.P.H.
PRELIMINARY LOCAL CLIMATOLOGICAL DATA (WS FORM: F-6) , PAGE 2
STATION: LAGUARDIA NY
MONTH: FEBRUARY
YEAR: 2024
LATITUDE: 40 46 N
LONGITUDE: 73 54 W
[TEMPERATURE DATA] [PRECIPITATION DATA] SYMBOLS USED IN COLUMN 16
AVERAGE MONTHLY: 39.6 TOTAL FOR MONTH: 1.88 1 = FOG OR MIST
DPTR FM NORMAL: 3.3 DPTR FM NORMAL: -1.05 2 = FOG REDUCING VISIBILITY
HIGHEST: 60 ON 28,10 GRTST 24HR 0.64 ON 12-13 TO 1/4 MILE OR LESS
LOWEST: 24 ON 25 3 = THUNDER
SNOW, ICE PELLETS, HAIL 4 = ICE PELLETS
TOTAL MONTH: 6.6 INCHES 5 = HAIL
GRTST 24HR 3.3 ON 13-13 6 = FREEZING RAIN OR DRIZZLE
GRTST DEPTH: 3 ON 17 7 = DUSTSTORM OR SANDSTORM:
VSBY 1/2 MILE OR LESS
8 = SMOKE OR HAZE
[NO. OF DAYS WITH] [WEATHER - DAYS WITH] 9 = BLOWING SNOW
X = TORNADO
MAX 32 OR BELOW: 0 0.01 INCH OR MORE: 8
MAX 90 OR ABOVE: 0 0.10 INCH OR MORE: 5
MIN 32 OR BELOW: 14 0.50 INCH OR MORE: 2
MIN 0 OR BELOW: 0 1.00 INCH OR MORE: 0
[HDD (BASE 65) ]
TOTAL THIS MO. 729 CLEAR (SCALE 0-3) 9
DPTR FM NORMAL -75 PTCLDY (SCALE 4-7) 10
TOTAL FM JUL 1 2905 CLOUDY (SCALE 8-10) 10
DPTR FM NORMAL -369
[CDD (BASE 65) ]
TOTAL THIS MO. 0
DPTR FM NORMAL 0 [PRESSURE DATA]
TOTAL FM JAN 1 0 HIGHEST SLP M ON M
DPTR FM NORMAL 0 LOWEST SLP 29.44 ON 13
[REMARKS]
#FINAL-02-24#