000
CXUS51 KOKX 010910
CF6LGA
PRELIMINARY LOCAL CLIMATOLOGICAL DATA (WS FORM: F-6)
STATION: LAGUARDIA NY
MONTH: JUNE
YEAR: 2021
LATITUDE: 40 46 N
LONGITUDE: 73 54 W
TEMPERATURE IN F: :PCPN: SNOW: WIND :SUNSHINE: SKY :PK WND
================================================================================
1 2 3 4 5 6A 6B 7 8 9 10 11 12 13 14 15 16 17 18
12Z AVG MX 2MIN
DY MAX MIN AVG DEP HDD CDD WTR SNW DPTH SPD SPD DIR MIN PSBL S-S WX SPD DR
================================================================================
1 79 56 68 -1 0 3 0.00 0.0 0 6.0 18 180 M M 8 23 180
2 76 62 69 0 0 4 0.00 0.0 0 8.2 18 190 M M 8 25 190
3 76 61 69 0 0 4 0.31 0.0 0 6.3 14 140 M M 10 18 16 140
4 80 64 72 2 0 7 0.67 0.0 0 6.5 36 270 M M 8 38 45 270
5 94 66 80 10 0 15 0.00 0.0 0 8.2 20 250 M M 4 26 260
6 95 76 86 16 0 21 0.00 0.0 0 9.5 20 160 M M 3 23 220
7 93 76 85 14 0 20 T 0.0 0 7.9 18 160 M M 5 3 21 170
8 92 72 82 11 0 17 0.47 0.0 0 6.2 25 320 M M 8 13 34 310
9 91 74 83 12 0 18 0.00 0.0 0 4.8 14 200 M M 7 3 17 200
10 81 65 73 1 0 8 0.00 0.0 0 9.9 18 40 M M 5 22 100
11 68 62 65 -7 0 0 T 0.0 0 9.0 16 40 M M 8 18 40
12 71 63 67 -5 0 2 0.00 0.0 0 8.6 15 50 M M 8 18 60
13 77 63 70 -3 0 5 T 0.0 0 7.3 15 160 M M 6 18 190
14 74 66 70 -3 0 5 0.10 0.0 0 9.4 16 170 M M 9 3 23 160
15 83 67 75 2 0 10 T 0.0 0 9.9 24 310 M M 6 30 310
16 77 64 71 -3 0 6 0.00 0.0 0 12.6 22 300 M M 2 27 300
17 79 62 71 -3 0 6 0.00 0.0 0 6.8 15 320 M M 3 20 330
18 86 66 76 2 0 11 0.00 0.0 0 10.4 20 160 M M 5 24 210
19 91 68 80 5 0 15 0.11 0.0 0 9.1 23 310 M M 9 30 300
20 87 69 78 3 0 13 0.00 0.0 0 8.2 18 170 M M 5 23 180
21 87 74 81 6 0 16 0.00 0.0 0 11.9 22 160 M M 8 26 170
22 80 61 71 -5 0 6 0.17 0.0 0 11.5 26 290 M M 9 34 300
23 77 58 68 -8 0 3 0.00 0.0 0 10.3 18 340 M M 4 24 360
24 78 63 71 -5 0 6 0.00 0.0 0 8.5 17 140 M M 4 22 130
25 82 64 73 -3 0 8 0.00 0.0 M 9.4 20 160 M M 8 23 160
26 85 69 77 0 0 12 T 0.0 M 11.5 22 180 M M 8 8 27 180
27 89 74 82 5 0 17 0.00 0.0 0 12.1 18 160 M M 7 24 210
28 96 77 87 10 0 22 0.00 0.0 0 11.5 20 170 M M 6 23 170
29 98 81 90 13 0 25 0.00 0.0 0 10.4 20 210 M M 2 24 160
30 100 73 87 9 0 22 0.61 0.0 0 11.5 25 340 M M 4 38 40 330
================================================================================
SM 2522 2016 0 327 2.44 0.0 273.4 M 187
================================================================================
AV 84.1 67.2 9.1 FASTST M M 6 MAX(MPH)
MISC ----> 36 270 45 270
================================================================================
NOTES:
# LAST OF SEVERAL OCCURRENCES
COLUMN 17 PEAK WIND IN M.P.H.
PRELIMINARY LOCAL CLIMATOLOGICAL DATA (WS FORM: F-6) , PAGE 2
STATION: LAGUARDIA NY
MONTH: JUNE
YEAR: 2021
LATITUDE: 40 46 N
LONGITUDE: 73 54 W
[TEMPERATURE DATA] [PRECIPITATION DATA] SYMBOLS USED IN COLUMN 16
AVERAGE MONTHLY: 75.6 TOTAL FOR MONTH: 2.44 1 = FOG OR MIST
DPTR FM NORMAL: 2.2 DPTR FM NORMAL: -1.59 2 = FOG REDUCING VISIBILITY
HIGHEST: 100 ON 30 GRTST 24HR 0.85 ON 3- 4 TO 1/4 MILE OR LESS
LOWEST: 56 ON 1 3 = THUNDER
SNOW, ICE PELLETS, HAIL 4 = ICE PELLETS
TOTAL MONTH: 0.0 INCH 5 = HAIL
GRTST 24HR 0.0 6 = FREEZING RAIN OR DRIZZLE
GRTST DEPTH: 0 7 = DUSTSTORM OR SANDSTORM:
VSBY 1/2 MILE OR LESS
8 = SMOKE OR HAZE
[NO. OF DAYS WITH] [WEATHER - DAYS WITH] 9 = BLOWING SNOW
X = TORNADO
MAX 32 OR BELOW: 0 0.01 INCH OR MORE: 7
MAX 90 OR ABOVE: 9 0.10 INCH OR MORE: 7
MIN 32 OR BELOW: 0 0.50 INCH OR MORE: 2
MIN 0 OR BELOW: 0 1.00 INCH OR MORE: 0
[HDD (BASE 65) ]
TOTAL THIS MO. 0 CLEAR (SCALE 0-3) 3
DPTR FM NORMAL -10 PTCLDY (SCALE 4-7) 21
TOTAL FM JUL 1 3996 CLOUDY (SCALE 8-10) 6
DPTR FM NORMAL -378
[CDD (BASE 65) ]
TOTAL THIS MO. 327
DPTR FM NORMAL 65 [PRESSURE DATA]
TOTAL FM JAN 1 421 HIGHEST SLP M ON M
DPTR FM NORMAL 76 LOWEST SLP 29.57 ON 21
[REMARKS]
#FINAL-06-21#